{"id":8484,"date":"2021-03-25T20:04:17","date_gmt":"2021-03-25T20:04:17","guid":{"rendered":"https:\/\/english-munich.de\/training\/?page_id=8484"},"modified":"2021-05-05T12:39:18","modified_gmt":"2021-05-05T12:39:18","slug":"bestaetigungsfragen-question-tags-3","status":"publish","type":"page","link":"https:\/\/english-munich.de\/training\/bestaetigungsfragen-question-tags-3\/","title":{"rendered":"Best\u00e4tigungsfragen &#8211; question tags"},"content":{"rendered":"<span><span><a href=\"https:\/\/english-munich.de\/training\/\">Home<\/a><\/span>\r\n<div class=\"jumbotron text-center\">\r\n<h2>Best\u00e4tigungsfragen &#8211; question tags<\/h2>\r\n\u00dcbungen zum Thema Best\u00e4tigungsfragen &#8211; question tags\r\n\r\n<\/div>\r\n<div class=\"bs-example\">\r\n<div class=\"accordion\" id=\"accordionExample\">\r\n<div class=\"card\">\r\n<div class=\"card-header\" id=\"headingOne\">\r\n<h2 class=\"mb-0\" style=\"color:#000\">\r\n                    <button type=\"button\" class=\"btn btn-link collapsed\" data-toggle=\"collapse\" data-target=\"#collapseOne\">Beispiel<\/button><\/h2>\r\n<\/div>\r\n<div id=\"collapseOne\" class=\"collapse\" aria-labelledby=\"headingOne\" data-parent=\"#accordionExample\">\r\n<div class=\"card-body\">\r\n<div class=\"form\">\r\n\r\n<b><span class=\"number\">\u24ff<\/span><\/b>John is a nice guy, <input type=\"text\" class=\"form-control\" id=\"panel-beispiel\" disabled=\"\" value=\"isn't he\"> ? \r\n<br \/>\r\nDie richtige L\u00f6sung ist: <b>isn&#8217;t he<\/b>&nbsp;&nbsp;<button class=\"btn-lg btn-info\" type=\"button\" data-toggle=\"modal\" data-target=\"#myModal\">Tipp<\/button>\r\n\r\n<\/div>\r\n<\/div>\r\n<\/div>\r\n<\/div>\r\n<\/div>\r\n<br \/><br \/>\r\n<div class=\"container well\">\r\n<h4>\u270d\ufe0f F\u00fclle die <b>Best\u00e4tigungsfrage<\/b> in der richtigen Form in die L\u00fccken. Denke daran stets die Kurzform zu verwenden. (z.B. is not \u2794 isn&#8217;t):<\/h4>\r\n\r\n<hr>\r\n\r\n<div class=\"container\">\r\n<b><span class=\"number\">\u2776<\/span><\/b>Johnny drinks too much beer, <input type=\"text\" class=\"form-control\" id=\"q0\" autocomplete=\"off\"> ?\r\n<div class=\"row\">\r\n<div>\r\n<p id=\"correct0\" align=\"left\"><\/p>\r\n<\/div>\r\n<div>\r\n<a button=\"\" class=\"btn btn-success tipp0 hidden\" href=\"#1\" title=\"..., doesn't he?\" data-toggle=\"popover\" data-placement=\"top\" data-trigger=\"hover\" style=\"text-decoration: none; color:white;\" data-content=\"Johnny ist 'he', der Aussagesatz ist bejaht, deswegen muss die Best\u00e4tigungsfrage in der verneinten Form gestellt werden \u2794 'doesn't he?'\">Tipp<\/a><\/div>\r\n<\/div>\r\n<b><span class=\"number\">\u2777<\/span><\/b>Let&#8217;s to for a ride,  <input type=\"text\" class=\"form-control\" id=\"q1\" autocomplete=\"off\"> ?\r\n<div class=\"row\">\r\n<div>\r\n<p id=\"correct1\" align=\"left\"><\/p>\r\n\r\n<\/div>\r\n<div>\r\n<a button=\"\" class=\"btn btn-success tipp1 hidden\" href=\"#2\" title=\"..., shall we?\" data-toggle=\"popover\" data-placement=\"top\" data-trigger=\"hover\" style=\"text-decoration: none; color:white;\" data-content=\"Die Best\u00e4tigunsfrage zu 'let's' ist 'shall we?'.\">Tipp<\/a><\/div>\r\n<\/div>\r\n<b><span class=\"number\">\u2778<\/span><\/b>Sarah has no money, <input type=\"text\" class=\"form-control\" id=\"q2\" autocomplete=\"off\"> ?\r\n<div class=\"row\">\r\n<div>\r\n<p id=\"correct2\" align=\"left\"><\/p>\r\n\r\n<\/div>\r\n<div>\r\n<a button=\"\" class=\"btn btn-success tipp2 hidden\" align=\"left\" aria-hidden=\"true\" href=\"#3\" title=\"..., has she?\" data-toggle=\"popover\" data-placement=\"top\" data-trigger=\"hover\" style=\"text-decoration: none, color:white\" data-content=\"Der Satz, auf den sich die Best\u00e4tigungsfrage bezieht ist verneint. Deswegen muss die Best\u00e4tigungsfrage bejaht sein \u2794 'has she?'\">Tipp<\/a><\/div>\r\n<\/div>\r\n<span class=\"number\">\u2779<\/span>You wouldn&#8217;t know where the keys are,  <input type=\"text\" class=\"form-control\" id=\"q3\" autocomplete=\"off\"> ?\r\n<div class=\"row\">\r\n<div>\r\n<p id=\"correct3\" align=\"left\"><\/p>\r\n\r\n<\/div>\r\n<div>\r\n<a button=\"\" class=\"btn btn-success tipp3 hidden\" aria-hidden=\"true\" href=\"#4\" title=\"..., would you?\" data-toggle=\"popover\" data-placement=\"top\" data-trigger=\"hover\" style=\"text-decoration: none, color:white\" data-content=\"Der Satz, auf den sich die Best\u00e4tigungsfrage bezieht ist verneint. Deswegen muss die Best\u00e4tigungsfrage bejaht sein \u2794 'would you?'\">Tipp<\/a><\/div>\r\n<\/div>\r\n<b><span class=\"number\">\u277a<\/span><\/b>Give me the pen,  <input type=\"text\" class=\"form-control\" id=\"q4\" autocomplete=\"off\"> ?\r\n<div class=\"row\">\r\n<div>\r\n<p id=\"correct4\" align=\"left\"><\/p>\r\n\r\n<\/div>\r\n<div>\r\n<a button=\"\" class=\"btn btn-success tipp4 hidden\" aria-hidden=\"true\" href=\"#5\" title=\"..., will you?\" data-toggle=\"popover\" data-placement=\"top\" data-trigger=\"hover\" style=\"text-decoration: none, color:white\" data-content=\"Die Best\u00e4tigungsfrage in Bezug auf einen freundlichen Befehl ist  \u2794 'will you?'\">Tipp<\/a><\/div>\r\n<\/div>\r\n<b><span class=\"number\">\u277b<\/span><\/b>He wasn&#8217;t interested in the topic, <input type=\"text\" class=\"form-control\" id=\"q5\" autocomplete=\"off\"> ?\r\n<div class=\"row\">\r\n<div>\r\n<p id=\"correct5\" align=\"left\"><\/p>\r\n\r\n<\/div>\r\n<div>\r\n<a button=\"\" class=\"btn btn-success tipp5 hidden\" aria-hidden=\"true\" href=\"#6\" title=\"..., was he?\" data-toggle=\"popover\" data-placement=\"top\" data-trigger=\"hover\" style=\"text-decoration: none, color:white\" data-content=\"Der Satz auf den sich die Best\u00e4tigungsfrage bezieht ist negativ, deswegen muss das question tag bejaht sein \u2794 'was she?'\">Tipp<\/a><\/div>\r\n<\/div>\r\n<b><span class=\"number\">\u277c<\/span><\/b>He won&#8217;t be coming,  <input type=\"text\" class=\"form-control\" id=\"q6\" autocomplete=\"off\"> ?\r\n<div class=\"row\">\r\n<div>\r\n<p id=\"correct6\" align=\"left\"><\/p>\r\n\r\n<\/div>\r\n<div>\r\n<a button=\"\" class=\"btn btn-success tipp6 hidden\" aria-hidden=\"true\" href=\"#7\" title=\"..., will he?\" data-toggle=\"popover\" data-placement=\"top\" data-trigger=\"hover\" style=\"text-decoration: none, color:white\" data-content=\"Der Satz auf den sich die Best\u00e4tigungsfrage bezieht ist negativ, deswegen muss das question tag bejaht \u2794 'will he?'\">Tipp<\/a><\/div>\r\n<\/div>\r\n<b><span class=\"number\">\u277d<\/span><\/b>Get out,  <input type=\"text\" class=\"form-control\" id=\"q7\" autocomplete=\"off\"> ?\r\n<div class=\"row\">\r\n<div>\r\n<p id=\"correct7\" align=\"left\"><\/p>\r\n\r\n<\/div>\r\n<div>\r\n<a button=\"\" class=\"btn btn-success tipp7 hidden\" href=\"#8\" title=\"..., won't you?\" data-toggle=\"popover\" data-placement=\"top\" data-trigger=\"hover\" style=\"text-decoration: none, color:white\" data-content=\"bei einem unfreundlichen Befehl ist das question tag \u2794 'won't you?'.\">Tipp<\/a><\/div>\r\n<\/div>\r\n<b><span class=\"number\">\u277e<\/span><\/b>This is the best you can do,  <input type=\"text\" class=\"form-control\" id=\"q8\" autocomplete=\"off\"> ?\r\n<div class=\"row\">\r\n<div>\r\n<p id=\"correct8\" align=\"left\"><\/p>\r\n\r\n<\/div>\r\n<div>\r\n<a button=\"\" class=\"btn btn-success tipp8 hidden\" href=\"#9\" title=\"..., is it?\" data-toggle=\"popover\" data-placement=\"top\" data-trigger=\"hover\" style=\"text-decoration: none, color:white\" data-content=\"Die Best\u00e4tigungsfrage ist bei diesem Beispiel ironisch, deswegen wird der Sinn des Bezugssatzes nicht umgekehrt \u2794 '..., is it?'\">Tipp<\/a><\/div>\r\n<\/div>\r\n<b><span class=\"number\">\u277f<\/span><\/b>Karen hasn&#8217;t given up, <input type=\"text\" class=\"form-control\" id=\"q9\" autocomplete=\"off\"> ?\r\n<div class=\"row\">\r\n<div>\r\n<p id=\"correct9\" align=\"left\"><\/p>\r\n\r\n<\/div>\r\n<div>\r\n<a button=\"\" class=\"btn btn-success tipp9 hidden\" href=\"#10\" title=\"..., has she?\" data-toggle=\"popover\" data-placement=\"top\" data-trigger=\"hover\" style=\"text-decoration: none, color:white\" data-content=\"Der Satz auf den sich die Best\u00e4tigungsfrage bezieht ist negativ, deswegen muss das question tag bejaht sein \u2794 '...has she?'\">Tipp<\/a><\/div>\r\n<\/div>\r\n<!-- The Modal -->\r\n<div id=\"myModal\" class=\"modal\">\r\n<div class=\"modal-dialog\">\r\n<div class=\"modal-content\">\r\n\r\n<!-- Modal Header -->\r\n<div class=\"modal-header\">\r\n<h4 class=\"modal-title\">Best\u00e4tigungsfragen &#8211; question tags<\/h4>\r\n<button class=\"close\" type=\"button\" data-dismiss=\"modal\">\u00d7<\/button>\r\n\r\n<\/div>\r\n<!-- Modal body -->\r\n<div class=\"modal-body\">Best\u00e4tignungsfragen werden im Englischen dazu verwendet, seinen Gespr\u00e4chspartner dazu aufzufordern, einen Kommentar zum Gesagten abzugeben. \r\nDies ist f\u00fcr Englisch lernende Deutsche oft ein kleines Problem, weil im Deutschen einfach <b class=\"text-danger\">&#8217;nicht wahr&#8216;<\/b> an den Satz angeh\u00e4ngt wird.\r\nDie englische Sprache unterscheidet hier genauer. Je nachdem, ob ein <b class=\"text-danger\">verneinter<\/b> oder <b class=\"text-danger\">bejahter<\/b> Satz vorliegt muss, die Best\u00e4tigungsfrage im umgekehrten Sinn gestellt werden. Das &#8218;question tag&#8216; orientiert sich hierbei in <b class=\"text-danger\">Zahl, Tempus und Person<\/b> am Hauptsatz:\r\nzum Beispiel:\r\nYou <b class=\"text-danger\">like<\/b> football, <b class=\"text-danger\">don&#8217;t<\/b> you?\r\nYou <b class=\"text-danger\">don&#8217;t<\/b> live live in Munich, <b class=\"text-danger\">do<\/b> you?\r\n<table class=\"table table-bordered table-sm table-hover\">\r\n<thead>\r\n<tr class=\"table-danger\">\r\n<th>Bes\u00e4tigungsfragen &#8211; question tags<\/th>\r\n<\/tr>\r\n<\/thead>\r\n<tbody>\r\n<tr class=\"table-success\">\r\n<td><b>simple present<\/b><\/td>\r\n<\/tr>\r\n<tr class=\"table-primary\">\r\n<td><b>You like cookies, don&#8217;t you?<\/b><\/td>\r\n<\/tr>\r\n<tr class=\"table-info\">\r\n<td><b>You don&#8217;t like monkeys, do you?<\/b><\/td>\r\n<\/tr>\r\n<tr class=\"table-success\">\r\n<td><b>present progressive<\/b><\/td>\r\n<\/tr>\r\n<tr class=\"table-primary\">\r\n<td><b>He is playing football, isn&#8217;t he?<\/b><\/td>\r\n<\/tr>\r\n<tr class=\"table-info\">\r\n<td><b>They aren&#8217;t eating all the cookies, are they?<\/b><\/td>\r\n<\/tr>\r\n<tr class=\"table-success\">\r\n<td><b>simple past<\/b><\/td>\r\n<\/tr>\r\n<tr class=\"table-primary\">\r\n<td><b>He drank all the beer, didn&#8217;t he?<\/b><\/td>\r\n<\/tr>\r\n<tr class=\"table-info\">\r\n<td><b>You didn&#8217;t lose you keys again, did you?<\/b><\/td>\r\n<\/tr>\r\n<tr class=\"table-success\">\r\n<td><b>present perfect<\/b><\/td>\r\n<\/tr>\r\n<tr class=\"table-primary\">\r\n<td><b>He has worked hard, hasn&#8217;t he?<\/b><\/td>\r\n<\/tr>\r\n<tr class=\"table-info\">\r\n<td><b>She hasn&#8217;t lost her looks, has she?<\/b><\/td>\r\n<\/tr>\r\n<tr class=\"table-success\">\r\n<td><b>will future<\/b><\/td>\r\n<\/tr>\r\n<tr class=\"table-primary\">\r\n<td><b>We will surely win, won&#8217;t we?<\/b><\/td>\r\n<\/tr>\r\n<tr class=\"table-info\">\r\n<td><b>She won&#8217;t to to her mother&#8217;s, will she?<\/b><\/td>\r\n<\/tr>\r\n<tr class=\"table-success\">\r\n<td><b>Konditional I<\/b><\/td>\r\n<\/tr>\r\n<tr class=\"table-primary\">\r\n<td><b>You would tell me about this problem, wouldn&#8217;t you?<\/b><\/td>\r\n<\/tr>\r\n<tr class=\"table-info\">\r\n<td><b>You wouldn&#8217;t know where she is, would you?<\/b><\/td>\r\n<\/tr>\r\n<tr class=\"table-success\">\r\n<td><b>Konditional II<\/b><\/td>\r\n<\/tr>\r\n<tr class=\"table-primary\">\r\n<td><b>We had surely won, hadn&#8217;t we?<\/b><\/td>\r\n<\/tr>\r\n<tr class=\"table-info\">\r\n<td><b>She hadn&#8217;t left town, had she?<\/b><\/td>\r\n<\/tr>\r\n<tr class=\"table-success\">\r\n<td><b>Aufforderungen<\/b><\/td>\r\n<\/tr>\r\n<tr class=\"table-primary\">\r\n<td><b>Close the window, will you?<\/b><\/td>\r\n<\/tr>\r\n<tr class=\"table-info\">\r\n<td><b>Shut the door, won&#8217;t you?<\/b><\/td>\r\n<\/tr>\r\n<tr class=\"table-success\">\r\n<td><b>ironische Aussagen<\/b><\/td>\r\n<\/tr>\r\n<tr class=\"table-primary\">\r\n<td><b>Fast food is healthy, is it?<\/b><\/td>\r\n<\/tr>\r\n<tr class=\"table-info\">\r\n<td><b>You don&#8217;t like Spain, don&#8217;t you?<\/b><\/td>\r\n<\/tr>\r\n\r\n\r\n<\/tbody>\r\n<\/table><\/div>\r\n<!-- Modal footer -->\r\n<div class=\"modal-footer\"><button class=\"btn btn-danger\" type=\"button\" data-dismiss=\"modal\">Close<\/button><\/div>\r\n<\/div>\r\n<\/div>\r\n<\/div>\r\n<\/div>\r\n<\/div>\r\n<div class=\"container\">\r\n\r\n<hr>\r\n\r\n<button id=\"submitButton\" class=\"btn-lg btn-primary \" type=\"submit\" value=\"submit\">Pr\u00fcfen<\/button><button id=\"resetButton\" class=\"btn-lg btn-success\" type=\"submit\" onclick=\"refreshPage()\">Neustart<\/button><button id=\"submitButton\" class=\"btn-lg btn-info\" type=\"button\" value=\"submit\" data-toggle=\"modal\" data-target=\"#myModal\">Tipp<\/button>\r\n\r\n<hr>\r\n\r\n\r\n<p id=\"result\"><\/p>\r\n<p id=\"result2\"><\/p>\r\n<b><\/b>\r\n<h3> Alle \u00dcbungen zum Thema Best\u00e4tigungsfragen &#8211; question tags:<\/h3>\r\n<hr>\r\n<div id=\"bellows-main-68\" class=\"bellows bellows-nojs bellows-main bellows-source-menu bellows-align-full bellows-skin-vanilla bellows-type-\"><ul id=\"menu-bestaetigungsfragen\" class=\"bellows-nav\" data-bellows-config=\"main\"><li id=\"menu-item-8455\" class=\"bellows-menu-item bellows-menu-item-type-post_type bellows-menu-item-object-page bellows-menu-item-8455 bellows-item-level-0\"><a  href=\"https:\/\/english-munich.de\/training\/bestaetigungsfragen-question-tags\/\" class=\"bellows-target\"><span class=\"bellows-target-title bellows-target-text\">\u2611\ufe0f Best\u00e4tigungsfragen \u2013 question tags<\/span><\/a><\/li>\n<li id=\"menu-item-8454\" class=\"bellows-menu-item bellows-menu-item-type-post_type bellows-menu-item-object-page bellows-menu-item-8454 bellows-item-level-0\"><a  href=\"https:\/\/english-munich.de\/training\/bestaetigungsfragen\/\" class=\"bellows-target\"><span class=\"bellows-target-title bellows-target-text\">\ud83d\uddb1\ufe0fBest\u00e4tigungsfragen \u2013 question tags<\/span><\/a><\/li>\n<li id=\"menu-item-8503\" class=\"bellows-menu-item bellows-menu-item-type-post_type bellows-menu-item-object-page bellows-menu-item-8503 bellows-item-level-0\"><a  href=\"https:\/\/english-munich.de\/training\/bestaetigungsfragen-question-tags-3\/\" class=\"bellows-target\"><span class=\"bellows-target-title bellows-target-text\">\u270d\ufe0fBest\u00e4tigungsfragen \u2013 question tags<\/span><\/a><\/li>\n<\/ul><\/div>\r\n<\/div>\r\n<\/div>","protected":false},"excerpt":{"rendered":"Best\u00e4tigungsfragen &#8211; question tags \u00dcbungen zum Thema Best\u00e4tigungsfragen &#8211; question tags Beispiel \u24ffJohn is a nice guy, ? Die richtige L\u00f6sung ist: isn&#8217;t he&nbsp;&nbsp;Tipp \u270d\ufe0f F\u00fclle die Best\u00e4tigungsfrage in der richtigen Form in die L\u00fccken. Denke daran stets die Kurzform zu verwenden. (z.B. is not \u2794 isn&#8217;t): \u2776Johnny drinks too much beer, ? Tipp \u2777Let&#8217;s [&hellip;]","protected":false},"author":3,"featured_media":0,"parent":0,"menu_order":0,"comment_status":"closed","ping_status":"closed","template":"","meta":[],"_links":{"self":[{"href":"https:\/\/english-munich.de\/training\/wp-json\/wp\/v2\/pages\/8484"}],"collection":[{"href":"https:\/\/english-munich.de\/training\/wp-json\/wp\/v2\/pages"}],"about":[{"href":"https:\/\/english-munich.de\/training\/wp-json\/wp\/v2\/types\/page"}],"author":[{"embeddable":true,"href":"https:\/\/english-munich.de\/training\/wp-json\/wp\/v2\/users\/3"}],"replies":[{"embeddable":true,"href":"https:\/\/english-munich.de\/training\/wp-json\/wp\/v2\/comments?post=8484"}],"version-history":[{"count":12,"href":"https:\/\/english-munich.de\/training\/wp-json\/wp\/v2\/pages\/8484\/revisions"}],"predecessor-version":[{"id":9727,"href":"https:\/\/english-munich.de\/training\/wp-json\/wp\/v2\/pages\/8484\/revisions\/9727"}],"wp:attachment":[{"href":"https:\/\/english-munich.de\/training\/wp-json\/wp\/v2\/media?parent=8484"}],"curies":[{"name":"wp","href":"https:\/\/api.w.org\/{rel}","templated":true}]}}