{"id":8456,"date":"2021-03-25T08:53:10","date_gmt":"2021-03-25T08:53:10","guid":{"rendered":"https:\/\/english-munich.de\/training\/?page_id=8456"},"modified":"2022-06-16T09:15:08","modified_gmt":"2022-06-16T09:15:08","slug":"bestaetigungsfragen-question-tags-2","status":"publish","type":"page","link":"https:\/\/english-munich.de\/training\/bestaetigungsfragen-question-tags-2\/","title":{"rendered":"Best\u00e4tigungsfragen question tags"},"content":{"rendered":"<div class=\"container well\">\r\n<h2>Best\u00e4tigungsfragen question tags &#8211; Aufgaben und Erkl\u00e4rungen<\/h2>\r\n<hr>\r\n<h3>Best\u00e4tigungsfragen Aufgaben<\/h3>\r\n<div id=\"bellows-main-68\" class=\"bellows bellows-nojs bellows-main bellows-source-menu bellows-align-full bellows-skin-vanilla bellows-type-\"><ul id=\"menu-bestaetigungsfragen\" class=\"bellows-nav\" data-bellows-config=\"main\"><li id=\"menu-item-8455\" class=\"bellows-menu-item bellows-menu-item-type-post_type bellows-menu-item-object-page bellows-menu-item-8455 bellows-item-level-0\"><a  href=\"https:\/\/english-munich.de\/training\/bestaetigungsfragen-question-tags\/\" class=\"bellows-target\"><span class=\"bellows-target-title bellows-target-text\">\u2611\ufe0f Best\u00e4tigungsfragen \u2013 question tags<\/span><\/a><\/li>\n<li id=\"menu-item-8454\" class=\"bellows-menu-item bellows-menu-item-type-post_type bellows-menu-item-object-page bellows-menu-item-8454 bellows-item-level-0\"><a  href=\"https:\/\/english-munich.de\/training\/bestaetigungsfragen\/\" class=\"bellows-target\"><span class=\"bellows-target-title bellows-target-text\">\ud83d\uddb1\ufe0fBest\u00e4tigungsfragen \u2013 question tags<\/span><\/a><\/li>\n<li id=\"menu-item-8503\" class=\"bellows-menu-item bellows-menu-item-type-post_type bellows-menu-item-object-page bellows-menu-item-8503 bellows-item-level-0\"><a  href=\"https:\/\/english-munich.de\/training\/bestaetigungsfragen-question-tags-3\/\" class=\"bellows-target\"><span class=\"bellows-target-title bellows-target-text\">\u270d\ufe0fBest\u00e4tigungsfragen \u2013 question tags<\/span><\/a><\/li>\n<\/ul><\/div>\r\n<h3>Best\u00e4tigungsfragen question tags Erkl\u00e4rungen<\/h3>\r\nBest\u00e4tigungsfragen werden im Englischen dazu verwendet, seinen Gespr\u00e4chspartner dazu aufzufordern, einen Kommentar zum Gesagten abzugeben. \r\nDies ist f\u00fcr Englisch lernende Deutsche oft ein kleines Problem, weil im Deutschen einfach <b class=\"text-danger\">&#8217;nicht wahr&#8216;<\/b> an den Satz angeh\u00e4ngt wird.\r\nDie englische Sprache unterscheidet hier genauer. Je nachdem, ob ein <b class=\"text-danger\">verneinter<\/b> oder <b class=\"text-danger\">bejahter<\/b> Satz vorliegt muss, die Best\u00e4tigungsfrage im umgekehrten Sinn gestellt werden. Das &#8218;question tag&#8216; orientiert sich hierbei in <b class=\"text-danger\">Zahl, Tempus und Person<\/b> am Hauptsatz:\r\nzum Beispiel:\r\nYou <b class=\"text-danger\">like<\/b> football, <b class=\"text-danger\">don&#8217;t<\/b> you?\r\nYou <b class=\"text-danger\">don&#8217;t<\/b> live live in Munich, <b class=\"text-danger\">do<\/b> you?\r\n<div class=\"iframe-container\">\r\n<iframe loading=\"lazy\" width=\"560\" height=\"315\" src=\"https:\/\/www.youtube.com\/embed\/bsI9MTvTyA8\" frameborder=\"0\" allow=\"accelerometer; autoplay; clipboard-write; encrypted-media; gyroscope; picture-in-picture\" allowfullscreen><\/iframe><\/div>\r\n<h3>Ausnahmen<\/h3>\r\nJedoch lassen sich diese Regeln nicht immer anwenden. Question tags k\u00f6nnen auch ironisch angewendet werden:\r\n<b>zum Beispiel:<\/b>\r\nThis is all you can do, can you? \r\nIn diesem Satz wird nicht wirklich die F\u00e4higkeit etwas zu tun angezweifelt. Sondern <b class=\"text-danger\">ironisch<\/b> darauf angespielt, dass hier weit mehr m\u00f6glich w\u00e4re. Aus diesem Grund wird hier die <b class=\"text-danger\">positive<\/b> Bedeutungsintention des Aussagesatzes in der Best\u00e4tigungsfrage <b class=\"text-danger\">nicht<\/b> umgedreht.\r\n\r\nIs Dir das alles zu kompliziert? Kein Problem. Du kannst statt der Best\u00e4tigungsfrage einfach <b class=\"text-danger\">&#8222;right&#8220;<\/b> an den Satz anf\u00fcgen. Dies ist besonders in der <b class=\"text-danger\">USA<\/b> \u00fcblich. Aber wahrscheinlich wird da Dein <a href=\"https:\/\/de.wikipedia.org\/wiki\/Lehrer\">Lehrer<\/a> nicht mitspielen.\r\n<table class=\"table table-bordered table-sm table-hover\">\r\n<thead>\r\n<tr class=\"table-danger\">\r\n<th>Bes\u00e4tigungsfragen &#8211; question tags<\/th>\r\n<\/tr>\r\n<\/thead>\r\n<tbody>\r\n<tr class=\"table-success\">\r\n<td><b>simple present<\/b><\/td>\r\n<\/tr>\r\n<tr class=\"table-primary\">\r\n<td><b>You like cookies, don&#8217;t you?<\/b><\/td>\r\n<\/tr>\r\n<tr class=\"table-info\">\r\n<td><b>You don&#8217;t like monkeys, do you?<\/b><\/td>\r\n<\/tr>\r\n<tr class=\"table-success\">\r\n<td><b>present progressive<\/b><\/td>\r\n<\/tr>\r\n<tr class=\"table-primary\">\r\n<td><b>He is playing football, isn&#8217;t he?<\/b><\/td>\r\n<\/tr>\r\n<tr class=\"table-info\">\r\n<td><b>They aren&#8217;t eating all the cookies, are they?<\/b><\/td>\r\n<\/tr>\r\n<tr class=\"table-success\">\r\n<td><b>simple past<\/b><\/td>\r\n<\/tr>\r\n<tr class=\"table-primary\">\r\n<td><b>He drank all the beer, didn&#8217;t he?<\/b><\/td>\r\n<\/tr>\r\n<tr class=\"table-info\">\r\n<td><b>You didn&#8217;t lose you keys again, did you?<\/b><\/td>\r\n<\/tr>\r\n<tr class=\"table-success\">\r\n<td><b>present perfect<\/b><\/td>\r\n<\/tr>\r\n<tr class=\"table-primary\">\r\n<td><b>He has worked hard, hasn&#8217;t he?<\/b><\/td>\r\n<\/tr>\r\n<tr class=\"table-info\">\r\n<td><b>She hasn&#8217;t lost her looks, has she?<\/b><\/td>\r\n<\/tr>\r\n<tr class=\"table-success\">\r\n<td><b>will future<\/b><\/td>\r\n<\/tr>\r\n<tr class=\"table-primary\">\r\n<td><b>We will surely win, won&#8217;t we?<\/b><\/td>\r\n<\/tr>\r\n<tr class=\"table-info\">\r\n<td><b>She won&#8217;t to to her mother&#8217;s, will she?<\/b><\/td>\r\n<\/tr>\r\n<tr class=\"table-success\">\r\n<td><b>Konditional I<\/b><\/td>\r\n<\/tr>\r\n<tr class=\"table-primary\">\r\n<td><b>You would tell me about this problem, wouldn&#8217;t you?<\/b><\/td>\r\n<\/tr>\r\n<tr class=\"table-info\">\r\n<td><b>You wouldn&#8217;t know where she is, would you?<\/b><\/td>\r\n<\/tr>\r\n<tr class=\"table-success\">\r\n<td><b>Konditional II<\/b><\/td>\r\n<\/tr>\r\n<tr class=\"table-primary\">\r\n<td><b>We had surely won, hadn&#8217;t we?<\/b><\/td>\r\n<\/tr>\r\n<tr class=\"table-info\">\r\n<td><b>She hadn&#8217;t left town, had she?<\/b><\/td>\r\n<\/tr>\r\n<tr class=\"table-success\">\r\n<td><b>Aufforderungen<\/b><\/td>\r\n<\/tr>\r\n<tr class=\"table-primary\">\r\n<td><b>Close the window, will you?<\/b><\/td>\r\n<\/tr>\r\n<tr class=\"table-info\">\r\n<td><b>Shut the door, won&#8217;t you?<\/b><\/td>\r\n<\/tr>\r\n<tr class=\"table-success\">\r\n<td><b>ironische Aussagen<\/b><\/td>\r\n<\/tr>\r\n<tr class=\"table-primary\">\r\n<td><b>Fast food is healthy, is it?<\/b><\/td>\r\n<\/tr>\r\n<tr class=\"table-info\">\r\n<td><b>You don&#8217;t like Spain, don&#8217;t you?<\/b><\/td>\r\n<\/tr>\r\n\r\n\r\n<\/tbody>\r\n<\/table>\r\n\r\n<\/div>","protected":false},"excerpt":{"rendered":"Best\u00e4tigungsfragen question tags &#8211; Aufgaben und Erkl\u00e4rungen Best\u00e4tigungsfragen Aufgaben Best\u00e4tigungsfragen question tags Erkl\u00e4rungen Best\u00e4tigungsfragen werden im Englischen dazu verwendet, seinen Gespr\u00e4chspartner dazu aufzufordern, einen Kommentar zum Gesagten abzugeben. Dies ist f\u00fcr Englisch lernende Deutsche oft ein kleines Problem, weil im Deutschen einfach &#8217;nicht wahr&#8216; an den Satz angeh\u00e4ngt wird. Die englische Sprache unterscheidet hier genauer. [&hellip;]","protected":false},"author":3,"featured_media":0,"parent":0,"menu_order":0,"comment_status":"closed","ping_status":"closed","template":"","meta":[],"_links":{"self":[{"href":"https:\/\/english-munich.de\/training\/wp-json\/wp\/v2\/pages\/8456"}],"collection":[{"href":"https:\/\/english-munich.de\/training\/wp-json\/wp\/v2\/pages"}],"about":[{"href":"https:\/\/english-munich.de\/training\/wp-json\/wp\/v2\/types\/page"}],"author":[{"embeddable":true,"href":"https:\/\/english-munich.de\/training\/wp-json\/wp\/v2\/users\/3"}],"replies":[{"embeddable":true,"href":"https:\/\/english-munich.de\/training\/wp-json\/wp\/v2\/comments?post=8456"}],"version-history":[{"count":8,"href":"https:\/\/english-munich.de\/training\/wp-json\/wp\/v2\/pages\/8456\/revisions"}],"predecessor-version":[{"id":11696,"href":"https:\/\/english-munich.de\/training\/wp-json\/wp\/v2\/pages\/8456\/revisions\/11696"}],"wp:attachment":[{"href":"https:\/\/english-munich.de\/training\/wp-json\/wp\/v2\/media?parent=8456"}],"curies":[{"name":"wp","href":"https:\/\/api.w.org\/{rel}","templated":true}]}}