{"id":8345,"date":"2021-03-22T16:27:49","date_gmt":"2021-03-22T16:27:49","guid":{"rendered":"https:\/\/english-munich.de\/training\/?page_id=8345"},"modified":"2021-03-26T11:29:52","modified_gmt":"2021-03-26T11:29:52","slug":"bilderraetsel-badezimmer-englisch","status":"publish","type":"page","link":"https:\/\/english-munich.de\/training\/bilderraetsel-badezimmer-englisch\/","title":{"rendered":"Bilderr\u00e4tsel &#8211; Badezimmer &#8211; Englisch"},"content":{"rendered":"<div class=\"jumbotron text-center\">\r\n<h2>Bilderr\u00e4tsel Englisch Badezimmer<\/h2>\r\nBilder Englisch Badezimmer\r\n\r\n<\/div>\r\n<div class=\"container\">\r\n<img decoding=\"async\" src=\"https:\/\/english-munich.de\/training\/wp-content\/uploads\/2021\/03\/bathroom-Bilderraetsel-Englisch.png\" alt=\"Bilderr\u00e4tsel_Badezimmer-Englisch\">\r\n<\/div>\r\n<br \/>\r\n<div class=\"container well\">\r\n<h4>\u2611\ufe0f W\u00e4hle die richtige Option, entsprechend der Nummer, um das <b>englische Wort<\/b> im Bild zu finden:<\/h4>\r\n\r\n\r\n<hr>\r\n\r\n<br \/>\r\n<div class=\"container-fluid\">\r\n<div class=\"form-group\"><div class=\"row\"><div><label for=\"sel1\"><span class=\"number\">\u2776<\/span> <\/div>&nbsp;&nbsp; <div> <select id=\"q0\" class=\"form-control\">\r\n<option value=\"correct\"><\/option>\r\n<option value=\"wrong\">electric toothbrush<\/option>\r\n<option value=\"wrong\">wash basin<\/option>\r\n<option value=\"wrong\">toilet<\/option>\r\n<option value=\"wrong\">shower<\/option>\r\n<option value=\"wrong\">toilet paper<\/option>\r\n<option value=\"wrong\">toilet brush<\/option>\r\n<option value=\"wrong\">mirror<\/option>\r\n<option value=\"wrong\">cistern<\/option>\r\n<option value=\"correct\">faucet<\/option>\r\n<option value=\"wrong\">drawer<\/option>\r\n<\/select><\/label><\/div><\/div>\r\n\r\n<p id=\"correct0\" align=\"left\"><\/p>\r\n<a class=\"btn btn-success tipp0 hidden\" style=\"text-decoration: none, color:white;\" title=\"faucet - Wasserhahn\" href=\"#0\" data-toggle=\"popover\" data-placement=\"top\" data-trigger=\"hover\" data-content=\"das englische Wort (US) f\u00fcr Wasserhahn \u2794  'faucet'; im Vereinigten K\u00f6nigreich von Gro\u00dfbritannien und Nordirland (UK) ist eher das Wort 'water tap' gebr\u00e4uchlich.\">Tipp<\/a>\r\n<\/div>\r\n<div class=\"form-group\"><div class=\"row\"><div><label for=\"sel1\"><span class=\"number\">\u2777<\/span> <\/div>&nbsp;&nbsp; <div><select id=\"q1\" class=\"form-control\">\r\n<option value=\"wrong\"><\/option>\r\n<option value=\"correct\">electric toothbrush<\/option>\r\n<option value=\"wrong\">sink<\/option>\r\n<option value=\"wrong\">toilet<\/option>\r\n<option value=\"wrong\">wash basin<\/option>\r\n<option value=\"wrong\">shower<\/option>\r\n<option value=\"wrong\">toilet paper<\/option>\r\n<option value=\"wrong\">toilet brush<\/option>\r\n<option value=\"wrong\">mirror<\/option>\r\n<option value=\"wrong\">cistern<\/option>\r\n<option value=\"wrong\">faucet<\/option>\r\n<option value=\"wrong\">drawer<\/option>\r\n<\/select><\/label><\/div><\/div>\r\n<p id=\"correct1\" align=\"left\"><\/p>\r\n<a class=\"btn btn-success tipp1 hidden\" style=\"text-decoration: none, color:white;\" title=\"electric toothbrush - elektrische Zahnb\u00fcrste\" href=\"#1\" data-toggle=\"popover\" data-placement=\"top\" data-trigger=\"hover\" data-content=\"'elektrische Zahnb\u00fcrste' auf Englisch \u2794  'electric toothbrush'\">Tipp<\/a>\r\n<\/div>\r\n<div class=\"form-group\"><div class=\"row\"><div><label for=\"sel1\"><span class=\"number\">\u2778<\/span>  \r\n<\/div>&nbsp;&nbsp; <div><select id=\"q2\" class=\"form-control\">\r\n<option value=\"wrong\"><\/option>\r\n<option value=\"wrong\">electric toothbrush<\/option>\r\n<option value=\"correct\">wash basin<\/option>\r\n<option value=\"wrong\">toilet<\/option>\r\n<option value=\"wrong\">sink<\/option>\r\n<option value=\"wrong\">shower<\/option>\r\n<option value=\"wrong\">toilet paper<\/option>\r\n<option value=\"wrong\">toilet brush<\/option>\r\n<option value=\"wrong\">mirror<\/option>\r\n<option value=\"wrong\">cistern<\/option>\r\n<option value=\"wrong\">faucet<\/option>\r\n<option value=\"wrong\">drawer<\/option>\r\n<\/select><\/label><\/div><\/div>\r\n\r\n<p id=\"correct2\" align=\"left\"><\/p>\r\n<a class=\"btn btn-success tipp2 hidden\" style=\"text-decoration: none, color:white;\" title=\"wash basin - Waschbecken\" href=\"#2\" data-toggle=\"popover\" data-placement=\"top\" data-trigger=\"hover\" data-content=\"  Das englische Wort f\u00fcr 'Waschbecken' \u2794 'wash basin' \">Tipp<\/a>\r\n<\/div>\r\n<div class=\"form-group\"><div class=\"row\"><div><label for=\"sel1\"><span class=\"number\">\u2779<\/span> <\/div>&nbsp;&nbsp; <div><select id=\"q3\" class=\"form-control\">\r\n<option value=\"wrong\"><\/option>\r\n<option value=\"wrong\">electric toothbrush<\/option>\r\n<option value=\"wrong\">wash basin<\/option>\r\n<option value=\"wrong\">toilet<\/option>\r\n<option value=\"wrong\">sink<\/option>\r\n<option value=\"wrong\">shower<\/option>\r\n<option value=\"wrong\">toilet paper<\/option>\r\n<option value=\"wrong\">toilet brush<\/option>\r\n<option value=\"correct\">mirror<\/option>\r\n<option value=\"wrong\">cistern<\/option>\r\n<option value=\"wrong\">faucet<\/option>\r\n<option value=\"wrong\">drawer<\/option>\r\n<\/select><\/label><\/div><\/div>\r\n\r\n<p id=\"correct3\" align=\"left\"><\/p>\r\n<a class=\"btn btn-success tipp3 hidden\" style=\"text-decoration: none, color:white;\" title=\"mirror - Spiegel\" href=\"#3\" data-toggle=\"popover\" data-placement=\"top\" data-trigger=\"hover\" data-content=\" das englische Wort f\u00fcr 'Spiegel' \u2794  'mirror'.\">Tipp<\/a>\r\n\r\n<\/div>\r\n<div class=\"form-group\"><div class=\"row\"><div><label for=\"sel1\"><span class=\"number\">\u277a<\/span> <\/div>&nbsp;&nbsp; <div><select id=\"q4\" class=\"form-control\">\r\n<option value=\"wrong\"><\/option>\r\n<option value=\"wrong\">electric toothbrush<\/option>\r\n<option value=\"wrong\">wash basin<\/option>\r\n<option value=\"wrong\">toilet<\/option>\r\n<option value=\"wrong\">sink<\/option>\r\n<option value=\"wrong\">shower<\/option>\r\n<option value=\"wrong\">toilet paper<\/option>\r\n<option value=\"wrong\">toilet brush<\/option>\r\n<option value=\"wrong\">mirror<\/option>\r\n<option value=\"wrong\">cistern<\/option>\r\n<option value=\"wrong\">faucet<\/option>\r\n<option value=\"correct\">drawer<\/option>\r\n<\/select><\/label><\/div><\/div>\r\n\r\n<p id=\"correct4\" align=\"left\"><\/p>\r\n<a class=\"btn btn-success tipp4 hidden\" style=\"text-decoration: none, color:white;\" title=\"drawer - Schublade\" href=\"#4\" data-toggle=\"popover\" data-placement=\"top\" data-trigger=\"hover\" data-content=\"das englische Wort f\u00fcr 'Schublade'  \u2794 'drawer'\">Tipp<\/a>\r\n\r\n<\/div>\r\n<div class=\"form-group\"><div class=\"row\"><div><label for=\"sel1\"><span class=\"number\">\u277b<\/span> <\/div>&nbsp;&nbsp; <div><select id=\"q5\" class=\"form-control\">\r\n<option value=\"wrong\"><\/option>\r\n<option value=\"wrong\">electric toothbrush<\/option>\r\n<option value=\"wrong\">wash basin<\/option>\r\n<option value=\"wrong\">toilet<\/option>\r\n<option value=\"wrong\">sink<\/option>\r\n<option value=\"correct\">shower<\/option>\r\n<option value=\"wrong\">toilet paper<\/option>\r\n<option value=\"wrong\">toilet brush<\/option>\r\n<option value=\"wrong\">mirror<\/option>\r\n<option value=\"wrong\">cistern<\/option>\r\n<option value=\"wrong\">faucet<\/option>\r\n<option value=\"wrong\">drawer<\/option>\r\n<\/select><\/label><\/div><\/div>\r\n<p id=\"correct5\" align=\"left\"><\/p>\r\n<a class=\"btn btn-success tipp5 hidden\" style=\"text-decoration: none, color:white;\" title=\"shower - Dusche\" href=\"#5\" data-toggle=\"popover\" data-placement=\"top\" data-trigger=\"hover\" data-content=\"'Dusche' auf Englisch  \u2794  'shower'\">Tipp<\/a>\r\n\r\n<\/div>\r\n<div class=\"form-group\"><div class=\"row\"><div><label for=\"sel1\"><span class=\"number\">\u277c<\/span> <\/div>&nbsp;&nbsp; <div><select id=\"q6\" class=\"form-control\">\r\n<option value=\"wrong\"><\/option>\r\n<option value=\"wrong\">electric toothbrush<\/option>\r\n<option value=\"wrong\">wash basin<\/option>\r\n<option value=\"wrong\">toilet<\/option>\r\n<option value=\"wrong\">sink<\/option>\r\n<option value=\"wrong\">shower<\/option>\r\n<option value=\"correct\">toilet paper<\/option>\r\n<option value=\"wrong\">toilet brush<\/option>\r\n<option value=\"wrong\">mirror<\/option>\r\n<option value=\"wrong\">cistern<\/option>\r\n<option value=\"wrong\">faucet<\/option>\r\n<option value=\"wrong\">drawer<\/option>\r\n<\/select><\/label><\/div><\/div>\r\n<p id=\"correct6\" align=\"left\"><\/p>\r\n<a class=\"btn btn-success tipp6 hidden\" style=\"text-decoration: none, color:white;\" title=\"toilet paper - Klopapier\" href=\"#6\" data-toggle=\"popover\" data-placement=\"top\" data-trigger=\"hover\" data-content=\"das englische Wort f\u00fcr 'Klopapier'   \u2794  'toilet paper'\">Tipp<\/a>\r\n\r\n<\/div>\r\n<div class=\"form-group\"><div class=\"row\"><div><label for=\"sel1\"><span class=\"number\">\u277d<\/span><\/div>&nbsp;&nbsp; <div><select id=\"q7\" class=\"form-control\">\r\n<option value=\"wrong\"><\/option>\r\n<option value=\"wrong\">electric toothbrush<\/option>\r\n<option value=\"wrong\">sink<\/option>\r\n<option value=\"wrong\">toilet<\/option>\r\n<option value=\"wrong\">wash basin<\/option>\r\n<option value=\"wrong\">shower<\/option>\r\n<option value=\"wrong\">toilet paper<\/option>\r\n<option value=\"wrong\">toilet brush<\/option>\r\n<option value=\"wrong\">mirror<\/option>\r\n<option value=\"correct\">cistern<\/option>\r\n<option value=\"wrong\">faucet<\/option>\r\n<option value=\"wrong\">drawer<\/option>\r\n<\/select><\/label><\/div><\/div>\r\n<p id=\"correct7\" align=\"left\"><\/p>\r\n<a class=\"btn btn-success tipp7 hidden\" style=\"text-decoration: none, color:white;\" title=\"cistern - Sp\u00fclung\" href=\"#7\" data-toggle=\"popover\" data-placement=\"top\" data-trigger=\"hover\" data-content=\"das englische Wort f\u00fcr 'Sp\u00fclung (Sp\u00fclkasten)'  \u2794 'cistern' \">Tipp<\/a>\r\n\r\n<\/div>\r\n<div class=\"form-group\"><div class=\"row\"><div><label for=\"sel1\"><span class=\"number\">\u277e<\/span>  <\/div>&nbsp;&nbsp; <div><select id=\"q8\" class=\"form-control\">\r\n<option value=\"wrong\"><\/option>\r\n<option value=\"wrong\">electric toothbrush<\/option>\r\n<option value=\"wrong\">wash basin<\/option>\r\n<option value=\"correct\">toilet<\/option>\r\n<option value=\"wrong\">sink<\/option>\r\n<option value=\"wrong\">shower<\/option>\r\n<option value=\"wrong\">toilet paper<\/option>\r\n<option value=\"wrong\">toilet brush<\/option>\r\n<option value=\"wrong\">mirror<\/option>\r\n<option value=\"wrong\">cistern<\/option>\r\n<option value=\"wrong\">faucet<\/option>\r\n<option value=\"wrong\">drawer<\/option>\r\n<\/select><\/label><\/div><\/div>\r\n<p id=\"correct8\" align=\"left\"><\/p>\r\n<a class=\"btn btn-success tipp8 hidden\" style=\"text-decoration: none, color:white;\" title=\"toilet - Toilette\" href=\"#8\" data-toggle=\"popover\" data-placement=\"top\" data-trigger=\"hover\" data-content=\" 'Toilette' auf Englisch \u2794  'toilet';\">Tipp<\/a>\r\n\r\n<\/div>\r\n<div class=\"form-group\"><div class=\"row\"><div><label for=\"sel1\"><span class=\"number\">\u277f<\/span> <\/div>&nbsp;&nbsp; <div><select id=\"q9\" class=\"form-control\">\r\n<option value=\"wrong\"><\/option>\r\n<option value=\"wrong\">electric toothbrush<\/option>\r\n<option value=\"wrong\">wash basin<\/option>\r\n<option value=\"wrong\">toilet<\/option>\r\n<option value=\"wrong\">sink<\/option>\r\n<option value=\"wrong\">shower<\/option>\r\n<option value=\"wrong\">toilet paper<\/option>\r\n<option value=\"correct\">toilet brush<\/option>\r\n<option value=\"wrong\">mirror<\/option>\r\n<option value=\"wrong\">cistern<\/option>\r\n<option value=\"wrong\">faucet<\/option>\r\n<option value=\"wrong\">drawer<\/option>\r\n<\/select><\/label><\/div><\/div>\r\n\r\n<p id=\"correct9\" align=\"left\"><\/p>\r\n<a class=\"btn btn-success tipp9 hidden\" style=\"text-decoration: none, color:white;\" title=\"toilet brush - Toilettenbesen\" href=\"#9\" data-toggle=\"popover\" data-placement=\"top\" data-trigger=\"hover\" data-content=\"das englische Wort f\u00fcr 'Toilettenbesen'   \u2794  'toilet brush'\">Tipp<\/a>\r\n\r\n<\/div>\r\n<\/div>\r\n<\/div>\r\n<hr>\r\n<button id=\"submitButton\" class=\"btn-lg btn-primary \" type=\"submit\" value=\"submit\">Pr\u00fcfen<\/button><button id=\"resetButton\" class=\"btn-lg btn-success\" type=\"submit\" onclick=\"refreshPage()\">Neustart<\/button>\r\n\r\n<p id=\"result\"><\/p>\r\n<p id=\"result2\"><\/p>\r\n<hr>\r\n\r\n<h3>Alle Bilderr\u00e4tsel &#8211; Englisch:<\/h3>\r\n\r\n<hr>\r\n\r\n<div id=\"bellows-main-67\" class=\"bellows bellows-nojs bellows-main bellows-source-menu bellows-align-full bellows-skin-vanilla bellows-type-\"><ul id=\"menu-bilderraetsel-multiple\" class=\"bellows-nav\" data-bellows-config=\"main\"><li id=\"menu-item-8317\" class=\"bellows-menu-item bellows-menu-item-type-post_type bellows-menu-item-object-page bellows-menu-item-8317 bellows-item-level-0\"><a  href=\"https:\/\/english-munich.de\/training\/bilderraetsel-kuechengeraete-englisch\/\" class=\"bellows-target\"><span class=\"bellows-target-title bellows-target-text\">\u2611\ufe0fBilderr\u00e4tsel \u2013 K\u00fcchenger\u00e4te<\/span><\/a><\/li>\n<li id=\"menu-item-8318\" class=\"bellows-menu-item bellows-menu-item-type-post_type bellows-menu-item-object-page bellows-menu-item-8318 bellows-item-level-0\"><a  href=\"https:\/\/english-munich.de\/training\/bilderraetsel-kueche\/\" class=\"bellows-target\"><span class=\"bellows-target-title bellows-target-text\">\u2611\ufe0fBilderr\u00e4tsel \u2013 K\u00fcche<\/span><\/a><\/li>\n<li id=\"menu-item-8352\" class=\"bellows-menu-item bellows-menu-item-type-post_type bellows-menu-item-object-page bellows-menu-item-8352 bellows-item-level-0\"><a  href=\"https:\/\/english-munich.de\/training\/bilderraetsel-badezimmer-englisch\/\" class=\"bellows-target\"><span class=\"bellows-target-title bellows-target-text\">\u2611\ufe0fBilderr\u00e4tsel \u2013 Badezimmer<\/span><\/a><\/li>\n<li id=\"menu-item-8319\" class=\"bellows-menu-item bellows-menu-item-type-post_type bellows-menu-item-object-page bellows-menu-item-8319 bellows-item-level-0\"><a  href=\"https:\/\/english-munich.de\/training\/bilderraetsel-autoteile-englisch\/\" class=\"bellows-target\"><span class=\"bellows-target-title bellows-target-text\">\u2611\ufe0fBilderr\u00e4tsel Autoteile<\/span><\/a><\/li>\n<li id=\"menu-item-8316\" class=\"bellows-menu-item bellows-menu-item-type-post_type bellows-menu-item-object-page bellows-menu-item-8316 bellows-item-level-0\"><a  href=\"https:\/\/english-munich.de\/training\/bilderraetsel-medizinprodukte-englisch-2\/\" class=\"bellows-target\"><span class=\"bellows-target-title bellows-target-text\">\u2611\ufe0fBilderr\u00e4tsel \u2013 Medizinprodukte<\/span><\/a><\/li>\n<li id=\"menu-item-8517\" class=\"bellows-menu-item bellows-menu-item-type-post_type bellows-menu-item-object-page bellows-menu-item-8517 bellows-item-level-0\"><a  href=\"https:\/\/english-munich.de\/training\/bilderraetsel-knochen-englisch\/\" class=\"bellows-target\"><span class=\"bellows-target-title bellows-target-text\">\u2611\ufe0fBilderr\u00e4tsel \u2013 Knochen<\/span><\/a><\/li>\n<li id=\"menu-item-8340\" class=\"bellows-menu-item bellows-menu-item-type-post_type bellows-menu-item-object-page bellows-menu-item-8340 bellows-item-level-0\"><a  href=\"https:\/\/english-munich.de\/training\/bilderraetsel-englisch-bankbegriffe\/\" class=\"bellows-target\"><span class=\"bellows-target-title bellows-target-text\">\u2611\ufe0fBilderr\u00e4tsel  \u2013 Bankbegriffe<\/span><\/a><\/li>\n<\/ul><\/div>\r\n\r\n","protected":false},"excerpt":{"rendered":"Bilderr\u00e4tsel Englisch Badezimmer Bilder Englisch Badezimmer \u2611\ufe0f W\u00e4hle die richtige Option, entsprechend der Nummer, um das englische Wort im Bild zu finden: \u2776 &nbsp;&nbsp; electric toothbrush wash basin toilet shower toilet paper toilet brush mirror cistern faucet drawer Tipp \u2777 &nbsp;&nbsp; electric toothbrush sink toilet wash basin shower toilet paper toilet brush mirror cistern faucet [&hellip;]","protected":false},"author":3,"featured_media":0,"parent":0,"menu_order":0,"comment_status":"closed","ping_status":"closed","template":"","meta":[],"_links":{"self":[{"href":"https:\/\/english-munich.de\/training\/wp-json\/wp\/v2\/pages\/8345"}],"collection":[{"href":"https:\/\/english-munich.de\/training\/wp-json\/wp\/v2\/pages"}],"about":[{"href":"https:\/\/english-munich.de\/training\/wp-json\/wp\/v2\/types\/page"}],"author":[{"embeddable":true,"href":"https:\/\/english-munich.de\/training\/wp-json\/wp\/v2\/users\/3"}],"replies":[{"embeddable":true,"href":"https:\/\/english-munich.de\/training\/wp-json\/wp\/v2\/comments?post=8345"}],"version-history":[{"count":8,"href":"https:\/\/english-munich.de\/training\/wp-json\/wp\/v2\/pages\/8345\/revisions"}],"predecessor-version":[{"id":8512,"href":"https:\/\/english-munich.de\/training\/wp-json\/wp\/v2\/pages\/8345\/revisions\/8512"}],"wp:attachment":[{"href":"https:\/\/english-munich.de\/training\/wp-json\/wp\/v2\/media?parent=8345"}],"curies":[{"name":"wp","href":"https:\/\/api.w.org\/{rel}","templated":true}]}}