{"id":8307,"date":"2021-03-22T07:34:24","date_gmt":"2021-03-22T07:34:24","guid":{"rendered":"https:\/\/english-munich.de\/training\/?page_id=8307"},"modified":"2021-03-22T09:29:20","modified_gmt":"2021-03-22T09:29:20","slug":"bilderraetsel-medizinprodukte-englisch-2","status":"publish","type":"page","link":"https:\/\/english-munich.de\/training\/bilderraetsel-medizinprodukte-englisch-2\/","title":{"rendered":"Bilderr\u00e4tsel &#8211; Medizinprodukte &#8211; Englisch"},"content":{"rendered":"<div class=\"jumbotron text-center\">\r\n<h2>Medizinprodukte Englisch<\/h2>\r\nBilderr\u00e4tsel zum Thema Medizinprodukte auf Englisch\r\n<\/div>\r\n<div class=\"container\">\r\n<img decoding=\"async\" src=\"https:\/\/english-munich.de\/training\/wp-content\/uploads\/2021\/03\/Bilderraetsel-medizinprodukte-Englisch.png\" alt=\"Bilderr\u00e4tsel-Medizinprodukte-Englisch\"\/>\r\n<\/div>\r\n<div class=\"container well\">\r\n<h4>\u2611\ufe0f W\u00e4hle die richtige Option des Medizinprodukts auf <b>Englisch<\/b> entsprechend der Nummer auf dem Bild:<\/h4>\r\n<hr>\r\n<br \/>\r\n<div class=\"container-fluid\">\r\n<div class=\"form-group\"><div class=\"row\"><div><label for=\"sel1\"><span class=\"number\">\u2776<\/span> <\/div>&nbsp;&nbsp; <div> <select id=\"q0\" class=\"form-control\">\r\n<option value=\"wrong\"><\/option>\r\n<option value=\"wrong\">test tube<\/option>\r\n<option value=\"wrong\">band aid<\/option>\r\n<option value=\"wrong\">pills<\/option>\r\n<option value=\"wrong\">disinfectant<\/option>\r\n<option value=\"wrong\">scalpel<\/option>\r\n<option value=\"wrong\">x-ray<\/option>\r\n<option value=\"wrong\">syringe<\/option>\r\n<option value=\"correct\">stethoscope<\/option>\r\n<option value=\"wrong\">splint<\/option>\r\n<option value=\"wrong\">tweezers<\/option>\r\n<\/select><\/label><\/div><\/div>\r\n\r\n<p id=\"correct0\" align=\"left\"><\/p>\r\n<a class=\"btn btn-success tipp0 hidden\" style=\"text-decoration: none, color:white;\" title=\"stethoscope - Stethoskop\" href=\"#0\" data-toggle=\"popover\" data-placement=\"top\" data-trigger=\"hover\" data-content=\"Stethoskop auf Englisch \u2794 'stethoscope'\">Tipp<\/a>\r\n<\/div>\r\n<div class=\"form-group\"><div class=\"row\"><div><label for=\"sel1\"><span class=\"number\">\u2777<\/span> <\/div>&nbsp;&nbsp; <div><select id=\"q1\" class=\"form-control\">\r\n<option value=\"wrong\"><\/option>\r\n<option value=\"wrong\">test tube<\/option>\r\n<option value=\"wrong\">band aid<\/option>\r\n<option value=\"wrong\">pills<\/option>\r\n<option value=\"wrong\">disinfectant<\/option>\r\n<option value=\"wrong\">scalpel<\/option>\r\n<option value=\"correct\">x-ray<\/option>\r\n<option value=\"wrong\">syringe<\/option>\r\n<option value=\"wrong\">stethoscope<\/option>\r\n<option value=\"wrong\">splint<\/option>\r\n<option value=\"wrong\">tweezers<\/option>\r\n<\/select><\/label><\/div><\/div>\r\n<p id=\"correct1\" align=\"left\"><\/p>\r\n<a class=\"btn btn-success tipp1 hidden\" style=\"text-decoration: none, color:white;\" title=\"x-ray - R\u00f6ntgenbild\" href=\"#1\" data-toggle=\"popover\" data-placement=\"top\" data-trigger=\"hover\" data-content=\"Der englische Begriff f\u00fcr 'R\u00f6ntgenbild' ist 'x-ray', der Begriff kommt von dem deutschen Wort 'x-Strahlen', wobei x algebraisch f\u00fcr eine unbekannte Menge steht.\">Tipp<\/a>\r\n<\/div>\r\n<div class=\"form-group\"><div class=\"row\"><div><label for=\"sel1\"><span class=\"number\">\u2778<\/span>  \r\n<\/div>&nbsp;&nbsp; <div><select id=\"q2\" class=\"form-control\">\r\n<option value=\"wrong\"><\/option>\r\n<option value=\"correct\">test tube<\/option>\r\n<option value=\"wrong\">band aid<\/option>\r\n<option value=\"wrong\">pills<\/option>\r\n<option value=\"wrong\">disinfectant<\/option>\r\n<option value=\"wrong\">scalpel<\/option>\r\n<option value=\"wrong\">x-ray<\/option>\r\n<option value=\"wrong\">syringe<\/option>\r\n<option value=\"wrong\">stethoscope<\/option>\r\n<option value=\"wrong\">splint<\/option>\r\n<option value=\"wrong\">tweezers<\/option>\r\n<\/select><\/label><\/div><\/div>\r\n\r\n<p id=\"correct2\" align=\"left\"><\/p>\r\n<a class=\"btn btn-success tipp2 hidden\" style=\"text-decoration: none, color:white;\" title=\"test - Reagenzglas\" href=\"#2\" data-toggle=\"popover\" data-placement=\"top\" data-trigger=\"hover\" data-content=\"das englische Wort f\u00fcr 'Reagenzglas' ist 'test tube'\">Tipp<\/a>\r\n<\/div>\r\n<div class=\"form-group\"><div class=\"row\"><div><label for=\"sel1\"><span class=\"number\">\u2779<\/span> <\/div>&nbsp;&nbsp; <div><select id=\"q3\" class=\"form-control\">\r\n<option value=\"wrong\"><\/option>\r\n<option value=\"wrong\">test tube<\/option>\r\n<option value=\"wrong\">band aid<\/option>\r\n<option value=\"wrong\">pills<\/option>\r\n<option value=\"correct\">disinfectant<\/option>\r\n<option value=\"wrong\">scalpel<\/option>\r\n<option value=\"wrong\">x-ray<\/option>\r\n<option value=\"wrong\">syringe<\/option>\r\n<option value=\"wrong\">stethoscope<\/option>\r\n<option value=\"wrong\">splint<\/option>\r\n<option value=\"wrong\">tweezers<\/option>\r\n<\/select><\/label><\/div><\/div>\r\n\r\n<p id=\"correct3\" align=\"left\"><\/p>\r\n<a class=\"btn btn-success tipp3 hidden\" style=\"text-decoration: none, color:white;\" title=\"disenfectant - Desinfektionemittel\" href=\"#3\" data-toggle=\"popover\" data-placement=\"top\" data-trigger=\"hover\" data-content=\"'Desinfektionsmittel' hei\u00dft auf Englisch  \u2794  'disinfectant'; Vorsicht das '-e' aus Des... wird im Englischen zu einem '-i'.\">Tipp<\/a>\r\n\r\n<\/div>\r\n<div class=\"form-group\"><div class=\"row\"><div><label for=\"sel1\"><span class=\"number\">\u277a<\/span> <\/div>&nbsp;&nbsp; <div><select id=\"q4\" class=\"form-control\">\r\n<option value=\"wrong\"><\/option>\r\n<option value=\"wrong\">test tube<\/option>\r\n<option value=\"wrong\">band aid<\/option>\r\n<option value=\"wrong\">pills<\/option>\r\n<option value=\"wrong\">disinfectant<\/option>\r\n<option value=\"wrong\">scalpel<\/option>\r\n<option value=\"wrong\">x-ray<\/option>\r\n<option value=\"wrong\">syringe<\/option>\r\n<option value=\"wrong\">stethoscope<\/option>\r\n<option value=\"wrong\">splint<\/option>\r\n<option value=\"correct\">tweezers<\/option>\r\n<\/select><\/label><\/div><\/div>\r\n\r\n<p id=\"correct4\" align=\"left\"><\/p>\r\n<a class=\"btn btn-success tipp4 hidden\" style=\"text-decoration: none, color:white;\" title=\"tweezers - Pinzette\" href=\"#4\" data-toggle=\"popover\" data-placement=\"top\" data-trigger=\"hover\" data-content=\"Der englisch Begriff f\u00fcr 'Pinzette'  \u2794  'tweezers'; Vorsicht: das englische Wort 'tweezers' wird ausschlie\u00dflich in der Mehrzahl benutzt. Denn die Pinzette hat zwei Schenkel \u2794 'trousers, scissors' etc.\">Tipp<\/a>\r\n\r\n<\/div>\r\n<div class=\"form-group\"><div class=\"row\"><div><label for=\"sel1\"><span class=\"number\">\u277b<\/span> <\/div>&nbsp;&nbsp; <div><select id=\"q5\" class=\"form-control\">\r\n<option value=\"wrong\"><\/option>\r\n<option value=\"wrong\">test tube<\/option>\r\n<option value=\"wrong\">band aid<\/option>\r\n<option value=\"correct\">pills<\/option>\r\n<option value=\"wrong\">disinfectant<\/option>\r\n<option value=\"wrong\">scalpel<\/option>\r\n<option value=\"wrong\">x-ray<\/option>\r\n<option value=\"wrong\">syringe<\/option>\r\n<option value=\"wrong\">stethoscope<\/option>\r\n<option value=\"wrong\">splint<\/option>\r\n<option value=\"wrong\">tweezers<\/option>\r\n<\/select><\/label><\/div><\/div>\r\n<p id=\"correct5\" align=\"left\"><\/p>\r\n<a class=\"btn btn-success tipp5 hidden\" style=\"text-decoration: none, color:white;\" title=\"pills - Pillen\" href=\"#5\" data-toggle=\"popover\" data-placement=\"top\" data-trigger=\"hover\" data-content=\"'Pillen' hei\u00dft auf Englisch 'pills'. \">Tipp<\/a>\r\n\r\n<\/div>\r\n<div class=\"form-group\"><div class=\"row\"><div><label for=\"sel1\"><span class=\"number\">\u277c<\/span> <\/div>&nbsp;&nbsp; <div><select id=\"q6\" class=\"form-control\">\r\n<option value=\"wrong\"><\/option>\r\n<option value=\"wrong\">test tube<\/option>\r\n<option value=\"correct\">band aid<\/option>\r\n<option value=\"wrong\">pills<\/option>\r\n<option value=\"wrong\">disinfectant<\/option>\r\n<option value=\"wrong\">scalpel<\/option>\r\n<option value=\"wrong\">x-ray<\/option>\r\n<option value=\"wrong\">syringe<\/option>\r\n<option value=\"wrong\">stethoscope<\/option>\r\n<option value=\"wrong\">splint<\/option>\r\n<option value=\"wrong\">tweezers<\/option>\r\n<\/select><\/label><\/div><\/div>\r\n<p id=\"correct6\" align=\"left\"><\/p>\r\n<a class=\"btn btn-success tipp6 hidden\" style=\"text-decoration: none, color:white;\" title=\"band aid - Pflaster\" href=\"#6\" data-toggle=\"popover\" data-placement=\"top\" data-trigger=\"hover\" data-content=\"'Pflaster' hei\u00dft auf Englisch  'band aid'.\">Tipp<\/a>\r\n\r\n<\/div>\r\n<div class=\"form-group\"><div class=\"row\"><div><label for=\"sel1\"><span class=\"number\">\u277d<\/span><\/div>&nbsp;&nbsp; <div><select id=\"q7\" class=\"form-control\">\r\n<option value=\"wrong\"><\/option>\r\n<option value=\"wrong\">test tube<\/option>\r\n<option value=\"wrong\">band aid<\/option>\r\n<option value=\"wrong\">pills<\/option>\r\n<option value=\"wrong\">disinfectant<\/option>\r\n<option value=\"wrong\">scalpel<\/option>\r\n<option value=\"wrong\">x-ray<\/option>\r\n<option value=\"wrong\">syringe<\/option>\r\n<option value=\"wrong\">stethoscope<\/option>\r\n<option value=\"correct\">splint<\/option>\r\n<option value=\"wrong\">tweezers<\/option>\r\n<\/select><\/label><\/div><\/div>\r\n<p id=\"correct7\" align=\"left\"><\/p>\r\n<a class=\"btn btn-success tipp7 hidden\" style=\"text-decoration: none, color:white;\" title=\"splint - Schiene\" href=\"#7\" data-toggle=\"popover\" data-placement=\"top\" data-trigger=\"hover\" data-content=\"'Schiene' hei\u00dft auf Englisch 'splint'.\">Tipp<\/a>\r\n\r\n<\/div>\r\n<div class=\"form-group\"><div class=\"row\"><div><label for=\"sel1\"><span class=\"number\">\u277e<\/span> <\/div>&nbsp;&nbsp; <div><select id=\"q8\" class=\"form-control\">\r\n<option value=\"wrong\"><\/option>\r\n<option value=\"wrong\">test tube<\/option>\r\n<option value=\"wrong\">band aid<\/option>\r\n<option value=\"wrong\">pills<\/option>\r\n<option value=\"wrong\">disinfectant<\/option>\r\n<option value=\"correct\">scalpel<\/option>\r\n<option value=\"wrong\">x-ray<\/option>\r\n<option value=\"wrong\">syringe<\/option>\r\n<option value=\"wrong\">stethoscope<\/option>\r\n<option value=\"wrong\">splint<\/option>\r\n<option value=\"wrong\">tweezers<\/option>\r\n<\/select><\/label><\/div><\/div>\r\n<p id=\"correct8\" align=\"left\"><\/p>\r\n<a class=\"btn btn-success tipp8 hidden\" style=\"text-decoration: none, color:white;\" title=\"scalpel - Skalpell\" href=\"#8\" data-toggle=\"popover\" data-placement=\"top\" data-trigger=\"hover\" data-content=\"'Skalpell' hei\u00dft auf Englisch   \u2794  'scalpel';\">Tipp<\/a>\r\n\r\n<\/div>\r\n<div class=\"form-group\"><div class=\"row\"><div><label for=\"sel1\"><span class=\"number\">\u277f<\/span> <\/div>&nbsp;&nbsp; <div><select id=\"q9\" class=\"form-control\">\r\n<option value=\"wrong\"><\/option>\r\n<option value=\"wrong\">test tube<\/option>\r\n<option value=\"wrong\">band aid<\/option>\r\n<option value=\"wrong\">pills<\/option>\r\n<option value=\"wrong\">disinfectant<\/option>\r\n<option value=\"wrong\">scalpel<\/option>\r\n<option value=\"wrong\">x-ray<\/option>\r\n<option value=\"correct\">syringe<\/option>\r\n<option value=\"wrong\">stethoscope<\/option>\r\n<option value=\"wrong\">splint<\/option>\r\n<option value=\"wrong\">tweezers<\/option>\r\n<\/select><\/label><\/div><\/div>\r\n<p id=\"correct9\" align=\"left\"><\/p>\r\n<a class=\"btn btn-success tipp9 hidden\" style=\"text-decoration: none, color:white;\" title=\"syringe - Spritze\" href=\"#9\" data-toggle=\"popover\" data-placement=\"top\" data-trigger=\"hover\" data-content=\"der englische Begriff f\u00fcr 'Spritze' \u2794  'syringe'.\">Tipp<\/a>\r\n\r\n<\/div>\r\n<\/div>\r\n<\/div>\r\n<hr>\r\n<button id=\"submitButton\" class=\"btn-lg btn-primary \" type=\"submit\" value=\"submit\">Pr\u00fcfen<\/button><button id=\"resetButton\" class=\"btn-lg btn-success\" type=\"submit\" onclick=\"refreshPage()\">Neustart<\/button>\r\n\r\n<p id=\"result\"><\/p>\r\n<p id=\"result2\"><\/p>\r\n<hr>\r\n\r\n<h3>Alle Bilderr\u00e4tsel diesen Typs:<\/h3>\r\n\r\n<hr>\r\n\r\n<div id=\"bellows-main-67\" class=\"bellows bellows-nojs bellows-main bellows-source-menu bellows-align-full bellows-skin-vanilla bellows-type-\"><ul id=\"menu-bilderraetsel-multiple\" class=\"bellows-nav\" data-bellows-config=\"main\"><li id=\"menu-item-8317\" class=\"bellows-menu-item bellows-menu-item-type-post_type bellows-menu-item-object-page bellows-menu-item-8317 bellows-item-level-0\"><a  href=\"https:\/\/english-munich.de\/training\/bilderraetsel-kuechengeraete-englisch\/\" class=\"bellows-target\"><span class=\"bellows-target-title bellows-target-text\">\u2611\ufe0fBilderr\u00e4tsel \u2013 K\u00fcchenger\u00e4te<\/span><\/a><\/li>\n<li id=\"menu-item-8318\" class=\"bellows-menu-item bellows-menu-item-type-post_type bellows-menu-item-object-page bellows-menu-item-8318 bellows-item-level-0\"><a  href=\"https:\/\/english-munich.de\/training\/bilderraetsel-kueche\/\" class=\"bellows-target\"><span class=\"bellows-target-title bellows-target-text\">\u2611\ufe0fBilderr\u00e4tsel \u2013 K\u00fcche<\/span><\/a><\/li>\n<li id=\"menu-item-8352\" class=\"bellows-menu-item bellows-menu-item-type-post_type bellows-menu-item-object-page bellows-menu-item-8352 bellows-item-level-0\"><a  href=\"https:\/\/english-munich.de\/training\/bilderraetsel-badezimmer-englisch\/\" class=\"bellows-target\"><span class=\"bellows-target-title bellows-target-text\">\u2611\ufe0fBilderr\u00e4tsel \u2013 Badezimmer<\/span><\/a><\/li>\n<li id=\"menu-item-8319\" class=\"bellows-menu-item bellows-menu-item-type-post_type bellows-menu-item-object-page bellows-menu-item-8319 bellows-item-level-0\"><a  href=\"https:\/\/english-munich.de\/training\/bilderraetsel-autoteile-englisch\/\" class=\"bellows-target\"><span class=\"bellows-target-title bellows-target-text\">\u2611\ufe0fBilderr\u00e4tsel Autoteile<\/span><\/a><\/li>\n<li id=\"menu-item-8316\" class=\"bellows-menu-item bellows-menu-item-type-post_type bellows-menu-item-object-page bellows-menu-item-8316 bellows-item-level-0\"><a  href=\"https:\/\/english-munich.de\/training\/bilderraetsel-medizinprodukte-englisch-2\/\" class=\"bellows-target\"><span class=\"bellows-target-title bellows-target-text\">\u2611\ufe0fBilderr\u00e4tsel \u2013 Medizinprodukte<\/span><\/a><\/li>\n<li id=\"menu-item-8517\" class=\"bellows-menu-item bellows-menu-item-type-post_type bellows-menu-item-object-page bellows-menu-item-8517 bellows-item-level-0\"><a  href=\"https:\/\/english-munich.de\/training\/bilderraetsel-knochen-englisch\/\" class=\"bellows-target\"><span class=\"bellows-target-title bellows-target-text\">\u2611\ufe0fBilderr\u00e4tsel \u2013 Knochen<\/span><\/a><\/li>\n<li id=\"menu-item-8340\" class=\"bellows-menu-item bellows-menu-item-type-post_type bellows-menu-item-object-page bellows-menu-item-8340 bellows-item-level-0\"><a  href=\"https:\/\/english-munich.de\/training\/bilderraetsel-englisch-bankbegriffe\/\" class=\"bellows-target\"><span class=\"bellows-target-title bellows-target-text\">\u2611\ufe0fBilderr\u00e4tsel  \u2013 Bankbegriffe<\/span><\/a><\/li>\n<\/ul><\/div>\r\n\r\n","protected":false},"excerpt":{"rendered":"Medizinprodukte Englisch Bilderr\u00e4tsel zum Thema Medizinprodukte auf Englisch \u2611\ufe0f W\u00e4hle die richtige Option des Medizinprodukts auf Englisch entsprechend der Nummer auf dem Bild: \u2776 &nbsp;&nbsp; test tube band aid pills disinfectant scalpel x-ray syringe stethoscope splint tweezers Tipp \u2777 &nbsp;&nbsp; test tube band aid pills disinfectant scalpel x-ray syringe stethoscope splint tweezers Tipp \u2778 &nbsp;&nbsp; [&hellip;]","protected":false},"author":3,"featured_media":0,"parent":0,"menu_order":0,"comment_status":"closed","ping_status":"closed","template":"","meta":[],"_links":{"self":[{"href":"https:\/\/english-munich.de\/training\/wp-json\/wp\/v2\/pages\/8307"}],"collection":[{"href":"https:\/\/english-munich.de\/training\/wp-json\/wp\/v2\/pages"}],"about":[{"href":"https:\/\/english-munich.de\/training\/wp-json\/wp\/v2\/types\/page"}],"author":[{"embeddable":true,"href":"https:\/\/english-munich.de\/training\/wp-json\/wp\/v2\/users\/3"}],"replies":[{"embeddable":true,"href":"https:\/\/english-munich.de\/training\/wp-json\/wp\/v2\/comments?post=8307"}],"version-history":[{"count":9,"href":"https:\/\/english-munich.de\/training\/wp-json\/wp\/v2\/pages\/8307\/revisions"}],"predecessor-version":[{"id":8337,"href":"https:\/\/english-munich.de\/training\/wp-json\/wp\/v2\/pages\/8307\/revisions\/8337"}],"wp:attachment":[{"href":"https:\/\/english-munich.de\/training\/wp-json\/wp\/v2\/media?parent=8307"}],"curies":[{"name":"wp","href":"https:\/\/api.w.org\/{rel}","templated":true}]}}