{"id":8106,"date":"2021-03-19T07:21:48","date_gmt":"2021-03-19T07:21:48","guid":{"rendered":"https:\/\/english-munich.de\/training\/?page_id=8106"},"modified":"2021-05-05T12:38:27","modified_gmt":"2021-05-05T12:38:27","slug":"partizip-praesens-perfekt-adjektiv","status":"publish","type":"page","link":"https:\/\/english-munich.de\/training\/partizip-praesens-perfekt-adjektiv\/","title":{"rendered":"Partizip Pr\u00e4sens  &#8211; Perfekt &#8211; Adjektiv"},"content":{"rendered":"<span><span><a href=\"https:\/\/english-munich.de\/training\/\">Home<\/a><\/span>\r\n<div class=\"jumbotron text-center\">\r\n<h2>Pr\u00e4sens Partizip &#8211; Perfekt &#8211; Adjektiv<\/h2>\r\n\u00dcbungen zum Pr\u00e4sens Partizip &#8211; Perfekt als Adjektiv\r\n\r\n<\/div>\r\n<div class=\"bs-example\">\r\n<div class=\"accordion\" id=\"accordionExample\">\r\n<div class=\"card\">\r\n<div class=\"card-header\" id=\"headingOne\">\r\n<h2 class=\"mb-0\" style=\"color:#000\">\r\n                    <button type=\"button\" class=\"btn btn-link collapsed\" data-toggle=\"collapse\" data-target=\"#collapseOne\">Beispiel<\/button><\/h2>\r\n<\/div>\r\n<div id=\"collapseOne\" class=\"collapse\" aria-labelledby=\"headingOne\" data-parent=\"#accordionExample\">\r\n<div class=\"card-body\">\r\n<div class=\"form\">\r\n\r\n<b><span class=\"number\">\u24ff<\/span><\/b>We were <input type=\"text\" class=\"form-control\" id=\"panel-beispiel\" disabled=\"\" value=\"amazed\"> <b><i>&nbsp;(amazed)&nbsp;<\/i><\/b> by her performance.\r\n<br \/>\r\nDie richtige L\u00f6sung ist: <b>amaze<\/b>&nbsp;&nbsp;<button class=\"btn-lg btn-info\" type=\"button\" data-toggle=\"modal\" data-target=\"#myModal\">Tipp<\/button>\r\n\r\n<\/div>\r\n<\/div>\r\n<\/div>\r\n<\/div>\r\n<\/div>\r\n<br \/><br \/>\r\n<div class=\"container well\">\r\n<h4>\u270d\ufe0f F\u00fclle die Verben in Klammern in der richtigen Form des <b>Partizip Pr\u00e4sens bzw. Perfekt<\/b> in die L\u00fccken:<\/h4>\r\n\r\n<hr>\r\n\r\n<div class=\"container\">\r\n<b><span class=\"number\">\u2776<\/span><\/b>Johnny did an<input type=\"text\" class=\"form-control\" id=\"q0\" autocomplete=\"off\"><b><i>(amaze)<\/i><\/b> job.\r\n<div class=\"row\">\r\n<div>\r\n<p id=\"correct0\" align=\"left\"><\/p>\r\n\r\n<\/div>\r\n<div>\r\n<a button=\"\" class=\"btn btn-success tipp0 hidden\" href=\"#1\" title=\"Johnny did an amazing job...\" data-toggle=\"popover\" data-placement=\"top\" data-trigger=\"hover\" style=\"text-decoration: none; color:white;\" data-content=\" 'amazing' beschreibt eine Eigenschaft des Bezugswortes , deswegen Parzizip Pr\u00e4sens \u2794 'amazing'\">Tipp<\/a><\/div>\r\n<\/div>\r\n<b><span class=\"number\">\u2777<\/span><\/b>I was  <input type=\"text\" class=\"form-control\" id=\"q1\" autocomplete=\"off\"><b><i>(shock)<\/i><\/b>by his input.\r\n<div class=\"row\">\r\n<div>\r\n<p id=\"correct1\" align=\"left\"><\/p>\r\n\r\n<\/div>\r\n<div>\r\n<a button=\"\" class=\"btn btn-success tipp1 hidden\" href=\"#2\" title=\"I was shocked...\" data-toggle=\"popover\" data-placement=\"top\" data-trigger=\"hover\" style=\"text-decoration: none; color:white;\" data-content=\"'shocked' beschreibt hier den Zustand des Bezugswortes, deswegen Partizip Perfekt \u2794 'shocked'\">Tipp<\/a><\/div>\r\n<\/div>\r\n<b><span class=\"number\">\u2778<\/span><\/b>A <input type=\"text\" class=\"form-control\" id=\"q2\" autocomplete=\"off\"><b><i>(grow)<\/i><\/b> number of people are getting vaccinated.\r\n<div class=\"row\">\r\n<div>\r\n<p id=\"correct2\" align=\"left\"><\/p>\r\n\r\n<\/div>\r\n<div>\r\n<a button=\"\" class=\"btn btn-success tipp2 hidden\" align=\"left\" aria-hidden=\"true\" href=\"#3\" title=\"An increasing number...\" data-toggle=\"popover\" data-placement=\"top\" data-trigger=\"hover\" style=\"text-decoration: none, color:white\" data-content=\"'growing' beschreibt eine Eigenschaft des Bezugswortes , deswegen Partizip Pr\u00e4sens \u2794 'growing'\">Tipp<\/a><\/div>\r\n<\/div>\r\n<span class=\"number\">\u2779<\/span>He is a <input type=\"text\" class=\"form-control\" id=\"q3\" autocomplete=\"off\"><b><i>(grow)<\/i><\/b> man.\r\n<div class=\"row\">\r\n<div>\r\n<p id=\"correct3\" align=\"left\"><\/p>\r\n\r\n<\/div>\r\n<div>\r\n<a button=\"\" class=\"btn btn-success tipp3 hidden\" aria-hidden=\"true\" href=\"#4\" title=\"He is a grown man.\" data-toggle=\"popover\" data-placement=\"top\" data-trigger=\"hover\" style=\"text-decoration: none, color:white\" data-content=\"'grown' beschreibt hier den Zustand des Bezugswortes, deswegen Partizip Perfekt \u2794 'grown'('a grown man' \u2794 'ein ausgewachsener Mann') \">Tipp<\/a><\/div>\r\n<\/div>\r\n<b><span class=\"number\">\u277a<\/span><\/b>Karen asked some of her <input type=\"text\" class=\"form-control\" id=\"q4\" autocomplete=\"off\"><b><i>(annoy)<\/i><\/b> questions.\r\n<div class=\"row\">\r\n<div>\r\n<p id=\"correct4\" align=\"left\"><\/p>\r\n\r\n<\/div>\r\n<div>\r\n<a button=\"\" class=\"btn btn-success tipp4 hidden\" aria-hidden=\"true\" href=\"#5\" title=\"...some of her annoying questions.\" data-toggle=\"popover\" data-placement=\"top\" data-trigger=\"hover\" style=\"text-decoration: none, color:white\" data-content=\"'annoying' beschreibt eine Eigenschaft des Bezugswortes , deswegen Partizip Pr\u00e4sens \u2794 'annoying'\">Tipp<\/a><\/div>\r\n<\/div>\r\n<b><span class=\"number\">\u277b<\/span><\/b>An  <input type=\"text\" class=\"form-control\" id=\"q5\" autocomplete=\"off\"><b><i>(annoy)<\/i><\/b> customer is not what we want.\r\n<div class=\"row\">\r\n<div>\r\n<p id=\"correct5\" align=\"left\"><\/p>\r\n\r\n<\/div>\r\n<div>\r\n<a button=\"\" class=\"btn btn-success tipp5 hidden\" aria-hidden=\"true\" href=\"#6\" title=\"An annoyed customer...\" data-toggle=\"popover\" data-placement=\"top\" data-trigger=\"hover\" style=\"text-decoration: none, color:white\" data-content=\"'annoyed' beschreibt hier den Zustand des Bezugswortes, deswegen Partizip Perfekt \u2794 'annoyed'\">Tipp<\/a><\/div>\r\n<\/div>\r\n<b><span class=\"number\">\u277c<\/span><\/b> It was a very <input type=\"text\" class=\"form-control\" id=\"q6\" autocomplete=\"off\"><b><i>(exhaust)<\/i><\/b>trip.\r\n<div class=\"row\">\r\n<div>\r\n<p id=\"correct6\" align=\"left\"><\/p>\r\n\r\n<\/div>\r\n<div>\r\n<a button=\"\" class=\"btn btn-success tipp6 hidden\" aria-hidden=\"true\" href=\"#7\" title=\"It was a very exhausting trip...\" data-toggle=\"popover\" data-placement=\"top\" data-trigger=\"hover\" style=\"text-decoration: none, color:white\" data-content=\"'exhausting' beschreibt eine Eigenschaft des Bezugswortes , deswegen Partizip Pr\u00e4sens \u2794 'exhausting'\">Tipp<\/a><\/div>\r\n<\/div>\r\n<b><span class=\"number\">\u277d<\/span><\/b>Boris was  <input type=\"text\" class=\"form-control\" id=\"q7\" autocomplete=\"off\"><b><i>(exhaust)<\/i><\/b> by too much debating.\r\n<div class=\"row\">\r\n<div>\r\n<p id=\"correct7\" align=\"left\"><\/p>\r\n\r\n<\/div>\r\n<div>\r\n<a button=\"\" class=\"btn btn-success tipp7 hidden\" href=\"#8\" title=\"Boris was exhausted...\" data-toggle=\"popover\" data-placement=\"top\" data-trigger=\"hover\" style=\"text-decoration: none, color:white\" data-content=\"'exhausted' beschreibt hier den Zustand des Bezugswortes, deswegen Partizip Perfekt \u2794 'exhausted'\">Tipp<\/a><\/div>\r\n<\/div>\r\n<b><span class=\"number\">\u277e<\/span><\/b>People are often  <input type=\"text\" class=\"form-control\" id=\"q8\" autocomplete=\"off\"><b><i>(bore)<\/i><\/b>by their jobs.\r\n<div class=\"row\">\r\n<div>\r\n<p id=\"correct8\" align=\"left\"><\/p>\r\n\r\n<\/div>\r\n<div>\r\n<a button=\"\" class=\"btn btn-success tipp8 hidden\" href=\"#9\" title=\"People are often bored...\" data-toggle=\"popover\" data-placement=\"top\" data-trigger=\"hover\" style=\"text-decoration: none, color:white\" data-content=\"'bored' beschreibt hier den Zustand des Bezugswortes, deswegen Partizip Perfekt \u2794 'bored'\">Tipp<\/a><\/div>\r\n<\/div>\r\n<b><span class=\"number\">\u277f<\/span><\/b>Managers spend most of their days in <input type=\"text\" class=\"form-control\" id=\"q9\" autocomplete=\"off\"><b><i>(bore)<\/i><\/b> meetings.\r\n<div class=\"row\">\r\n<div>\r\n<p id=\"correct9\" align=\"left\"><\/p>\r\n\r\n<\/div>\r\n<div>\r\n<a button=\"\" class=\"btn btn-success tipp9 hidden\" href=\"#10\" title=\"...in boring meetings...\" data-toggle=\"popover\" data-placement=\"top\" data-trigger=\"hover\" style=\"text-decoration: none, color:white\" data-content=\"'boring' beschreibt eine Eigenschaft des Bezugswortes , deswegen Partizip Pr\u00e4sens \u2794 'boring'\">Tipp<\/a><\/div>\r\n<\/div>\r\n<!-- The Modal -->\r\n<div id=\"myModal\" class=\"modal\">\r\n<div class=\"modal-dialog\">\r\n<div class=\"modal-content\">\r\n\r\n<!-- Modal Header -->\r\n<div class=\"modal-header\">\r\n<h4 class=\"modal-title\">Partizip Pr\u00e4sens \/ Perfekt &#8211; Unterschied<\/h4>\r\n<button class=\"close\" type=\"button\" data-dismiss=\"modal\">\u00d7<\/button>\r\n\r\n<\/div>\r\n<!-- Modal body -->\r\n<div class=\"modal-body\"><table class=\"table table-bordered table-sm table-hover\">\r\n<thead>\r\n<tr class=\"table-danger\">\r\n<th colspan=\"2\">Partizip Perfekt \/ Partizip Pr\u00e4sens als Adjektiv<\/th>\r\n<\/tr>\r\n<\/thead>\r\n<tbody>\r\n<tr class=\"table-success\">\r\n<td colspan='2'><b>genau wie im Deutschen, kann man auch im Englischen durch das Verwenden eines Verbs in den Partizipien des Pr\u00e4sens bzw. Perfekts, dieses in ein Eigenschaftswort verwandeln:<\/b><\/td>\r\n\r\n<\/tr>\r\n\r\n<tr class=\"table-primary\">\r\n<td><b>Partizip Pr\u00e4sens: beschreibt eine Eigenschaft<\/b><\/td>\r\n<td><b>Partizip Perfect: beschreibt einen Zustand<\/b><\/td><\/tr>\r\n<tr class=\"table-info\"><td><b><i class=\"text-danger\">interesting &#8211; interessant <\/i><\/b><\/td>\r\n<td><b><i class=\"text-danger\">interested &#8211; interessiert <\/i><\/b><\/td>\r\n<\/tr>\r\n<tr class=\"table-info\">\r\n<td><b><i class=\"text-danger\">amazing &#8211; bezaubernd <\/i> <\/b><\/td>\r\n<td><b><i class=\"text-danger\">amazed &#8211; bezaubert <\/i> <\/b><\/td>\r\n<\/tr>\r\n<tr class=\"table-info\">\r\n<td><b><i class=\"text-danger\">exciting &#8211; aufregend <\/i> <\/b><\/td>\r\n<td><b><i class=\"text-danger\">excited &#8211; aufgeregt <\/i> <\/b><\/td>\r\n<\/tr>\r\n<tr class=\"table-info\">\r\n<td><b><i class=\"text-danger\">boring &#8211; langweilig <\/i> <\/b><\/td>\r\n<td><b><i class=\"text-danger\">bored &#8211; gelangweilt <\/i> <\/b><\/td>\r\n<\/tr>\r\n<tr class=\"table-info\">\r\n<td><b><i class=\"text-danger\">embarrassing &#8211; peinlich <\/i> <\/b><\/td>\r\n<td><b><i class=\"text-danger\">embarrassed &#8211; blamiert <\/i> <\/b><\/td>\r\n<\/tr>\r\n<tr class=\"table-info\">\r\n<td><b><i class=\"text-danger\">shocking &#8211; schockierend<\/i> <\/b><\/td>\r\n<td><b><i class=\"text-danger\">shocked &#8211;  schockiert <\/i> <\/b><\/td>\r\n<\/tr>\r\n<tr class=\"table-info\">\r\n<td><b><i class=\"text-danger\">surprised &#8211; \u00fcberrascht <\/i> <\/b><\/td>\r\n<td><b><i class=\"text-danger\">surprising &#8211; \u00fcberraschend <\/i> <\/b><\/td>\r\n<\/tr>\r\n<tr class=\"table-info\">\r\n<td><b><i class=\"text-danger\">exhausting &#8211; ersch\u00f6pfend <\/i> <\/b><\/td>\r\n<td><b><i class=\"text-danger\">exhausted &#8211; ersch\u00f6pft <\/i> <\/b><\/td>\r\n<\/tr>\r\n<tr class=\"table-info\">\r\n<td><b><i class=\"text-danger\">satisfying &#8211; befriedigend <\/i> <\/b><\/td>\r\n<td><b><i class=\"text-danger\">satisfied &#8211; befriedigt <\/i> <\/b><\/td>\r\n<\/tr>\r\n<tr class=\"table-info\">\r\n<td><b><i class=\"text-danger\">disgusting &#8211; widerw\u00e4rtig <\/i> <\/b><\/td>\r\n<td><b><i class=\"text-danger\">disgusted &#8211; angewidert <\/i> <\/b><\/td>\r\n<\/tr>\r\n<tr class=\"table-info\"><td><b><i class=\"text-danger\">annoying &#8211; nervig <\/i><\/b><\/td>\r\n<td><b><i class=\"text-danger\">annoyed &#8211; genervt <\/i><\/b><\/td>\r\n<\/tr>\r\n<tr class=\"table-info\">\r\n<td><b><i class=\"text-danger\">tiring &#8211; erm\u00fcdend <\/i> <\/b><\/td>\r\n<td><b><i class=\"text-danger\">tired &#8211; m\u00fcde <\/i> <\/b><\/td>\r\n<\/tr>\r\n<tr class=\"table-info\">\r\n<td><b><i class=\"text-danger\">frightening &#8211; furchteinfl\u00f6\u00dfend <\/i> <\/b><\/td>\r\n<td><b><i class=\"text-danger\">frightened &#8211; ver\u00e4ngstigt <\/i> <\/b><\/td>\r\n<\/tr>\r\n<tr class=\"table-info\">\r\n<td><b><i class=\"text-danger\">worrying &#8211; besorgniserregend <\/i> <\/b><\/td>\r\n<td><b><i class=\"text-danger\">worried &#8211; besorgt <\/i> <\/b><\/td>\r\n<\/tr>\r\n<tr class=\"table-info\">\r\n<td><b><i class=\"text-danger\">confusing &#8211; verwirrend <\/i> <\/b><\/td>\r\n<td><b><i class=\"text-danger\">confused &#8211; verwirrt <\/i> <\/b><\/td>\r\n<\/tr>\r\n<tr class=\"table-info\">\r\n<td><b><i class=\"text-danger\">alarming &#8211; alarmierend<\/i> <\/b><\/td>\r\n<td><b><i class=\"text-danger\">alarmed &#8211;  alarmiert <\/i> <\/b><\/td>\r\n<\/tr>\r\n<tr class=\"table-info\">\r\n<td><b><i class=\"text-danger\">overwhelming &#8211; \u00fcberw\u00e4ltigend <\/i> <\/b><\/td>\r\n<td><b><i class=\"text-danger\">overwhelmed &#8211; \u00fcberw\u00e4ltigt <\/i> <\/b><\/td>\r\n<\/tr>\r\n<tr class=\"table-info\">\r\n<td><b><i class=\"text-danger\">enticing &#8211; entz\u00fcckend <\/i> <\/b><\/td>\r\n<td><b><i class=\"text-danger\">enticed &#8211; entz\u00fcckt <\/i> <\/b><\/td>\r\n<\/tr>\r\n<tr class=\"table-info\">\r\n<td><b><i class=\"text-danger\">increasing &#8211; steigend<\/i> <\/b><\/td>\r\n<td><b><i class=\"text-danger\">increased &#8211; gesteigert<\/i> <\/b><\/td>\r\n<\/tr>\r\n\r\n\r\n<\/tbody>\r\n<\/table><\/div>\r\n<!-- Modal footer -->\r\n<div class=\"modal-footer\"><button class=\"btn btn-danger\" type=\"button\" data-dismiss=\"modal\">Close<\/button><\/div>\r\n<\/div>\r\n<\/div>\r\n<\/div>\r\n<\/div>\r\n<\/div>\r\n<div class=\"container\">\r\n\r\n<hr>\r\n\r\n<button id=\"submitButton\" class=\"btn-lg btn-primary \" type=\"submit\" value=\"submit\">Pr\u00fcfen<\/button><button id=\"resetButton\" class=\"btn-lg btn-success\" type=\"submit\" onclick=\"refreshPage()\">Neustart<\/button><button id=\"submitButton\" class=\"btn-lg btn-info\" type=\"button\" value=\"submit\" data-toggle=\"modal\" data-target=\"#myModal\">Tipp<\/button>\r\n\r\n<hr>\r\n\r\n\r\n<p id=\"result\"><\/p>\r\n<p id=\"result2\"><\/p>\r\n<b><\/b>\r\n<h3> Alle zum Thema Partizip Pr\u00e4sens Perfekt:<\/h3>\r\n<hr>\r\n<div id=\"bellows-main-64\" class=\"bellows bellows-nojs bellows-main bellows-source-menu bellows-align-full bellows-skin-vanilla bellows-type-\"><ul id=\"menu-partizip\" class=\"bellows-nav\" data-bellows-config=\"main\"><li id=\"menu-item-7974\" class=\"bellows-menu-item bellows-menu-item-type-post_type bellows-menu-item-object-page bellows-menu-item-7974 bellows-item-level-0\"><a  href=\"https:\/\/english-munich.de\/training\/partizip-perfekt-partizip-praesens-unterschied-englisch\/\" class=\"bellows-target\"><span class=\"bellows-target-title bellows-target-text\">\u2611\ufe0fPartizip Perfekt \u2013 Pr\u00e4sens Unterschied<\/span><\/a><\/li>\n<li id=\"menu-item-8011\" class=\"bellows-menu-item bellows-menu-item-type-post_type bellows-menu-item-object-page bellows-menu-item-8011 bellows-item-level-0\"><a  href=\"https:\/\/english-munich.de\/training\/partizip-perfekt-partizip-praesens-unterschied-englisch-2\/\" class=\"bellows-target\"><span class=\"bellows-target-title bellows-target-text\">\u2611\ufe0fPartizip Perfekt \u2013 Pr\u00e4sens Unterschied<\/span><\/a><\/li>\n<li id=\"menu-item-8033\" class=\"bellows-menu-item bellows-menu-item-type-post_type bellows-menu-item-object-page bellows-menu-item-8033 bellows-item-level-0\"><a  href=\"https:\/\/english-munich.de\/training\/partizip-perfekt-partizip-praesens-unterschied\/\" class=\"bellows-target\"><span class=\"bellows-target-title bellows-target-text\">\u270d\ufe0fPartizip Perfekt \u2013 Pr\u00e4sens \u2013 Unterschied<\/span><\/a><\/li>\n<li id=\"menu-item-10174\" class=\"bellows-menu-item bellows-menu-item-type-post_type bellows-menu-item-object-page bellows-menu-item-10174 bellows-item-level-0\"><a  href=\"https:\/\/english-munich.de\/training\/partizip-perfekt-praesens-unterschied\/\" class=\"bellows-target\"><span class=\"bellows-target-title bellows-target-text\">\u270d\ufe0fPartizip Perfekt \u2013 Pr\u00e4sens Unterschied<\/span><\/a><\/li>\n<li id=\"menu-item-8056\" class=\"bellows-menu-item bellows-menu-item-type-post_type bellows-menu-item-object-page bellows-menu-item-8056 bellows-item-level-0\"><a  href=\"https:\/\/english-munich.de\/training\/partizip-perfect-praesens-als-adjektiv\/\" class=\"bellows-target\"><span class=\"bellows-target-title bellows-target-text\">\u2611\ufe0fPartizip Perfekt \u2013 Pr\u00e4sens als Adjektiv<\/span><\/a><\/li>\n<li id=\"menu-item-8078\" class=\"bellows-menu-item bellows-menu-item-type-post_type bellows-menu-item-object-page bellows-menu-item-8078 bellows-item-level-0\"><a  href=\"https:\/\/english-munich.de\/training\/partizip-perfect-praesens-als-adjektiv-2\/\" class=\"bellows-target\"><span class=\"bellows-target-title bellows-target-text\">\u2611\ufe0fPartizip \u2013 Perfekt \u2013 Pr\u00e4sens als Adjektiv<\/span><\/a><\/li>\n<li id=\"menu-item-8115\" class=\"bellows-menu-item bellows-menu-item-type-post_type bellows-menu-item-object-page bellows-menu-item-8115 bellows-item-level-0\"><a  href=\"https:\/\/english-munich.de\/training\/partizip-praesens-perfekt-adjektiv\/\" class=\"bellows-target\"><span class=\"bellows-target-title bellows-target-text\">\u270d\ufe0fPartizip \u2013 Perfekt \u2013 Pr\u00e4sens als Adjektiv<\/span><\/a><\/li>\n<\/ul><\/div>\r\n<\/div>\r\n<\/div>","protected":false},"excerpt":{"rendered":"Pr\u00e4sens Partizip &#8211; Perfekt &#8211; Adjektiv \u00dcbungen zum Pr\u00e4sens Partizip &#8211; Perfekt als Adjektiv Beispiel \u24ffWe were &nbsp;(amazed)&nbsp; by her performance. Die richtige L\u00f6sung ist: amaze&nbsp;&nbsp;Tipp \u270d\ufe0f F\u00fclle die Verben in Klammern in der richtigen Form des Partizip Pr\u00e4sens bzw. Perfekt in die L\u00fccken: \u2776Johnny did an(amaze) job. Tipp \u2777I was (shock)by his input. Tipp [&hellip;]","protected":false},"author":3,"featured_media":0,"parent":0,"menu_order":0,"comment_status":"closed","ping_status":"closed","template":"","meta":[],"_links":{"self":[{"href":"https:\/\/english-munich.de\/training\/wp-json\/wp\/v2\/pages\/8106"}],"collection":[{"href":"https:\/\/english-munich.de\/training\/wp-json\/wp\/v2\/pages"}],"about":[{"href":"https:\/\/english-munich.de\/training\/wp-json\/wp\/v2\/types\/page"}],"author":[{"embeddable":true,"href":"https:\/\/english-munich.de\/training\/wp-json\/wp\/v2\/users\/3"}],"replies":[{"embeddable":true,"href":"https:\/\/english-munich.de\/training\/wp-json\/wp\/v2\/comments?post=8106"}],"version-history":[{"count":10,"href":"https:\/\/english-munich.de\/training\/wp-json\/wp\/v2\/pages\/8106\/revisions"}],"predecessor-version":[{"id":9726,"href":"https:\/\/english-munich.de\/training\/wp-json\/wp\/v2\/pages\/8106\/revisions\/9726"}],"wp:attachment":[{"href":"https:\/\/english-munich.de\/training\/wp-json\/wp\/v2\/media?parent=8106"}],"curies":[{"name":"wp","href":"https:\/\/api.w.org\/{rel}","templated":true}]}}