{"id":8065,"date":"2021-03-18T08:05:42","date_gmt":"2021-03-18T08:05:42","guid":{"rendered":"https:\/\/english-munich.de\/training\/?page_id=8065"},"modified":"2021-03-19T18:20:14","modified_gmt":"2021-03-19T18:20:14","slug":"partizip-perfect-praesens-als-adjektiv-2","status":"publish","type":"page","link":"https:\/\/english-munich.de\/training\/partizip-perfect-praesens-als-adjektiv-2\/","title":{"rendered":"Partizip &#8211; Perfect &#8211; Pr\u00e4sens als Adjektiv"},"content":{"rendered":"<div class=\"jumbotron text-center\">\r\n<h2>Partizip Perfekt &#8211; Partizip Pr\u00e4sens als Adjektiv Aufgaben<\/h2>\r\n\u00dcbungen zum Unterschied zwischen Partizip Perfect und Partizip Pr\u00e4sens als Eigenschaftswort\r\n\r\n<\/div>\r\n<div class=\"bs-example\">\r\n<div id=\"accordionExample\" class=\"accordion\">\r\n<div class=\"card\">\r\n<div id=\"headingOne\" class=\"card-header\">\r\n<h2 class=\"number\"><button class=\"btn btn-link collapsed\" type=\"button\" data-toggle=\"collapse\" data-target=\"#collapseOne\">Beispiel<\/button><\/h2>\r\n<\/div>\r\n<div id=\"collapseOne\" class=\"collapse\" aria-labelledby=\"headingOne\" data-parent=\"#accordionExample\">\r\n<div class=\"card-body\">\r\n<div class=\"form-group\" style=\"width: 70%; margin: 10px;\"><label for=\"sel1\"><span class=\"number\">\u24ff<\/span> The book is very__________.<\/label>\r\n<select id=\"beispiel\" class=\"form-control\">\r\n<option value=\"wrong\">don&#8217;t do<\/option>\r\n<option value=\"correct\">Reading<\/option>\r\n<option value=\"wrong\">doesn&#8217;t <\/option>\r\n<\/select>\r\n\r\nDie richtige L\u00f6sung ist: <b>&#8222;interesting&#8220;<\/b>&nbsp;&nbsp;<button class=\"btn-lg btn-info\" type=\"button\" value=\"submit\" data-toggle=\"modal\" data-target=\"#myModal\">Tipp<\/button>\r\n\r\n<\/div>\r\n<\/div>\r\n<\/div>\r\n<\/div>\r\n<\/div>\r\n<br \/><br \/>\r\n<div class=\"container well\">\r\n<h4>\u2611\ufe0f W\u00e4hle die richtige Option des <i>Partizip Perfect (-ing Form) oder Partizip Perfekt (-ed) als Adjektiv<\/i>Achte auf den Kontext:<\/h4>\r\n\r\n\r\n<hr>\r\n\r\n<br \/>\r\n<div class=\"container-fluid\">\r\n<div class=\"form-group\" style=\"width: 70%;\"><label for=\"sel1\"><span class=\"number\">\u2776<\/span>Stephen completely__________about the outcome, called his boss.<\/label>\r\n<select id=\"q0\" class=\"form-control\"><option value=\"wrong\"><\/option>\r\n<option value=\"wrong\">worrying<\/option>\r\n<option value=\"correct\">worried<\/option>\r\n<\/select>\r\n<p id=\"correct0\" align=\"left\"><\/p>\r\n<a class=\"btn btn-success tipp0 hidden\" style=\"text-decoration: none, color:white;\" title=\"Stephen totally worried about the outcome...\" href=\"#0\" data-toggle=\"popover\" data-placement=\"top\" data-trigger=\"hover\" data-content=\" 'worried' bezieht sich auf einen Zustand des Subjekts und wird deshalb im past participle verwendet \u2794 'worried' \u2794 'besorgt'.\">Tipp<\/a>\r\n\r\n<\/div>\r\n<div class=\"form-group\" style=\"width: 70%;\"><label for=\"sel1\"><span class=\"number\">\u2777<\/span>It was __________scenario.<\/label>\r\n<select id=\"q1\" class=\"form-control\"><option value=\"wrong\"><\/option>\r\n<option value=\"correct\">worrying<\/option>\r\n<option value=\"wrong\">worried<\/option>\r\n<\/select>\r\n<p id=\"correct1\" align=\"left\"><\/p>\r\n<a class=\"btn btn-success tipp1 hidden\" style=\"text-decoration: none, color:white;\" title=\"It was a worrying scenario...\" href=\"#1\" data-toggle=\"popover\" data-placement=\"top\" data-trigger=\"hover\" data-content=\"'worrying' beschreibt eine Eigenschaft des Subjekts und wird deswegen im Partizip Pr\u00e4sens verwendet 'worrying' \u2794 'besorgniserregend'.\">Tipp<\/a>\r\n\r\n<\/div>\r\n<div class=\"form-group\" style=\"width: 70%;\"><label for=\"sel1\"><span class=\"number\">\u2778<\/span> This is a __________aspect.<\/label>\r\n<select id=\"q2\" class=\"form-control\"><option value=\"wrong\"><\/option>\r\n<option value=\"correct\">frightening<\/option>\r\n<option value=\"wrong\">frightened<\/option>\r\n<\/select>\r\n<p id=\"correct2\" align=\"left\"><\/p>\r\n<a class=\"btn btn-success tipp2 hidden\" style=\"text-decoration: none, color:white;\" title=\"...a frightening aspect.\" href=\"#2\" data-toggle=\"popover\" data-placement=\"top\" data-trigger=\"hover\" data-content=\"'frightening' beschreibt eine Eigenschaft des Subjekts und wird deswegen im Partizip Pr\u00e4sens verwendet 'frightening' \u2794 'furchteinfl\u00f6\u00dfend'\">Tipp<\/a>\r\n\r\n<\/div>\r\n<div class=\"form-group\" style=\"width: 70%;\"><label for=\"sel1\"><span class=\"number\">\u2779<\/span> The man __________by the outlook, gave up.<\/label>\r\n<select id=\"q3\" class=\"form-control\"><option value=\"wrong\"><\/option>\r\n<option value=\"wrong\">frightening<\/option>\r\n<option value=\"correct\">frightened<\/option>\r\n<\/select>\r\n<p id=\"correct3\" align=\"left\"><\/p>\r\n<a class=\"btn btn-success tipp3 hidden\" style=\"text-decoration: none, color:white;\" title=\"A man frightened by the outlook...\" href=\"#3\" data-toggle=\"popover\" data-placement=\"top\" data-trigger=\"hover\" data-content=\"'frightened' bezieht sich auf einen Zustand des Subjekts und wird deshalb im Partizip Perfekt verwendet \u2794 'frightened' \u2794 'ver\u00e4ngstigt'\">Tipp<\/a>\r\n\r\n<\/div>\r\n<div class=\"form-group\" style=\"width: 70%;\"><label for=\"sel1\"><span class=\"number\">\u277a<\/span>The team__________of not winning, fell apart.<\/label>\r\n<select id=\"q4\" class=\"form-control\"><option value=\"wrong\"><\/option>\r\n<option value=\"wrong\">tiring<\/option>\r\n<option value=\"correct\">tired<\/option>\r\n\r\n<\/select>\r\n<p id=\"correct4\" align=\"left\"><\/p>\r\n<a class=\"btn btn-success tipp4 hidden\" style=\"text-decoration: none, color:white;\" title=\"The team tired of not winning...\" href=\"#4\" data-toggle=\"popover\" data-placement=\"top\" data-trigger=\"hover\" data-content=\"'tired' bezieht sich auf einen Zustand des Subjekts und wird deshalb im Partizip Perfekt verwendet \u2794 'tired' \u2794 'erm\u00fcdet'\">Tipp<\/a>\r\n\r\n<\/div>\r\n<div class=\"form-group\" style=\"width: 70%;\"><label for=\"sel1\"><span class=\"number\">\u277b<\/span>Despite__________efforts they won the match.<\/label>\r\n<select id=\"q5\" class=\"form-control\"><option value=\"wrong\"><\/option>\r\n<option value=\"correct\">tiring<\/option>\r\n<option value=\"wrong\">tired<\/option>\r\n<\/select>\r\n<p id=\"correct5\" align=\"left\"><\/p>\r\n<a class=\"btn btn-success tipp5 hidden\" style=\"text-decoration: none, color:white;\" title=\"Despite tiring efforts...\" href=\"#5\" data-toggle=\"popover\" data-placement=\"top\" data-trigger=\"hover\" data-content=\"'tiring' wird hier als Adjektiv im Partizip Pr\u00e4sens verwendet 'tiring' \u2794 'erm\u00fcdend'\">Tipp<\/a>\r\n\r\n<\/div>\r\n<div class=\"form-group\" style=\"width: 70%;\"><label for=\"sel1\"><span class=\"number\">\u277c<\/span>She was __________by the question.<\/label>\r\n<select id=\"q6\" class=\"form-control\"><option value=\"wrong\"><\/option>\r\n<option value=\"wrong\">confusing<\/option>\r\n<option value=\"correct\">confused<\/option>\r\n<\/select>\r\n<p id=\"correct6\" align=\"left\"><\/p>\r\n<a class=\"btn btn-success tipp6 hidden\" style=\"text-decoration: none, color:white;\" title=\"She was confused by the question...\" href=\"#6\" data-toggle=\"popover\" data-placement=\"top\" data-trigger=\"hover\" data-content=\"'confused' bezieht sich auf einen Zustand des Subjekts und wird deshalb im past participle verwendet \u2794 'confused' \u2794 'verwirrt'\">Tipp<\/a>\r\n\r\n<\/div>\r\n<div class=\"form-group\" style=\"width: 70%;\"><label for=\"sel1\"><span class=\"number\">\u277d<\/span> It was a _________situation from the start.<\/label>\r\n<select id=\"q7\" class=\"form-control\"><option value=\"wrong\"><\/option>\r\n<option value=\"correct\">confusing<\/option>\r\n<option value=\"wrong\">confused<\/option>\r\n<\/select>\r\n<p id=\"correct7\" align=\"left\"><\/p>\r\n<a class=\"btn btn-success tipp7 hidden\" style=\"text-decoration: none, color:white;\" title=\"It was a confusing situation...\" href=\"#7\" data-toggle=\"popover\" data-placement=\"top\" data-trigger=\"hover\" data-content=\"'confusing' beschreibt eine Eigenschaft des Subjekts und wird deswegen im Gerund verwendet 'confusing' \u2794 'verwirrend'\">Tipp<\/a>\r\n\r\n<\/div>\r\n<div class=\"form-group\" style=\"width: 70%;\"><label for=\"sel1\"><span class=\"number\">\u277e<\/span> She was  __________by the question.<\/label>\r\n<select id=\"q8\" class=\"form-control\"><option value=\"wrong\"><\/option>\r\n<option value=\"wrong\">annoying<\/option>\r\n<option value=\"correct\">annoyed<\/option>\r\n<\/select>\r\n<p id=\"correct8\" align=\"left\"><\/p>\r\n<a class=\"btn btn-success tipp8 hidden\" style=\"text-decoration: none, color:white;\" title=\"She was annoyed by the question.\" href=\"#8\" data-toggle=\"popover\" data-placement=\"top\" data-trigger=\"hover\" data-content=\"'annoyed' bezieht sich auf einen Zustand des Subjekts und wird deshalb im Partizip Perfekt verwendet \u2794 'annoyed' \u2794 'genervt'\">Tipp<\/a>\r\n\r\n<\/div>\r\n<div class=\"form-group\" style=\"width: 70%;\"><label for=\"sel1\"><span class=\"number\">\u277f<\/span>Karen asked one of her typically _________questions.<\/label>\r\n<select id=\"q9\" class=\"form-control\"><option value=\"wrong\"><\/option>\r\n<option value=\"wrong\">annoyed<\/option>\r\n<option value=\"correct\">annoying<\/option>\r\n\r\n<\/select>\r\n<p id=\"correct9\" align=\"left\"><\/p>\r\n<a class=\"btn btn-success tipp9 hidden\" style=\"text-decoration: none, color:white;\" title=\"...typicaly annoying questions.\" href=\"#9\" data-toggle=\"popover\" data-placement=\"top\" data-trigger=\"hover\" data-content=\"'annoying' wird hier als Adjektiv im Partizip Pr\u00e4sens verwendet 'annoying' \u2794 'nervig'\">Tipp<\/a>\r\n\r\n<\/div>\r\n<\/div>\r\n<div class=\"container\">\r\n\r\n<!-- The Modal -->\r\n<div id=\"myModal\" class=\"modal\">\r\n<div class=\"modal-dialog\">\r\n<div class=\"modal-content\">\r\n\r\n<!-- Modal Header -->\r\n<div class=\"modal-header\">\r\n<h4 class=\"modal-title\">past participle \/ gerund als Eigenschaftswort<\/h4>\r\n<button class=\"close\" type=\"button\" data-dismiss=\"modal\">\u00d7<\/button>\r\n\r\n<\/div>\r\n<!-- Modal body -->\r\n<div class=\"modal-body\"><div class=\"modal-body\"><table class=\"table table-bordered table-sm table-hover\">\r\n<thead>\r\n<tr class=\"table-danger\">\r\n<th colspan=\"2\">Partizip Perfekt \/ Partizip Pr\u00e4sens als Adjektiv<\/th>\r\n<\/tr>\r\n<\/thead>\r\n<tbody>\r\n<tr class=\"table-success\">\r\n<td colspan='2'><b>genau wie im Deutschen, kann man auch im Englischen durch das Verwenden eines Verbs in den Partizipien des Pr\u00e4sens bzw. Perfekts, dieses in ein Eigenschaftswort verwandeln:<\/b><\/td>\r\n\r\n<\/tr>\r\n\r\n<tr class=\"table-primary\">\r\n<td><b>Partizip Pr\u00e4sens: beschreibt eine Eigenschaft<\/b><\/td>\r\n<td><b>Partizip Perfect: beschreibt einen Zustand<\/b><\/td><\/tr>\r\n<tr class=\"table-info\"><td><b><i class=\"text-danger\">annoying &#8211; nervig <\/i><\/b><\/td>\r\n<td><b><i class=\"text-danger\">annoyed &#8211; genervt <\/i><\/b><\/td>\r\n<\/tr>\r\n<tr class=\"table-info\">\r\n<td><b><i class=\"text-danger\">tiring &#8211; erm\u00fcdend <\/i> <\/b><\/td>\r\n<td><b><i class=\"text-danger\">tired &#8211; m\u00fcde <\/i> <\/b><\/td>\r\n<\/tr>\r\n<tr class=\"table-info\">\r\n<td><b><i class=\"text-danger\">frightening &#8211; furchteinfl\u00f6\u00dfend <\/i> <\/b><\/td>\r\n<td><b><i class=\"text-danger\">frightened &#8211; ver\u00e4ngstigt <\/i> <\/b><\/td>\r\n<\/tr>\r\n<tr class=\"table-info\">\r\n<td><b><i class=\"text-danger\">worrying &#8211; besorgniserregend <\/i> <\/b><\/td>\r\n<td><b><i class=\"text-danger\">worried &#8211; besorgt <\/i> <\/b><\/td>\r\n<\/tr>\r\n<tr class=\"table-info\">\r\n<td><b><i class=\"text-danger\">confusing &#8211; verwirrend <\/i> <\/b><\/td>\r\n<td><b><i class=\"text-danger\">confused &#8211; verwirrt <\/i> <\/b><\/td>\r\n<\/tr>\r\n<tr class=\"table-info\">\r\n<td><b><i class=\"text-danger\">alarming &#8211; alarmierend<\/i> <\/b><\/td>\r\n<td><b><i class=\"text-danger\">alarmed &#8211;  alarmiert <\/i> <\/b><\/td>\r\n<\/tr>\r\n<tr class=\"table-info\">\r\n<td><b><i class=\"text-danger\">overwhelming &#8211; \u00fcberw\u00e4ltigend <\/i> <\/b><\/td>\r\n<td><b><i class=\"text-danger\">overwhelmed &#8211; \u00fcberw\u00e4ltigt <\/i> <\/b><\/td>\r\n<\/tr>\r\n<tr class=\"table-info\">\r\n<td><b><i class=\"text-danger\">enticing &#8211; entz\u00fcckend <\/i> <\/b><\/td>\r\n<td><b><i class=\"text-danger\">enticed &#8211; entz\u00fcckt <\/i> <\/b><\/td>\r\n<\/tr>\r\n<tr class=\"table-info\">\r\n<td><b><i class=\"text-danger\">increasing &#8211; steigend<\/i> <\/b><\/td>\r\n<td><b><i class=\"text-danger\">increased &#8211; gesteigert<\/i> <\/b><\/td>\r\n<\/tr>\r\n\r\n<\/tbody>\r\n<\/table>\r\n<\/div>\r\n<!-- Modal footer -->\r\n<div class=\"modal-footer\"><button class=\"btn btn-danger\" type=\"button\" data-dismiss=\"modal\">Close<\/button><\/div>\r\n<\/div>\r\n<\/div>\r\n<\/div>\r\n<\/div>\r\n<\/div>\r\n<\/div>\r\n<hr>\r\n\r\n<div class=\"container\"><button id=\"submitButton\" class=\"btn-lg btn-primary \" type=\"submit\" value=\"submit\">Pr\u00fcfen<\/button><button id=\"resetButton\" class=\"btn-lg btn-success\" type=\"submit\" onclick=\"refreshPage()\">Neustart<\/button><button id=\"submitButton\" class=\"btn-lg btn-info\" type=\"submit\" value=\"submit\" data-toggle=\"modal\" data-target=\"#myModal\">Tipp<\/button>\r\n\r\n<\/div>\r\n\r\n\r\n\r\n\r\n<hr>\r\n<p id=\"result\"><\/p>\r\n<p id=\"result2\"><\/p>\r\n\r\n<h3>Alle \u00dcbungen Unterschied Simple Present \/ Progressive<\/h3>\r\n<div id=\"bellows-main-64\" class=\"bellows bellows-nojs bellows-main bellows-source-menu bellows-align-full bellows-skin-vanilla bellows-type-\"><ul id=\"menu-partizip\" class=\"bellows-nav\" data-bellows-config=\"main\"><li id=\"menu-item-7974\" class=\"bellows-menu-item bellows-menu-item-type-post_type bellows-menu-item-object-page bellows-menu-item-7974 bellows-item-level-0\"><a  href=\"https:\/\/english-munich.de\/training\/partizip-perfekt-partizip-praesens-unterschied-englisch\/\" class=\"bellows-target\"><span class=\"bellows-target-title bellows-target-text\">\u2611\ufe0fPartizip Perfekt \u2013 Pr\u00e4sens Unterschied<\/span><\/a><\/li>\n<li id=\"menu-item-8011\" class=\"bellows-menu-item bellows-menu-item-type-post_type bellows-menu-item-object-page bellows-menu-item-8011 bellows-item-level-0\"><a  href=\"https:\/\/english-munich.de\/training\/partizip-perfekt-partizip-praesens-unterschied-englisch-2\/\" class=\"bellows-target\"><span class=\"bellows-target-title bellows-target-text\">\u2611\ufe0fPartizip Perfekt \u2013 Pr\u00e4sens Unterschied<\/span><\/a><\/li>\n<li id=\"menu-item-8033\" class=\"bellows-menu-item bellows-menu-item-type-post_type bellows-menu-item-object-page bellows-menu-item-8033 bellows-item-level-0\"><a  href=\"https:\/\/english-munich.de\/training\/partizip-perfekt-partizip-praesens-unterschied\/\" class=\"bellows-target\"><span class=\"bellows-target-title bellows-target-text\">\u270d\ufe0fPartizip Perfekt \u2013 Pr\u00e4sens \u2013 Unterschied<\/span><\/a><\/li>\n<li id=\"menu-item-10174\" class=\"bellows-menu-item bellows-menu-item-type-post_type bellows-menu-item-object-page bellows-menu-item-10174 bellows-item-level-0\"><a  href=\"https:\/\/english-munich.de\/training\/partizip-perfekt-praesens-unterschied\/\" class=\"bellows-target\"><span class=\"bellows-target-title bellows-target-text\">\u270d\ufe0fPartizip Perfekt \u2013 Pr\u00e4sens Unterschied<\/span><\/a><\/li>\n<li id=\"menu-item-8056\" class=\"bellows-menu-item bellows-menu-item-type-post_type bellows-menu-item-object-page bellows-menu-item-8056 bellows-item-level-0\"><a  href=\"https:\/\/english-munich.de\/training\/partizip-perfect-praesens-als-adjektiv\/\" class=\"bellows-target\"><span class=\"bellows-target-title bellows-target-text\">\u2611\ufe0fPartizip Perfekt \u2013 Pr\u00e4sens als Adjektiv<\/span><\/a><\/li>\n<li id=\"menu-item-8078\" class=\"bellows-menu-item bellows-menu-item-type-post_type bellows-menu-item-object-page bellows-menu-item-8078 bellows-item-level-0\"><a  href=\"https:\/\/english-munich.de\/training\/partizip-perfect-praesens-als-adjektiv-2\/\" class=\"bellows-target\"><span class=\"bellows-target-title bellows-target-text\">\u2611\ufe0fPartizip \u2013 Perfekt \u2013 Pr\u00e4sens als Adjektiv<\/span><\/a><\/li>\n<li id=\"menu-item-8115\" class=\"bellows-menu-item bellows-menu-item-type-post_type bellows-menu-item-object-page bellows-menu-item-8115 bellows-item-level-0\"><a  href=\"https:\/\/english-munich.de\/training\/partizip-praesens-perfekt-adjektiv\/\" class=\"bellows-target\"><span class=\"bellows-target-title bellows-target-text\">\u270d\ufe0fPartizip \u2013 Perfekt \u2013 Pr\u00e4sens als Adjektiv<\/span><\/a><\/li>\n<\/ul><\/div>\r\n\r\n<\/div>","protected":false},"excerpt":{"rendered":"Partizip Perfekt &#8211; Partizip Pr\u00e4sens als Adjektiv Aufgaben \u00dcbungen zum Unterschied zwischen Partizip Perfect und Partizip Pr\u00e4sens als Eigenschaftswort Beispiel \u24ff The book is very__________. don&#8217;t do Reading doesn&#8217;t Die richtige L\u00f6sung ist: &#8222;interesting&#8220;&nbsp;&nbsp;Tipp \u2611\ufe0f W\u00e4hle die richtige Option des Partizip Perfect (-ing Form) oder Partizip Perfekt (-ed) als AdjektivAchte auf den Kontext: \u2776Stephen completely__________about [&hellip;]","protected":false},"author":3,"featured_media":0,"parent":0,"menu_order":0,"comment_status":"closed","ping_status":"closed","template":"","meta":[],"_links":{"self":[{"href":"https:\/\/english-munich.de\/training\/wp-json\/wp\/v2\/pages\/8065"}],"collection":[{"href":"https:\/\/english-munich.de\/training\/wp-json\/wp\/v2\/pages"}],"about":[{"href":"https:\/\/english-munich.de\/training\/wp-json\/wp\/v2\/types\/page"}],"author":[{"embeddable":true,"href":"https:\/\/english-munich.de\/training\/wp-json\/wp\/v2\/users\/3"}],"replies":[{"embeddable":true,"href":"https:\/\/english-munich.de\/training\/wp-json\/wp\/v2\/comments?post=8065"}],"version-history":[{"count":9,"href":"https:\/\/english-munich.de\/training\/wp-json\/wp\/v2\/pages\/8065\/revisions"}],"predecessor-version":[{"id":8160,"href":"https:\/\/english-munich.de\/training\/wp-json\/wp\/v2\/pages\/8065\/revisions\/8160"}],"wp:attachment":[{"href":"https:\/\/english-munich.de\/training\/wp-json\/wp\/v2\/media?parent=8065"}],"curies":[{"name":"wp","href":"https:\/\/api.w.org\/{rel}","templated":true}]}}