{"id":7754,"date":"2021-03-13T09:37:27","date_gmt":"2021-03-13T09:37:27","guid":{"rendered":"https:\/\/english-munich.de\/training\/?page_id=7754"},"modified":"2021-05-05T13:18:24","modified_gmt":"2021-05-05T13:18:24","slug":"suffixe-endungen-adverb","status":"publish","type":"page","link":"https:\/\/english-munich.de\/training\/suffixe-endungen-adverb\/","title":{"rendered":"Suffixe &#8211; Endungen &#8211; Adverb &#8211; Englisch &#8211; \u00dcbungen"},"content":{"rendered":"<div class=\"jumbotron text-center\">\r\n<h2>Suffixe beim Adverb<\/h2>\r\n\u00dcbungen zum Thema Endungen &#8211; Suffixe von Adverbien\r\n\r\n<\/div>\r\n<div class=\"bs-example\">\r\n<div class=\"accordion\" id=\"accordionExample\">\r\n<div class=\"card\">\r\n<div class=\"card-header\" id=\"headingOne\">\r\n<h2 class=\"mb-0\" style=\"color:#000\">\r\n                    <button type=\"button\" class=\"btn btn-link collapsed\" data-toggle=\"collapse\" data-target=\"#collapseOne\">Beispiel<\/button><\/h2>\r\n<\/div>\r\n<div id=\"collapseOne\" class=\"collapse\" aria-labelledby=\"headingOne\" data-parent=\"#accordionExample\">\r\n<div class=\"card-body\">\r\n<div class=\"form\">\r\n\r\n<b><span class=\"number\">\u24ff<\/span><\/b>There is no <input type=\"text\" class=\"form-control\" id=\"panel-beispiel\" disabled=\"\" value=\"upward\"> <b><i>&nbsp;(up)&nbsp;<\/i><\/b> mobility in our society.&nbsp;&nbsp;&nbsp;&nbsp;\r\nDie richtige L\u00f6sung ist: <b>upward<\/b>&nbsp;&nbsp;<button class=\"btn-lg btn-info\" type=\"button\" data-toggle=\"modal\" data-target=\"#myModal\">Tipp<\/button>\r\n\r\n<\/div>\r\n<\/div>\r\n<\/div>\r\n<\/div>\r\n<\/div>\r\n<br \/><br \/>\r\n<div class=\"container well\">\r\n<h4>\u270d\ufe0f F\u00fclle die richtige Form des <b>Wortes in Klammern<\/b> als <b>Adverb <\/b> in die L\u00fccken. Ben\u00fctze, die Anh\u00e4ngsel (&#8218;-wise&#8216;, &#8218;-ward&#8216;, oder &#8218;-&#8218;ly&#8216;), um das Wort sinnvoll zu erg\u00e4nzen.<\/h4>\r\n\r\n<hr>\r\n\r\n<div class=\"container\">\r\n<b><span class=\"number\">\u2776<\/span><\/b>This project is a problem <input type=\"text\" class=\"form-control\" id=\"q0\" autocomplete=\"off\"><b><i> (money)<\/i><\/b>.\r\n<div class=\"row\">\r\n<div>\r\n<p id=\"correct0\" align=\"left\"><\/p>\r\n\r\n<\/div>\r\n<div>\r\n<a button=\"\" class=\"btn btn-success tipp0 hidden\" href=\"#1\" title=\"This project is problem moneywise.\" data-toggle=\"popover\" data-placement=\"top\" data-trigger=\"hover\" style=\"text-decoration: none; color:white;\" data-content=\"du kannst das Hauptwort 'money' in ein Adverb verwandeln, indem du das Suffix '-wise' anh\u00e4ngst; 'money' \u2794 'moneywise' ('geldm\u00e4\u00dfig')\">Tipp<\/a><\/div>\r\n<\/div>\r\n<b><span class=\"number\">\u2777<\/span><\/b>You cannot go <input type=\"text\" class=\"form-control\" id=\"q1\" autocomplete=\"off\"><b><i>(back)<\/i><\/b> in time.\r\n<div class=\"row\">\r\n<div>\r\n<p id=\"correct1\" align=\"left\"><\/p>\r\n\r\n<\/div>\r\n<div>\r\n<a button=\"\" class=\"btn btn-success tipp1 hidden\" href=\"#2\" title=\"You cannot go backward in time. \" data-toggle=\"popover\" data-placement=\"top\" data-trigger=\"hover\" style=\"text-decoration: none; color:white;\" data-content=\"du kannst die Pr\u00e4position 'back' in ein Adverb verwandeln, indem du das Suffix '-ward' anh\u00e4ngst; 'back' \u2794 'backward'\">Tipp<\/a><\/div>\r\n<\/div>\r\n<b><span class=\"number\">\u2778<\/span><\/b> Can you just read the text  <input type=\"text\" class=\"form-control\" id=\"q2\" autocomplete=\"off\"><b><i>(quick)<\/i><\/b>?\r\n<div class=\"row\">\r\n<div>\r\n<p id=\"correct2\" align=\"left\"><\/p>\r\n\r\n<\/div>\r\n<div>\r\n<a button=\"\" class=\"btn btn-success tipp2 hidden\" align=\"left\" aria-hidden=\"true\" href=\"#3\" title=\"Can you  just read the text quickly?\" data-toggle=\"popover\" data-placement=\"top\" data-trigger=\"hover\" style=\"text-decoration: none, color:white\" data-content=\"du kannst das Adjektiv 'quick' in ein Adverb verwandeln , indem du das Suffix '-ly' anh\u00e4ngst; 'quick' \u2794 'quickly'\">Tipp<\/a><\/div>\r\n<\/div>\r\n<span class=\"number\">\u2779<\/span>Let&#8217;s start to introduce ourselves <input type=\"text\" class=\"form-control\" id=\"q3\" autocomplete=\"off\"><b><i>(clock)<\/i><\/b>.\r\n<div class=\"row\">\r\n<div>\r\n<p id=\"correct3\" align=\"left\"><\/p>\r\n\r\n<\/div>\r\n<div>\r\n<a button=\"\" class=\"btn btn-success tipp3 hidden\" aria-hidden=\"true\" href=\"#4\" title=\"Let's introduce ourselves clockwise.\" data-toggle=\"popover\" data-placement=\"top\" data-trigger=\"hover\" style=\"text-decoration: none, color:white\" data-content=\"du kannst das Hauptwort 'clock' in ein Adverb verwandeln, indem du das Suffix '-wise' anh\u00e4ngst; 'clock' \u2794 'clockwise' ('im Uhrzeigersinn')\">Tipp<\/a><\/div>\r\n<\/div>\r\n<b><span class=\"number\">\u277a<\/span><\/b> <input type=\"text\" class=\"form-control\" id=\"q4\" autocomplete=\"off\"><b><i>(sudden)<\/i><\/b> I knew the solution to the problem.\r\n<div class=\"row\">\r\n<div>\r\n<p id=\"correct4\" align=\"left\"><\/p>\r\n\r\n<\/div>\r\n<div>\r\n<a button=\"\" class=\"btn btn-success tipp4 hidden\" aria-hidden=\"true\" href=\"#5\" title=\"Suddenly I knew the solution to the problem.\" data-toggle=\"popover\" data-placement=\"top\" data-trigger=\"hover\" style=\"text-decoration: none, color:white\" data-content=\"du kannst das Eigenschaftswort 'sudden' in ein Adverb verwandeln, indem du das Suffix '-ly' anh\u00e4ngst; 'sudden' \u2794 'suddenly'\">Tipp<\/a><\/div>\r\n<\/div>\r\n<b><span class=\"number\">\u277b<\/span><\/b>There is a big push <input type=\"text\" class=\"form-control\" id=\"q5\" autocomplete=\"off\"><b><i>(west)<\/i><\/b>.\r\n<div class=\"row\">\r\n<div>\r\n<p id=\"correct5\" align=\"left\"><\/p>\r\n\r\n<\/div>\r\n<div>\r\n<a button=\"\" class=\"btn btn-success tipp5 hidden\" aria-hidden=\"true\" href=\"#6\" title=\"There is a big push westward.\" data-toggle=\"popover\" data-placement=\"top\" data-trigger=\"hover\" style=\"text-decoration: none, color:white\" data-content=\"du kannst das Eigenschaftswort 'west' in ein Adverb verwandeln, indem du das Suffix '-ward' anh\u00e4ngst; 'west' \u2794 'westward' ('westw\u00e4rts')\">Tipp<\/a><\/div>\r\n<\/div>\r\n<b><span class=\"number\">\u277c<\/span><\/b> Nice, to meet you. &#8211;   <input type=\"text\" class=\"form-control\" id=\"q6\" autocomplete=\"off\"><b><i>(like)<\/i><\/b>.\r\n<div class=\"row\">\r\n<div>\r\n<p id=\"correct6\" align=\"left\"><\/p>\r\n\r\n<\/div>\r\n<div>\r\n<a button=\"\" class=\"btn btn-success tipp6 hidden\" aria-hidden=\"true\" href=\"#7\" title=\"Nice to  meet you. - Likewise.\" data-toggle=\"popover\" data-placement=\"top\" data-trigger=\"hover\" style=\"text-decoration: none, color:white\" data-content=\"du kannst das Adverb 'like' in seiner Bedeutung ab\u00e4ndern, indem du das Suffix '-wise' anh\u00e4ngst; 'like' \u2794 'likewise' ('ebenso')\">Tipp<\/a><\/div>\r\n<\/div>\r\n<b><span class=\"number\">\u277d<\/span><\/b>Let&#8217;s move  <input type=\"text\" class=\"form-control\" id=\"q7\" autocomplete=\"off\"><b><i>(for)<\/i><\/b> on the agenda.\r\n<div class=\"row\">\r\n<div>\r\n<p id=\"correct7\" align=\"left\"><\/p>\r\n\r\n<\/div>\r\n<div>\r\n<a button=\"\" class=\"btn btn-success tipp7 hidden\" href=\"#8\" title=\"Let's move forward on the agenda.\" data-toggle=\"popover\" data-placement=\"top\" data-trigger=\"hover\" style=\"text-decoration: none, color:white\" data-content=\"du kannst die Pr\u00e4position 'for' in ein Adverb verwandeln, indem du das Suffix '-ward' anh\u00e4ngst; 'for' \u2794 'forward'\">Tipp<\/a><\/div>\r\n<\/div>\r\n<b><span class=\"number\">\u277e<\/span><\/b>We  <input type=\"text\" class=\"form-control\" id=\"q8\" autocomplete=\"off\"><b><i>(most)<\/i><\/b> eat salad. They say it&#8217;s healthy.\r\n<div class=\"row\">\r\n<div>\r\n<p id=\"correct8\" align=\"left\"><\/p>\r\n\r\n<\/div>\r\n<div>\r\n<a button=\"\" class=\"btn btn-success tipp8 hidden\" href=\"#9\" title=\"We mostly eat salad.\" data-toggle=\"popover\" data-placement=\"top\" data-trigger=\"hover\" style=\"text-decoration: none, color:white\" data-content=\"du kannst Eigenschaftswort 'most' in ein Adverb verwandeln, indem du das Suffix '-ly' anh\u00e4ngst; 'most' \u2794 'mostly'\">Tipp<\/a><\/div>\r\n<\/div>\r\n<b><span class=\"number\">\u277f<\/span><\/b>It&#8217;s a great idea. However,  <input type=\"text\" class=\"form-control\" id=\"q9\" autocomplete=\"off\"><b><i>(budget)<\/i><\/b> it&#8217;s a desaster.\r\n<div class=\"row\">\r\n<div>\r\n<p id=\"correct9\" align=\"left\"><\/p>\r\n\r\n<\/div>\r\n<div>\r\n<a button=\"\" class=\"btn btn-success tipp9 hidden\" href=\"#10\" title=\"... budgetwise, it's a desaster.\" data-toggle=\"popover\" data-placement=\"top\" data-trigger=\"hover\" style=\"text-decoration: none, color:white\" data-content=\"du kannst das Hauptwort 'budget' in ein Adverb verwandeln, indem du das Suffix '-wise' anh\u00e4ngst; 'budget' \u2794 'budgetwise' ('budgetm\u00e4\u00dfig')\">Tipp<\/a><\/div>\r\n<\/div>\r\n<!-- The Modal -->\r\n<div id=\"myModal\" class=\"modal\">\r\n<div class=\"modal-dialog\">\r\n<div class=\"modal-content\">\r\n\r\n<!-- Modal Header -->\r\n<div class=\"modal-header\">\r\n<h4 class=\"modal-title\">Suffixe &#8211; Adverb &#8211; Englisch<\/h4>\r\n<button class=\"close\" type=\"button\" data-dismiss=\"modal\">\u00d7<\/button>\r\n\r\n<\/div>\r\n<!-- Modal body -->\r\n<div class=\"modal-body\"><div class=\"modal-body\"><table class=\"table table-bordered table-sm table-hover\">\r\n<thead>\r\n<tr class=\"table-danger\">\r\n<th colspan=\"2\">Suffixe &#8211; Anh\u00e4ngsel &#8211; Adverbien &#8211; Englisch<\/th>\r\n<\/tr>\r\n<\/thead>\r\n<tbody>\r\n<tr class=\"table-success\">\r\n<td colspan='2'><b>genau wie in anderen Sprachen, kann man auch im Englischen durch das Anh\u00e4ngen von &#8218;Suffixen&#8216; aus einem Hauptwort, Eigenschaftswort oder Verb ein Adverb machen:<\/b><\/td>\r\n\r\n<\/tr>\r\n\r\n<tr class=\"table-primary\">\r\n<td><b>Suffix<\/b><\/td>\r\n<td><b>Beispiele<\/b><\/td><\/tr>\r\n<tr class=\"table-info\"><td><b><i class=\"text-danger\"> -y<\/i><\/b><\/td>\r\n<td><b><i class=\"text-danger\">quickly, mostly, slowly<\/i><\/b><\/td>\r\n<\/tr>\r\n<tr class=\"table-info\">\r\n<td><b><i class=\"text-danger\"> -wise (beschreibt die Art: &#8218;-m\u00e4\u00dfig&#8216;) <\/i> <\/b><\/td>\r\n<td><b><i class=\"text-danger\"> clockwise, likewise, budgetwise <\/i> <\/b><\/td>\r\n<\/tr>\r\n<tr class=\"table-info\">\r\n<td><b><i class=\"text-danger\"> -ward (beschreibt die Richtung: &#8218;-w\u00e4rts&#8216;)<\/i> <\/b><\/td>\r\n<td><b><i class=\"text-danger\"> backward, afterward, downward<\/i> <\/b><\/td>\r\n<\/tr>\r\n<\/tbody>\r\n<\/table>\r\n<!-- Modal footer -->\r\n<div class=\"modal-footer\"><button class=\"btn btn-danger\" type=\"button\" data-dismiss=\"modal\">Close<\/button><\/div>\r\n<\/div>\r\n<\/div>\r\n<\/div>\r\n<\/div>\r\n<\/div>\r\n<\/div>\r\n<\/div>\r\n<div class=\"container\">\r\n\r\n<hr>\r\n\r\n<button id=\"submitButton\" class=\"btn-lg btn-primary \" type=\"submit\" value=\"submit\">Pr\u00fcfen<\/button><button id=\"resetButton\" class=\"btn-lg btn-success\" type=\"submit\" onclick=\"refreshPage()\">Neustart<\/button><button id=\"submitButton\" class=\"btn-lg btn-info\" type=\"button\" value=\"submit\" data-toggle=\"modal\" data-target=\"#myModal\">Tipp<\/button>\r\n\r\n<hr>\r\n\r\n\r\n<p id=\"result\"><\/p>\r\n<p id=\"result2\"><\/p>\r\n<b><\/b>\r\n<h3> Alle \u00dcbungen zum Thema &#8211; Endungen &#8211; Suffixe &#8211; Englisch:<\/h3>\r\n<hr>\r\n<div id=\"bellows-main-62\" class=\"bellows bellows-nojs bellows-main bellows-source-menu bellows-align-full bellows-skin-vanilla bellows-type-\"><ul id=\"menu-suffixe\" class=\"bellows-nav\" data-bellows-config=\"main\"><li id=\"menu-item-7534\" class=\"bellows-menu-item bellows-menu-item-type-post_type bellows-menu-item-object-page bellows-menu-item-7534 bellows-item-level-0\"><a  href=\"https:\/\/english-munich.de\/training\/endungen-suffixe-substantive\/\" class=\"bellows-target\"><span class=\"bellows-target-title bellows-target-text\">\u2611\ufe0fEndungen \u2013 Suffixe &#8211; Substantiv<\/span><\/a><\/li>\n<li id=\"menu-item-7535\" class=\"bellows-menu-item bellows-menu-item-type-post_type bellows-menu-item-object-page bellows-menu-item-7535 bellows-item-level-0\"><a  href=\"https:\/\/english-munich.de\/training\/endungen-suffixe-hauptwoerter\/\" class=\"bellows-target\"><span class=\"bellows-target-title bellows-target-text\">\u2611\ufe0fEndungen \u2013 Suffixe &#8211; Substantiv<\/span><\/a><\/li>\n<li id=\"menu-item-7533\" class=\"bellows-menu-item bellows-menu-item-type-post_type bellows-menu-item-object-page bellows-menu-item-7533 bellows-item-level-0\"><a  href=\"https:\/\/english-munich.de\/training\/suffixe-endungen-substantive\/\" class=\"bellows-target\"><span class=\"bellows-target-title bellows-target-text\">\u270d\ufe0fEndungen \u2013 Suffixe &#8211; Substantiv<\/span><\/a><\/li>\n<li id=\"menu-item-7579\" class=\"bellows-menu-item bellows-menu-item-type-post_type bellows-menu-item-object-page bellows-menu-item-7579 bellows-item-level-0\"><a  href=\"https:\/\/english-munich.de\/training\/endungen-suffixe-eigenschaftswort\/\" class=\"bellows-target\"><span class=\"bellows-target-title bellows-target-text\">\u2611\ufe0fEndungen \u2013 Suffixe \u2013 Adjektiv<\/span><\/a><\/li>\n<li id=\"menu-item-7602\" class=\"bellows-menu-item bellows-menu-item-type-post_type bellows-menu-item-object-page bellows-menu-item-7602 bellows-item-level-0\"><a  href=\"https:\/\/english-munich.de\/training\/endungen-suffixe-eigenschaftswort-2\/\" class=\"bellows-target\"><span class=\"bellows-target-title bellows-target-text\">\u2611\ufe0fEndungen \u2013 Suffixe &#8211; Adjektiv<\/span><\/a><\/li>\n<li id=\"menu-item-7630\" class=\"bellows-menu-item bellows-menu-item-type-post_type bellows-menu-item-object-page bellows-menu-item-7630 bellows-item-level-0\"><a  href=\"https:\/\/english-munich.de\/training\/suffixe-endungen-adjektive\/\" class=\"bellows-target\"><span class=\"bellows-target-title bellows-target-text\">\u270d\ufe0fEndungen &#8211; Suffixe \u2013  Adjektive<\/span><\/a><\/li>\n<li id=\"menu-item-7702\" class=\"bellows-menu-item bellows-menu-item-type-post_type bellows-menu-item-object-page bellows-menu-item-7702 bellows-item-level-0\"><a  href=\"https:\/\/english-munich.de\/training\/endungen-suffixe-eigenschaftswort-3\/\" class=\"bellows-target\"><span class=\"bellows-target-title bellows-target-text\">\u2611\ufe0fEndungen \u2013 Suffixe \u2013 Adverb<\/span><\/a><\/li>\n<li id=\"menu-item-7748\" class=\"bellows-menu-item bellows-menu-item-type-post_type bellows-menu-item-object-page bellows-menu-item-7748 bellows-item-level-0\"><a  href=\"https:\/\/english-munich.de\/training\/endungen-suffixe-adverb-englisch\/\" class=\"bellows-target\"><span class=\"bellows-target-title bellows-target-text\">\u2611\ufe0fEndungen \u2013 Suffixe \u2013 Adverb<\/span><\/a><\/li>\n<li id=\"menu-item-7778\" class=\"bellows-menu-item bellows-menu-item-type-post_type bellows-menu-item-object-page bellows-menu-item-7778 bellows-item-level-0\"><a  href=\"https:\/\/english-munich.de\/training\/suffixe-endungen-adverb\/\" class=\"bellows-target\"><span class=\"bellows-target-title bellows-target-text\">\u270d\ufe0fSuffixe \u2013 Endungen \u2013 Adverb<\/span><\/a><\/li>\n<li id=\"menu-item-7894\" class=\"bellows-menu-item bellows-menu-item-type-post_type bellows-menu-item-object-page bellows-menu-item-7894 bellows-item-level-0\"><a  href=\"https:\/\/english-munich.de\/training\/endungen-suffixe-verben-englisch\/\" class=\"bellows-target\"><span class=\"bellows-target-title bellows-target-text\">\u2611\ufe0fEndungen \u2013 Suffixe \u2013 Verben<\/span><\/a><\/li>\n<li id=\"menu-item-7927\" class=\"bellows-menu-item bellows-menu-item-type-post_type bellows-menu-item-object-page bellows-menu-item-7927 bellows-item-level-0\"><a  href=\"https:\/\/english-munich.de\/training\/endungen-suffixe-verben-englisch-2\/\" class=\"bellows-target\"><span class=\"bellows-target-title bellows-target-text\">\u2611\ufe0fEndungen \u2013 Suffixe \u2013 Verben<\/span><\/a><\/li>\n<li id=\"menu-item-7951\" class=\"bellows-menu-item bellows-menu-item-type-post_type bellows-menu-item-object-page bellows-menu-item-7951 bellows-item-level-0\"><a  href=\"https:\/\/english-munich.de\/training\/suffixe-endungen-verb-englisch-uebungen\/\" class=\"bellows-target\"><span class=\"bellows-target-title bellows-target-text\">\u270d\ufe0fSuffixe \u2013 Endungen \u2013 Verben<\/span><\/a><\/li>\n<\/ul><\/div>\r\n<\/div>\r\n<\/div>","protected":false},"excerpt":{"rendered":"Suffixe beim Adverb \u00dcbungen zum Thema Endungen &#8211; Suffixe von Adverbien Beispiel \u24ffThere is no &nbsp;(up)&nbsp; mobility in our society.&nbsp;&nbsp;&nbsp;&nbsp; Die richtige L\u00f6sung ist: upward&nbsp;&nbsp;Tipp \u270d\ufe0f F\u00fclle die richtige Form des Wortes in Klammern als Adverb in die L\u00fccken. Ben\u00fctze, die Anh\u00e4ngsel (&#8218;-wise&#8216;, &#8218;-ward&#8216;, oder &#8218;-&#8218;ly&#8216;), um das Wort sinnvoll zu erg\u00e4nzen. \u2776This project is [&hellip;]","protected":false},"author":3,"featured_media":0,"parent":0,"menu_order":0,"comment_status":"closed","ping_status":"closed","template":"","meta":[],"_links":{"self":[{"href":"https:\/\/english-munich.de\/training\/wp-json\/wp\/v2\/pages\/7754"}],"collection":[{"href":"https:\/\/english-munich.de\/training\/wp-json\/wp\/v2\/pages"}],"about":[{"href":"https:\/\/english-munich.de\/training\/wp-json\/wp\/v2\/types\/page"}],"author":[{"embeddable":true,"href":"https:\/\/english-munich.de\/training\/wp-json\/wp\/v2\/users\/3"}],"replies":[{"embeddable":true,"href":"https:\/\/english-munich.de\/training\/wp-json\/wp\/v2\/comments?post=7754"}],"version-history":[{"count":21,"href":"https:\/\/english-munich.de\/training\/wp-json\/wp\/v2\/pages\/7754\/revisions"}],"predecessor-version":[{"id":9758,"href":"https:\/\/english-munich.de\/training\/wp-json\/wp\/v2\/pages\/7754\/revisions\/9758"}],"wp:attachment":[{"href":"https:\/\/english-munich.de\/training\/wp-json\/wp\/v2\/media?parent=7754"}],"curies":[{"name":"wp","href":"https:\/\/api.w.org\/{rel}","templated":true}]}}