{"id":7537,"date":"2021-03-09T12:10:37","date_gmt":"2021-03-09T12:10:37","guid":{"rendered":"https:\/\/english-munich.de\/training\/?page_id=7537"},"modified":"2021-03-14T18:00:36","modified_gmt":"2021-03-14T18:00:36","slug":"endungen-suffixe","status":"publish","type":"page","link":"https:\/\/english-munich.de\/training\/endungen-suffixe\/","title":{"rendered":"Endungen &#8211; Suffixe"},"content":{"rendered":"<div class=\"container well\">\r\n<h1>Endungen &#8211; Suffixe &#8211; Erkl\u00e4rungen &#8211; \u00dcbungen<\/h1>\r\n<hr>\r\n<h2>Endungen &#8211; Suffixe &#8211; \u00dcbungen<\/h2>\r\n<div id=\"bellows-main-62\" class=\"bellows bellows-nojs bellows-main bellows-source-menu bellows-align-full bellows-skin-vanilla bellows-type-\"><ul id=\"menu-suffixe\" class=\"bellows-nav\" data-bellows-config=\"main\"><li id=\"menu-item-7534\" class=\"bellows-menu-item bellows-menu-item-type-post_type bellows-menu-item-object-page bellows-menu-item-7534 bellows-item-level-0\"><a  href=\"https:\/\/english-munich.de\/training\/endungen-suffixe-substantive\/\" class=\"bellows-target\"><span class=\"bellows-target-title bellows-target-text\">\u2611\ufe0fEndungen \u2013 Suffixe &#8211; Substantiv<\/span><\/a><\/li>\n<li id=\"menu-item-7535\" class=\"bellows-menu-item bellows-menu-item-type-post_type bellows-menu-item-object-page bellows-menu-item-7535 bellows-item-level-0\"><a  href=\"https:\/\/english-munich.de\/training\/endungen-suffixe-hauptwoerter\/\" class=\"bellows-target\"><span class=\"bellows-target-title bellows-target-text\">\u2611\ufe0fEndungen \u2013 Suffixe &#8211; Substantiv<\/span><\/a><\/li>\n<li id=\"menu-item-7533\" class=\"bellows-menu-item bellows-menu-item-type-post_type bellows-menu-item-object-page bellows-menu-item-7533 bellows-item-level-0\"><a  href=\"https:\/\/english-munich.de\/training\/suffixe-endungen-substantive\/\" class=\"bellows-target\"><span class=\"bellows-target-title bellows-target-text\">\u270d\ufe0fEndungen \u2013 Suffixe &#8211; Substantiv<\/span><\/a><\/li>\n<li id=\"menu-item-7579\" class=\"bellows-menu-item bellows-menu-item-type-post_type bellows-menu-item-object-page bellows-menu-item-7579 bellows-item-level-0\"><a  href=\"https:\/\/english-munich.de\/training\/endungen-suffixe-eigenschaftswort\/\" class=\"bellows-target\"><span class=\"bellows-target-title bellows-target-text\">\u2611\ufe0fEndungen \u2013 Suffixe \u2013 Adjektiv<\/span><\/a><\/li>\n<li id=\"menu-item-7602\" class=\"bellows-menu-item bellows-menu-item-type-post_type bellows-menu-item-object-page bellows-menu-item-7602 bellows-item-level-0\"><a  href=\"https:\/\/english-munich.de\/training\/endungen-suffixe-eigenschaftswort-2\/\" class=\"bellows-target\"><span class=\"bellows-target-title bellows-target-text\">\u2611\ufe0fEndungen \u2013 Suffixe &#8211; Adjektiv<\/span><\/a><\/li>\n<li id=\"menu-item-7630\" class=\"bellows-menu-item bellows-menu-item-type-post_type bellows-menu-item-object-page bellows-menu-item-7630 bellows-item-level-0\"><a  href=\"https:\/\/english-munich.de\/training\/suffixe-endungen-adjektive\/\" class=\"bellows-target\"><span class=\"bellows-target-title bellows-target-text\">\u270d\ufe0fEndungen &#8211; Suffixe \u2013  Adjektive<\/span><\/a><\/li>\n<li id=\"menu-item-7702\" class=\"bellows-menu-item bellows-menu-item-type-post_type bellows-menu-item-object-page bellows-menu-item-7702 bellows-item-level-0\"><a  href=\"https:\/\/english-munich.de\/training\/endungen-suffixe-eigenschaftswort-3\/\" class=\"bellows-target\"><span class=\"bellows-target-title bellows-target-text\">\u2611\ufe0fEndungen \u2013 Suffixe \u2013 Adverb<\/span><\/a><\/li>\n<li id=\"menu-item-7748\" class=\"bellows-menu-item bellows-menu-item-type-post_type bellows-menu-item-object-page bellows-menu-item-7748 bellows-item-level-0\"><a  href=\"https:\/\/english-munich.de\/training\/endungen-suffixe-adverb-englisch\/\" class=\"bellows-target\"><span class=\"bellows-target-title bellows-target-text\">\u2611\ufe0fEndungen \u2013 Suffixe \u2013 Adverb<\/span><\/a><\/li>\n<li id=\"menu-item-7778\" class=\"bellows-menu-item bellows-menu-item-type-post_type bellows-menu-item-object-page bellows-menu-item-7778 bellows-item-level-0\"><a  href=\"https:\/\/english-munich.de\/training\/suffixe-endungen-adverb\/\" class=\"bellows-target\"><span class=\"bellows-target-title bellows-target-text\">\u270d\ufe0fSuffixe \u2013 Endungen \u2013 Adverb<\/span><\/a><\/li>\n<li id=\"menu-item-7894\" class=\"bellows-menu-item bellows-menu-item-type-post_type bellows-menu-item-object-page bellows-menu-item-7894 bellows-item-level-0\"><a  href=\"https:\/\/english-munich.de\/training\/endungen-suffixe-verben-englisch\/\" class=\"bellows-target\"><span class=\"bellows-target-title bellows-target-text\">\u2611\ufe0fEndungen \u2013 Suffixe \u2013 Verben<\/span><\/a><\/li>\n<li id=\"menu-item-7927\" class=\"bellows-menu-item bellows-menu-item-type-post_type bellows-menu-item-object-page bellows-menu-item-7927 bellows-item-level-0\"><a  href=\"https:\/\/english-munich.de\/training\/endungen-suffixe-verben-englisch-2\/\" class=\"bellows-target\"><span class=\"bellows-target-title bellows-target-text\">\u2611\ufe0fEndungen \u2013 Suffixe \u2013 Verben<\/span><\/a><\/li>\n<li id=\"menu-item-7951\" class=\"bellows-menu-item bellows-menu-item-type-post_type bellows-menu-item-object-page bellows-menu-item-7951 bellows-item-level-0\"><a  href=\"https:\/\/english-munich.de\/training\/suffixe-endungen-verb-englisch-uebungen\/\" class=\"bellows-target\"><span class=\"bellows-target-title bellows-target-text\">\u270d\ufe0fSuffixe \u2013 Endungen \u2013 Verben<\/span><\/a><\/li>\n<\/ul><\/div>\r\n<h2>Endungen &#8211; Suffixe &#8211; Erkl\u00e4rungen<\/h2>\r\n<h3>Endungen &#8211; Suffixe &#8211; Substantive<\/h3><br \/>\r\n<table class=\"table table-bordered table-sm table-hover\">\r\n<thead>\r\n<tr class=\"table-danger\">\r\n<th colspan=\"2\">Suffixe &#8211; Anh\u00e4ngsel &#8211; Substantive &#8211; Englisch<\/th>\r\n<\/tr>\r\n<\/thead>\r\n<tbody>\r\n<tr class=\"table-success\">\r\n<td colspan='2'><b>genau wie in anderen Sprachen, kann man auch im Englischen durch das Anh\u00e4ngen von &#8218;Suffixen&#8216; aus einem Eigenschaftswort oder Verb ein Hauptwort machen:<\/b><\/td>\r\n\r\n<\/tr>\r\n\r\n<tr class=\"table-primary\">\r\n<td><b>Suffix<\/b><\/td>\r\n<td><b>Beispiele<\/b><\/td><\/tr>\r\n<tr class=\"table-info\"><td><b><i class=\"text-danger\"> -age<\/i><\/b><\/td>\r\n<td><b><i class=\"text-danger\">garage, village, pillage<\/i><\/b><\/td>\r\n<\/tr>\r\n<tr class=\"table-info\">\r\n<td><b><i class=\"text-danger\"> -hood <\/i> <\/b><\/td>\r\n<td><b><i class=\"text-danger\"> brotherhood, neighborhood, fatherhood <\/i> <\/b><\/td>\r\n<\/tr>\r\n<tr class=\"table-info\">\r\n<td><b><i class=\"text-danger\"> -ship <\/i> <\/b><\/td>\r\n<td><b><i class=\"text-danger\"> friendship, hardship, kinship <\/i> <\/b><\/td>\r\n<\/tr>\r\n<tr class=\"table-info\">\r\n<td><b><i class=\"text-danger\"> -al <\/i> <\/b><\/td>\r\n<td><b><i class=\"text-danger\"> burial, denial, rehearsal <\/i> <\/b><\/td>\r\n<\/tr>\r\n<tr class=\"table-info\">\r\n<td><b><i class=\"text-danger\"> -ance\/-ence <\/i> <\/b><\/td>\r\n<td><b><i class=\"text-danger\"> attendance, deliverance, defence <\/i> <\/b><\/td>\r\n<\/tr>\r\n<tr class=\"table-info\">\r\n<td><b><i class=\"text-danger\"> -ee <\/i> <\/b><\/td>\r\n<td><b><i class=\"text-danger\"> attendee, employee, trainee <\/i> <\/b><\/td>\r\n<\/tr>\r\n<tr class=\"table-info\">\r\n<td><b><i class=\"text-danger\"> -er\/-or <\/i> <\/b><\/td>\r\n<td><b><i class=\"text-danger\"> player, lawyer, operator <\/i> <\/b><\/td>\r\n<\/tr>\r\n<tr class=\"table-info\">\r\n<td><b><i class=\"text-danger\"> -ment <\/i> <\/b><\/td>\r\n<td><b><i class=\"text-danger\"> fulfillment, government, adjustment <\/i> <\/b><\/td>\r\n<\/tr>\r\n<tr class=\"table-info\">\r\n<td><b><i class=\"text-danger\"> -ity\/-ty\/-y <\/i> <\/b><\/td>\r\n<td><b><i class=\"text-danger\"> delivery, prosperity, courtesy <\/i> <\/b><\/td>\r\n<\/tr>\r\n<tr class=\"table-info\">\r\n<td><b><i class=\"text-danger\">  -sion\/-tion\/-xion <\/i> <\/b><\/td>\r\n<td><b><i class=\"text-danger\"> compression, attention, complexion <\/i> <\/b><\/td>\r\n<\/tr>\r\n<tr class=\"table-info\">\r\n<td><b><i class=\"text-danger\"> -ness <\/i> <\/b><\/td>\r\n<td><b><i class=\"text-danger\"> friendlyness, kindness, heiress <\/i> <\/b><\/td>\r\n<\/tr>\r\n<tr class=\"table-info\">\r\n<td><b><i class=\"text-danger\"> -ist <\/i> <\/b><\/td>\r\n<td><b><i class=\"text-danger\"> dentist, moralist, autist <\/i> <\/b><\/td>\r\n<\/tr>\r\n<tr class=\"table-info\">\r\n<td><b><i class=\"text-danger\"> -dom <\/i> <\/b><\/td>\r\n<td><b><i class=\"text-danger\"> kingdom, serfdom, freedom, boredom <\/i> <\/b><\/td>\r\n<\/tr>\r\n<tr class=\"table-info\">\r\n<td><b><i class=\"text-danger\"> -ism <\/i> <\/b><\/td>\r\n<td><b><i class=\"text-danger\"> autism, nepotism, communism <\/i> <\/b><\/td>\r\n<\/tr>\r\n\r\n<\/tbody>\r\n<\/table>\r\n<h3>Endungen &#8211; Suffix &#8211; Adjektive<\/h3><br \/>\r\n<table class=\"table table-bordered table-sm table-hover\">\r\n<thead>\r\n<tr class=\"table-danger\">\r\n<th colspan=\"2\">Suffixe &#8211; Anh\u00e4ngsel &#8211; Adjektive &#8211; Englisch<\/th>\r\n<\/tr>\r\n<\/thead>\r\n<tbody>\r\n<tr class=\"table-success\">\r\n<td colspan='2'><b>genau wie in anderen Sprachen, kann man auch im Englischen durch das Anh\u00e4ngen von &#8218;Suffixen&#8216; aus einem Hauptwort oder Verb ein Eigenschaftswort machen:<\/b><\/td>\r\n\r\n<\/tr>\r\n\r\n<tr class=\"table-primary\">\r\n<td><b>Suffix<\/b><\/td>\r\n<td><b>Beispiele<\/b><\/td><\/tr>\r\n<tr class=\"table-info\"><td><b><i class=\"text-danger\"> -ic<\/i><\/b><\/td>\r\n<td><b><i class=\"text-danger\">metallic, demonic, satanic<\/i><\/b><\/td>\r\n<\/tr>\r\n<tr class=\"table-info\">\r\n<td><b><i class=\"text-danger\"> -ine <\/i> <\/b><\/td>\r\n<td><b><i class=\"text-danger\"> divine, canine, feminine <\/i> <\/b><\/td>\r\n<\/tr>\r\n<tr class=\"table-info\">\r\n<td><b><i class=\"text-danger\"> -less <\/i> <\/b><\/td>\r\n<td><b><i class=\"text-danger\"> helpless, clueless, friendless<\/i> <\/b><\/td>\r\n<\/tr>\r\n<tr class=\"table-info\">\r\n<td><b><i class=\"text-danger\"> -y <\/i> <\/b><\/td>\r\n<td><b><i class=\"text-danger\"> buttery, stingy, foggy <\/i> <\/b><\/td>\r\n<\/tr>\r\n<tr class=\"table-info\">\r\n<td><b><i class=\"text-danger\"> -ese <\/i> <\/b><\/td>\r\n<td><b><i class=\"text-danger\"> Japanse, Cantonese, Bavarese <\/i> <\/b><\/td>\r\n<\/tr>\r\n<tr class=\"table-info\">\r\n<td><b><i class=\"text-danger\"> -ian <\/i> <\/b><\/td>\r\n<td><b><i class=\"text-danger\"> vulcanian, Peruvian, Canadian <\/i> <\/b><\/td>\r\n<\/tr>\r\n<tr class=\"table-info\">\r\n<td><b><i class=\"text-danger\"> -ful <\/i> <\/b><\/td>\r\n<td><b><i class=\"text-danger\"> forgetful, vengeful, masterful <\/i> <\/b><\/td>\r\n<\/tr>\r\n<tr class=\"table-info\">\r\n<td><b><i class=\"text-danger\"> -able\/-ible<\/i> <\/b><\/td>\r\n<td><b><i class=\"text-danger\"> feasible, possible, sutable <\/i> <\/b><\/td>\r\n<\/tr>\r\n<tr class=\"table-info\">\r\n<td><b><i class=\"text-danger\">  -ish <\/i> <\/b><\/td>\r\n<td><b><i class=\"text-danger\"> tenish, redish, British <\/i> <\/b><\/td>\r\n<\/tr>\r\n<tr class=\"table-info\">\r\n<td><b><i class=\"text-danger\"> -ous <\/i> <\/b><\/td>\r\n<td><b><i class=\"text-danger\"> dangerous, generous, heinous <\/i> <\/b><\/td>\r\n<\/tr>\r\n<tr class=\"table-info\">\r\n<td><b><i class=\"text-danger\"> -ive <\/i> <\/b><\/td>\r\n<td><b><i class=\"text-danger\"> active, passive, productive <\/i> <\/b><\/td>\r\n<\/tr>\r\n<tr class=\"table-info\">\r\n<td><b><i class=\"text-danger\"> -ly <\/i> <\/b><\/td>\r\n<td><b><i class=\"text-danger\"> daily, weekly, solemnly <\/i> <\/b><\/td>\r\n<\/tr>\r\n<tr class=\"table-info\">\r\n<td><b><i class=\"text-danger\"> -en <\/i> <\/b><\/td>\r\n<td><b><i class=\"text-danger\"> golden, broken, wooden <\/i> <\/b><\/td>\r\n<\/tr>\r\n\r\n<\/tbody>\r\n<\/table>\r\n<h3>Endungen &#8211; Suffix &#8211; Adverb<\/h3><br \/>\r\n<table class=\"table table-bordered table-sm table-hover\">\r\n<thead>\r\n<tr class=\"table-danger\">\r\n<th colspan=\"2\">Suffixe &#8211; Anh\u00e4ngsel &#8211; Adverbien &#8211; Englisch<\/th>\r\n<\/tr>\r\n<\/thead>\r\n<tbody>\r\n<tr class=\"table-success\">\r\n<td colspan='2'><b>genau wie in anderen Sprachen, kann man auch im Englischen durch das Anh\u00e4ngen von &#8218;Suffixen&#8216; aus einem Hauptwort, Eigenschaftswort oder Verb ein Adverb machen:<\/b><\/td>\r\n\r\n<\/tr>\r\n\r\n<tr class=\"table-primary\">\r\n<td><b>Suffix<\/b><\/td>\r\n<td><b>Beispiele<\/b><\/td><\/tr>\r\n<tr class=\"table-info\"><td><b><i class=\"text-danger\"> -y<\/i><\/b><\/td>\r\n<td><b><i class=\"text-danger\">quickly, mostly, slowly<\/i><\/b><\/td>\r\n<\/tr>\r\n<tr class=\"table-info\">\r\n<td><b><i class=\"text-danger\"> -wise (beschreibt die Art: &#8218;-m\u00e4\u00dfig&#8216;) <\/i> <\/b><\/td>\r\n<td><b><i class=\"text-danger\"> clockwise, likewise, budgetwise <\/i> <\/b><\/td>\r\n<\/tr>\r\n<tr class=\"table-info\">\r\n<td><b><i class=\"text-danger\"> -ward (beschreibt die Richtung: &#8218;-w\u00e4rts&#8216;)<\/i> <\/b><\/td>\r\n<td><b><i class=\"text-danger\"> backward, afterward, downward<\/i> <\/b><\/td>\r\n<\/tr>\r\n<\/tbody>\r\n<\/table>\r\n<h3>Endungen &#8211; Suffix &#8211; Verben<\/h3><br \/>\r\n<table class=\"table table-bordered table-sm table-hover\">\r\n<thead>\r\n<tr class=\"table-danger\">\r\n<th colspan=\"2\">Suffixe &#8211; Anh\u00e4ngsel &#8211; Verben &#8211; Englisch<\/th>\r\n<\/tr>\r\n<\/thead>\r\n<tbody>\r\n<tr class=\"table-success\">\r\n<td colspan='2'><b>genau wie in anderen Sprachen, kann man auch im Englischen durch das Anh\u00e4ngen oder Ab\u00e4ndern durch &#8218;Suffixe&#8216; aus einem Hauptwort oder Eigenschaftswort oder Verb machen:<\/b><\/td>\r\n\r\n<\/tr>\r\n\r\n<tr class=\"table-primary\">\r\n<td><b>Suffix<\/b><\/td>\r\n<td><b>Beispiele<\/b><\/td><\/tr>\r\n<tr class=\"table-info\"><td><b><i class=\"text-danger\"> -ate<\/i><\/b><\/td>\r\n<td><b><i class=\"text-danger\">facilitate, dominate, rotate<\/i><\/b><\/td>\r\n<\/tr>\r\n<tr class=\"table-info\">\r\n<td><b><i class=\"text-danger\"> -en (ve\u00e4ndert den Zustand einer Materie)<\/i> <\/b><\/td>\r\n<td><b><i class=\"text-danger\"> lengthen, widen, harden <\/i> <\/b><\/td>\r\n<\/tr>\r\n<tr class=\"table-info\">\r\n<td><b><i class=\"text-danger\"> -ize(US)\/ise(GB) <\/i> <\/b><\/td>\r\n<td><b><i class=\"text-danger\"> harmonize, brualize, apologize<\/i> <\/b><\/td>\r\n<\/tr>\r\n<tr class=\"table-info\">\r\n<td><b><i class=\"text-danger\"> -ify (ve\u00e4ndert den Zustand einer Materie) <\/i> <\/b><\/td>\r\n<td><b><i class=\"text-danger\"> beautify, solidify, identify<\/i> <\/b><\/td>\r\n<\/tr>\r\n<\/tbody>\r\n<\/table>\r\n<\/div>","protected":false},"excerpt":{"rendered":"Endungen &#8211; Suffixe &#8211; Erkl\u00e4rungen &#8211; \u00dcbungen Endungen &#8211; Suffixe &#8211; \u00dcbungen Endungen &#8211; Suffixe &#8211; Erkl\u00e4rungen Endungen &#8211; Suffixe &#8211; Substantive Suffixe &#8211; Anh\u00e4ngsel &#8211; Substantive &#8211; Englisch genau wie in anderen Sprachen, kann man auch im Englischen durch das Anh\u00e4ngen von &#8218;Suffixen&#8216; aus einem Eigenschaftswort oder Verb ein Hauptwort machen: Suffix Beispiele -age [&hellip;]","protected":false},"author":3,"featured_media":0,"parent":0,"menu_order":0,"comment_status":"closed","ping_status":"closed","template":"","meta":[],"_links":{"self":[{"href":"https:\/\/english-munich.de\/training\/wp-json\/wp\/v2\/pages\/7537"}],"collection":[{"href":"https:\/\/english-munich.de\/training\/wp-json\/wp\/v2\/pages"}],"about":[{"href":"https:\/\/english-munich.de\/training\/wp-json\/wp\/v2\/types\/page"}],"author":[{"embeddable":true,"href":"https:\/\/english-munich.de\/training\/wp-json\/wp\/v2\/users\/3"}],"replies":[{"embeddable":true,"href":"https:\/\/english-munich.de\/training\/wp-json\/wp\/v2\/comments?post=7537"}],"version-history":[{"count":8,"href":"https:\/\/english-munich.de\/training\/wp-json\/wp\/v2\/pages\/7537\/revisions"}],"predecessor-version":[{"id":7898,"href":"https:\/\/english-munich.de\/training\/wp-json\/wp\/v2\/pages\/7537\/revisions\/7898"}],"wp:attachment":[{"href":"https:\/\/english-munich.de\/training\/wp-json\/wp\/v2\/media?parent=7537"}],"curies":[{"name":"wp","href":"https:\/\/api.w.org\/{rel}","templated":true}]}}