{"id":7459,"date":"2021-03-08T16:29:25","date_gmt":"2021-03-08T16:29:25","guid":{"rendered":"https:\/\/english-munich.de\/training\/?page_id=7459"},"modified":"2022-04-02T10:19:00","modified_gmt":"2022-04-02T10:19:00","slug":"kreuzwortraetsel-simple-present-3-person-einzahl-besonderheiten","status":"publish","type":"page","link":"https:\/\/english-munich.de\/training\/kreuzwortraetsel-simple-present-3-person-einzahl-besonderheiten\/","title":{"rendered":"Kreuzwortr\u00e4tsel &#8211; simple present 3. Person Einzahl &#8211; Besonderheiten"},"content":{"rendered":"<h2>Kreuzwortr\u00e4tsel unregelm\u00e4\u00dfige Verben Englisch<\/h2> f\u00fclle die richtige Form des Verbs in der 3. Person Einzahl des Simple Present <b>(he\/she\/it das -s muss mit)<\/b> in das R\u00e4tsel:<div class=\"game-container container well\"><div class=\"game-wrapper\"><div class=\"game-details\" data-game-details><div class=\"stopwatch\" data-stopwatch>00:00:00<\/div><div class=\"hints\">Tipps: <span class='hint-nr' data-hints>0<\/span><\/div> <button class=\"button\" disabled data-hint-button><i class=\"fas fa-eye\"><\/i>&nbsp;Tipp<\/button><\/div><div class=\"game-grid\" data-grid><\/div><div class=\"game-controls\"> <button class=\"button\" data-reset><i class=\"fas fa-redo\"><\/i>&nbsp; Reset<\/button> <a href=\"https:\/\/english-munich.de\/training\/kreuzwortraetsel-unregelmaessige-verben-simple-past\/\" class=\"button\"><i class=\"fas fa-arrow-right\"><\/i>&nbsp; Next&nbsp;Game<\/a><\/div><\/div><div class=\"questions-container\"><h2 class=\"question-title\">senkrecht<\/h2><ul class=\"question-list\" data-questions-vertical><\/ul><h2 class=\"question-title\">waagrecht<\/h2><ul class=\"question-list\" data-questions-horizontal><\/ul><\/div><\/div>","protected":false},"excerpt":{"rendered":"Kreuzwortr\u00e4tsel unregelm\u00e4\u00dfige Verben Englisch f\u00fclle die richtige Form des Verbs in der 3. Person Einzahl des Simple Present (he\/she\/it das -s muss mit) in das R\u00e4tsel:00:00:00Tipps: 0 &nbsp;Tipp &nbsp; Reset &nbsp; Next&nbsp;Gamesenkrechtwaagrecht","protected":false},"author":3,"featured_media":0,"parent":0,"menu_order":0,"comment_status":"closed","ping_status":"closed","template":"","meta":[],"_links":{"self":[{"href":"https:\/\/english-munich.de\/training\/wp-json\/wp\/v2\/pages\/7459"}],"collection":[{"href":"https:\/\/english-munich.de\/training\/wp-json\/wp\/v2\/pages"}],"about":[{"href":"https:\/\/english-munich.de\/training\/wp-json\/wp\/v2\/types\/page"}],"author":[{"embeddable":true,"href":"https:\/\/english-munich.de\/training\/wp-json\/wp\/v2\/users\/3"}],"replies":[{"embeddable":true,"href":"https:\/\/english-munich.de\/training\/wp-json\/wp\/v2\/comments?post=7459"}],"version-history":[{"count":8,"href":"https:\/\/english-munich.de\/training\/wp-json\/wp\/v2\/pages\/7459\/revisions"}],"predecessor-version":[{"id":11374,"href":"https:\/\/english-munich.de\/training\/wp-json\/wp\/v2\/pages\/7459\/revisions\/11374"}],"wp:attachment":[{"href":"https:\/\/english-munich.de\/training\/wp-json\/wp\/v2\/media?parent=7459"}],"curies":[{"name":"wp","href":"https:\/\/api.w.org\/{rel}","templated":true}]}}