{"id":6526,"date":"2021-02-24T14:49:23","date_gmt":"2021-02-24T14:49:23","guid":{"rendered":"https:\/\/english-munich.de\/training\/?page_id=6526"},"modified":"2021-02-27T10:05:00","modified_gmt":"2021-02-27T10:05:00","slug":"remind-remember-unterschied-2","status":"publish","type":"page","link":"https:\/\/english-munich.de\/training\/remind-remember-unterschied-2\/","title":{"rendered":"remind &#8211; remember &#8211; Unterschied"},"content":{"rendered":"<div class=\"container well\">\r\n<h2>remind &#8211; remember Unterschied &#8211; \u00dcbungen und Erkl\u00e4rungen<\/h2>\r\n<hr>\r\n<h3>remind &#8211; remember &#8211; Unterschied &#8211; \u00dcbungen<\/h3>\r\n<div id=\"bellows-main-51\" class=\"bellows bellows-nojs bellows-main bellows-source-menu bellows-align-full bellows-skin-vanilla bellows-type-\"><ul id=\"menu-remind-remember\" class=\"bellows-nav\" data-bellows-config=\"main\"><li id=\"menu-item-6485\" class=\"bellows-menu-item bellows-menu-item-type-post_type bellows-menu-item-object-page bellows-menu-item-6485 bellows-item-level-0\"><a  href=\"https:\/\/english-munich.de\/training\/6465-2\/\" class=\"bellows-target\"><span class=\"bellows-target-title bellows-target-text\">\u2611\ufe0fremember \u2013 remind \u2013 Unterschied<\/span><\/a><\/li>\n<li id=\"menu-item-6501\" class=\"bellows-menu-item bellows-menu-item-type-post_type bellows-menu-item-object-page bellows-menu-item-6501 bellows-item-level-0\"><a  href=\"https:\/\/english-munich.de\/training\/remind-remember-unterschied\/\" class=\"bellows-target\"><span class=\"bellows-target-title bellows-target-text\">\u270d\ufe0fremind \u2013 remember \u2013 Unterschied<\/span><\/a><\/li>\n<\/ul><\/div>\r\n<h3>remind &#8211; remember &#8211; Unterschied &#8211; Erkl\u00e4rungen<\/h3><br \/>\r\n<h4>remind<\/h4>\r\nDer Unterschied zwischen <i class=\"text-danger\">remind<\/i> und <i class=\"text-danger\">remember<\/i> ist f\u00fcr Englisch lernende Deutsche oft nicht ganz leicht. <i class=\"text-danger\">Remind<\/i> hei\u00dft in erster Linie: jemanden an etwas erinnern. Es ist <i class=\"text-danger\">transitiv<\/i> und ben\u00f6tigt immer ein \r\n<i class=\"text-danger\">Akkusativobjekt<\/i>.\r\nzum Beispiel:\r\nMay I <i class=\"text-danger\">remind<\/i> you? &#8211; Kann ich dich daran erinnern.\r\nI would like to <i class=\"text-danger\">remind<\/i> you. &#8211; Ich m\u00f6chte dich daran erinnern.\r\n<br \/>\r\nDie zweite Bedeutung von <i class=\"text-danger\">remind<\/i> ist jemanden an etwas\/oder jemanden erinnern.\r\nI diesem Zusammenhang muss <i class=\"text-danger\">remind<\/i> mit der <i class=\"text-danger\">Pr\u00e4position of<\/i> erg\u00e4nzt werden.<br \/>\r\nzum Beispiel:\r\nYou <i class=\"text-danger\">remind<\/i> me <i class=\"text-danger\">of<\/i> Chuck Norris. &#8211; Du erinnerst mich an Cuck Norris.\r\nThis <i class=\"text-danger\">reminds<\/i> me <i class=\"text-danger\">of<\/i> the good old days. &#8211; Das erinnert mich an die guten alten Zeiten.\r\n<br \/> \r\n<h4>remember<\/h4>\r\nDas englische Wort You <i class=\"text-danger\">remember<\/i> ist <i class=\"text-danger\">reflexiv<\/i>. Das hei\u00dft, es bezieht sich <i class=\"text-danger\">r\u00fcckbez\u00fcglich<\/i> auf das Subjekt. Ein <i class=\"text-danger\">Reflexivpronomen<\/i> ist im Englischen nicht notwendig.<br \/>\r\nzum Beispiel:\r\nCan you <i class=\"text-danger\">remember<\/i> when shops were open. &#8211; Kannst du dich daran erinnern, als die L\u00e4den noch offen waren.\r\nI <i class=\"text-danger\">remember<\/i> very well when Kartie started to walk. &#8211; Ich erinnere mich sehr gut daran, als Katie zu laufen anfing.\r\n<br \/>\r\nAu\u00dferdem wird <i class=\"text-danger\">remember<\/i> auch verwendet, wenn man jemanden ermahnen will, etwas nicht zu vergessen. Das w\u00fcrde dann im Deutschen soviel wie <i class=\"text-danger\">daran denken<\/i> bedeuten.<br \/>\r\nzum Beispiel:\r\nPlease, <i class=\"text-danger\">remember<\/i> to lock the door. &#8211; Bitte denk daran die T\u00fcr abzusperren.\r\nI must <i class=\"text-danger\">remember<\/i> to water the flowers. &#8211; I muss daran denken die Blumen zu gie\u00dfen.<br \/>\r\n<table class=\"table table-bordered table-sm table-hover\">\r\n<thead>\r\n<tr class=\"table-danger\">\r\n<th colspan=\"2\">remind &#8211; remember &#8211; Unterschied<\/th>\r\n<\/tr>\r\n<\/thead>\r\n<tbody>\r\n<tr class=\"table-primary\">\r\n<td><b>remember<\/b><\/td>\r\n<td><b>remind<\/b><\/td>\r\n<\/tr>\r\n<tr class=\"table-info\">\r\n<td><b>sich an etwas erinnern &#8211; reflexiv<\/b><\/td>\r\n<td><b>jemanden an etwas erinnern &#8211; transitiv<\/b><\/td>\r\n<\/tr>\r\n<tr class=\"table-success\">\r\n<td><b>I remember the good old days.<\/b><\/td>\r\n<td><b>Can I remind you to take out the trash.<\/b><\/td>\r\n<\/tr>\r\n<tr class=\"table-info\">\r\n<td><b>daran denken etwas zu tun<\/b><\/td>\r\n<td><b>jemanden an etwas oder jemanden erinnern<\/b><\/td>\r\n<\/tr>\r\n<tr class=\"table-success\">\r\n<td><b>I must remember to call Bob.<\/b><\/td>\r\n<td><b>He reminds me of Bob.<\/b><\/td>\r\n<\/tr>\r\n<\/tbody>\r\n<\/table>\r\n\r\n<\/div>","protected":false},"excerpt":{"rendered":"remind &#8211; remember Unterschied &#8211; \u00dcbungen und Erkl\u00e4rungen remind &#8211; remember &#8211; Unterschied &#8211; \u00dcbungen remind &#8211; remember &#8211; Unterschied &#8211; Erkl\u00e4rungen remind Der Unterschied zwischen remind und remember ist f\u00fcr Englisch lernende Deutsche oft nicht ganz leicht. Remind hei\u00dft in erster Linie: jemanden an etwas erinnern. Es ist transitiv und ben\u00f6tigt immer ein Akkusativobjekt. [&hellip;]","protected":false},"author":3,"featured_media":0,"parent":0,"menu_order":0,"comment_status":"closed","ping_status":"closed","template":"","meta":[],"_links":{"self":[{"href":"https:\/\/english-munich.de\/training\/wp-json\/wp\/v2\/pages\/6526"}],"collection":[{"href":"https:\/\/english-munich.de\/training\/wp-json\/wp\/v2\/pages"}],"about":[{"href":"https:\/\/english-munich.de\/training\/wp-json\/wp\/v2\/types\/page"}],"author":[{"embeddable":true,"href":"https:\/\/english-munich.de\/training\/wp-json\/wp\/v2\/users\/3"}],"replies":[{"embeddable":true,"href":"https:\/\/english-munich.de\/training\/wp-json\/wp\/v2\/comments?post=6526"}],"version-history":[{"count":14,"href":"https:\/\/english-munich.de\/training\/wp-json\/wp\/v2\/pages\/6526\/revisions"}],"predecessor-version":[{"id":6720,"href":"https:\/\/english-munich.de\/training\/wp-json\/wp\/v2\/pages\/6526\/revisions\/6720"}],"wp:attachment":[{"href":"https:\/\/english-munich.de\/training\/wp-json\/wp\/v2\/media?parent=6526"}],"curies":[{"name":"wp","href":"https:\/\/api.w.org\/{rel}","templated":true}]}}