{"id":5450,"date":"2021-01-31T17:03:42","date_gmt":"2021-01-31T17:03:42","guid":{"rendered":"https:\/\/english-munich.de\/training\/?page_id=5450"},"modified":"2021-02-01T12:06:09","modified_gmt":"2021-02-01T12:06:09","slug":"some-any-unterschied-2","status":"publish","type":"page","link":"https:\/\/english-munich.de\/training\/some-any-unterschied-2\/","title":{"rendered":"Some \/ Any &#8211; Unterschied"},"content":{"rendered":"<div class=\"container well\">\r\n<h2>Some &#8211; Any &#8211; Unterschied<\/h2>\r\n<hr>\r\n<h3>Some &#8211; Any &#8211; Unterschied- Aufgaben<\/h3>\r\n<div id=\"bellows-main-43\" class=\"bellows bellows-nojs bellows-main bellows-source-menu bellows-align-full bellows-skin-vanilla bellows-type-\"><ul id=\"menu-some-any-unterschied\" class=\"bellows-nav\" data-bellows-config=\"main\"><li id=\"menu-item-5445\" class=\"bellows-menu-item bellows-menu-item-type-post_type bellows-menu-item-object-page bellows-menu-item-5445 bellows-item-level-0\"><a  href=\"https:\/\/english-munich.de\/training\/some-any-unterschied\/\" class=\"bellows-target\"><span class=\"bellows-target-title bellows-target-text\">\u270d\ufe0fSome \u2013 Any \/ Unterschied<\/span><\/a><\/li>\n<li id=\"menu-item-5477\" class=\"bellows-menu-item bellows-menu-item-type-post_type bellows-menu-item-object-page bellows-menu-item-5477 bellows-item-level-0\"><a  href=\"https:\/\/english-munich.de\/training\/some-any-unterschied-3\/\" class=\"bellows-target\"><span class=\"bellows-target-title bellows-target-text\">\u2611\ufe0fSome \u2013 Any \/  Unterschied<\/span><\/a><\/li>\n<li id=\"menu-item-5525\" class=\"bellows-menu-item bellows-menu-item-type-post_type bellows-menu-item-object-page bellows-menu-item-5525 bellows-item-level-0\"><a  href=\"https:\/\/english-munich.de\/training\/something-anything-somebody-anybody-somewhere-anywhere\/\" class=\"bellows-target\"><span class=\"bellows-target-title bellows-target-text\">\u2611\ufe0fSomething \u2013 Anything \u2013 Somebody \u2013 Anybody<\/span><\/a><\/li>\n<li id=\"menu-item-5496\" class=\"bellows-menu-item bellows-menu-item-type-post_type bellows-menu-item-object-page bellows-menu-item-5496 bellows-item-level-0\"><a  href=\"https:\/\/english-munich.de\/training\/somebody-anybody-something-anything\/\" class=\"bellows-target\"><span class=\"bellows-target-title bellows-target-text\">\u270d\ufe0fSomebody\/Anybody- Something\/Anything<\/span><\/a><\/li>\n<\/ul><\/div>\r\n<h3>Some &#8211; Any &#8211; Unterschied- Erkl\u00e4rungen<\/h3>\r\nI can hear <i class=\"text-danger\">some<\/i>, but I can&#8217;t hear <i class=\"text-danger\">any<\/i> music.\r\n<i class=\"text-danger\">Some<\/i> wird im Englischen in positiven, bejahten Aussages\u00e4tzen verwendet, und bedeutet <i class=\"text-danger\">etwas, einige.<\/i>\r\n<i class=\"text-danger\">Not&#8230;any<\/i> wird im Englischen in <i class=\"text-danger\">verneinten<\/i> Aussages\u00e4tzen verwendet. Es bedeutet dann soviel wie <i class=\"text-danger\">keine<\/i>.\r\nJedoch in <i class=\"text-danger\">Fragen<\/i> verwendet man ebenfalls <i class=\"text-danger\">any<\/i>.\r\nzum Beispiel: Do you have <i class=\"text-danger\">any<\/i> money?\r\nAu\u00dferdem verwendet man bei Angebotsfragen <i class=\"text-danger\">some<\/i>.\r\nzu Beispiel: Do you want <i class=\"text-danger\">some<\/i> lemonade?\r\n<table class=\"table table-bordered table-sm table-hover\">\r\n<thead>\r\n<tr class=\"table-danger\">\r\n<th>Some<\/th>\r\n\r\n<th>Any<\/th>\r\n<\/tr>\r\n<\/thead>\r\n<tbody>\r\n<tr class=\"table-primary\">\r\n<td><b>bejahter Aussagesatz<\/b><\/td>\r\n<td><b>verneinter Aussagesatz<\/b><\/td>\r\n\r\n<\/tr>\r\n<tr class=\"table-info\">\r\n<td><b>I have some cool dance moves.<\/b><\/td>\r\n<td><b>She doesn&#8217;t have any money.<\/b><\/td>\r\n<\/tr>\r\n<tr class=\"table-warning\">\r\n<td><b>Angebotsfragen<\/b><\/td>\r\n<td><b>regul\u00e4re Fragen<\/b><\/td>\r\n<\/tr>\r\n<tr class=\"table-success\">\r\n<td><b>Do you want some tea?<\/b><\/td>\r\n<td><b>Do you have any tea?<\/b><\/td>\r\n<\/tr>\r\n<\/tbody>\r\n<\/table>\r\n\r\n<div class=\"iframe-container\">\r\n<iframe loading=\"lazy\" width=\"560\" height=\"315\" src=\"https:\/\/www.youtube.com\/embed\/VG4i0iz1oGI\" frameborder=\"0\" allow=\"accelerometer; autoplay; clipboard-write; encrypted-media; gyroscope; picture-in-picture\" allowfullscreen><\/iframe><\/div><br \/>\r\n<h3>Something &#8211; Anything &#8211; Somebody &#8211; Anybody &#8211; Somewhere &#8211; Anywhere<\/h3>\r\nAn <i class=\"text-danger\">some<\/i> und <i class=\"text-danger\">any<\/i> k\u00f6nnen die Suffixe (Anh\u00e4ngsel) <i class=\"text-danger\">-body, -thing, -where, -how<\/i>\r\nangef\u00fcgt werden. Das grammatikalische Prinzip bleibt das Gleiche. Die Bedeutung ist detaillierter.\r\n<table class=\"table table-bordered table-sm table-hover\">\r\n<thead>\r\n<tr class=\"table-danger\">\r\n<th>Some<\/th>\r\n\r\n<th>Any<\/th>\r\n<\/tr>\r\n<\/thead>\r\n<tbody>\r\n<tr class=\"table-success\">\r\n<td colspan=\"2\"><b>some, any + -&#8222;body&#8220;<\/b><\/td>\r\n<\/tr>\r\n<tr class=\"table-primary\">\r\n<td><b>bejahter Aussagesatz<\/b><\/td>\r\n<td><b>verneinter Aussagesatz<\/b><\/td>\r\n\r\n<\/tr>\r\n\r\n<tr class=\"table-info\">\r\n<td><b>I know somebody who can fix the faucet.<\/b><\/td>\r\n<td><b>I don&#8217;t know anybody.<\/b><\/td>\r\n<\/tr>\r\n<tr class=\"table-primary\">\r\n<td><b>Angebotsfragen<\/b><\/td>\r\n<td><b>regul\u00e4re Fragen<\/b><\/td>\r\n<\/tr>\r\n<tr class=\"table-info\">\r\n<td><b>Do want somebody to love?<\/b><\/td>\r\n<td><b>Do you know anybody?<\/b><\/td>\r\n<\/tr>\r\n<tr class=\"table-success\">\r\n<td colspan=\"2\"><b>some, any + -&#8222;thing&#8220;<\/b><\/td>\r\n<\/tr>\r\n<tr class=\"table-primary\">\r\n<td><b>bejahter Aussagesatz<\/b><\/td>\r\n<td><b>verneinter Aussagesatz<\/b><\/td>\r\n\r\n<\/tr>\r\n\r\n<tr class=\"table-info\">\r\n<td><b>I know something you don&#8217;t.<\/b><\/td>\r\n<td><b>She doesn&#8217;t know anything.<\/b><\/td>\r\n<\/tr>\r\n<tr class=\"table-primary\">\r\n<td><b>Angebotsfragen<\/b><\/td>\r\n<td><b>regul\u00e4re Fragen<\/b><\/td>\r\n<\/tr>\r\n<tr class=\"table-info\">\r\n<td><b>Do want something to drink?<\/b><\/td>\r\n<td><b>Do you know anything interesting?<\/b><\/td>\r\n<\/tr>\r\n<tr class=\"table-success\">\r\n<td colspan=\"2\"><b>some, any + -&#8222;where&#8220;<\/b><\/td>\r\n<\/tr>\r\n<tr class=\"table-primary\">\r\n<td><b>bejahter Aussagesatz<\/b><\/td>\r\n<td><b>verneinter Aussagesatz<\/b><\/td>\r\n\r\n<\/tr>\r\n\r\n<tr class=\"table-info\">\r\n<td><b>I know somewhere you can go.<\/b><\/td>\r\n<td><b>She doesn&#8217;t know anywhere to go.<\/b><\/td>\r\n<\/tr>\r\n<tr class=\"table-primary\">\r\n<td><b>Angebotsfragen<\/b><\/td>\r\n<td><b>regul\u00e4re Fragen<\/b><\/td>\r\n<\/tr>\r\n<tr class=\"table-info\">\r\n<td><b>Do need somewhere to live?<\/b><\/td>\r\n<td><b>Do you know anywhere to go?<\/b><\/td>\r\n<\/tr>\r\n<\/tbody>\r\n<\/table>\r\n<div>","protected":false},"excerpt":{"rendered":"Some &#8211; Any &#8211; Unterschied Some &#8211; Any &#8211; Unterschied- Aufgaben Some &#8211; Any &#8211; Unterschied- Erkl\u00e4rungen I can hear some, but I can&#8217;t hear any music. Some wird im Englischen in positiven, bejahten Aussages\u00e4tzen verwendet, und bedeutet etwas, einige. Not&#8230;any wird im Englischen in verneinten Aussages\u00e4tzen verwendet. Es bedeutet dann soviel wie keine. Jedoch [&hellip;]","protected":false},"author":3,"featured_media":0,"parent":0,"menu_order":0,"comment_status":"closed","ping_status":"closed","template":"","meta":[],"_links":{"self":[{"href":"https:\/\/english-munich.de\/training\/wp-json\/wp\/v2\/pages\/5450"}],"collection":[{"href":"https:\/\/english-munich.de\/training\/wp-json\/wp\/v2\/pages"}],"about":[{"href":"https:\/\/english-munich.de\/training\/wp-json\/wp\/v2\/types\/page"}],"author":[{"embeddable":true,"href":"https:\/\/english-munich.de\/training\/wp-json\/wp\/v2\/users\/3"}],"replies":[{"embeddable":true,"href":"https:\/\/english-munich.de\/training\/wp-json\/wp\/v2\/comments?post=5450"}],"version-history":[{"count":7,"href":"https:\/\/english-munich.de\/training\/wp-json\/wp\/v2\/pages\/5450\/revisions"}],"predecessor-version":[{"id":5505,"href":"https:\/\/english-munich.de\/training\/wp-json\/wp\/v2\/pages\/5450\/revisions\/5505"}],"wp:attachment":[{"href":"https:\/\/english-munich.de\/training\/wp-json\/wp\/v2\/media?parent=5450"}],"curies":[{"name":"wp","href":"https:\/\/api.w.org\/{rel}","templated":true}]}}