{"id":5346,"date":"2021-01-29T08:32:31","date_gmt":"2021-01-29T08:32:31","guid":{"rendered":"https:\/\/english-munich.de\/training\/?page_id=5346"},"modified":"2021-01-30T19:34:17","modified_gmt":"2021-01-30T19:34:17","slug":"mengenangaben","status":"publish","type":"page","link":"https:\/\/english-munich.de\/training\/mengenangaben\/","title":{"rendered":"Mengenangaben"},"content":{"rendered":"<div class=\"container well\">\r\n<h2> Erkl\u00e4rungen und \u00dcbungen Mengenanagaben Englisch <\/h2>\r\n<hr>\r\n<h2>Mengenangaben \u00dcbungen<\/h2>\r\n<div id=\"bellows-main-42\" class=\"bellows bellows-nojs bellows-main bellows-source-menu bellows-align-full bellows-skin-vanilla bellows-type-\"><ul id=\"menu-mengenangaben\" class=\"bellows-nav\" data-bellows-config=\"main\"><li id=\"menu-item-5332\" class=\"bellows-menu-item bellows-menu-item-type-post_type bellows-menu-item-object-page bellows-menu-item-5332 bellows-item-level-0\"><a  href=\"https:\/\/english-munich.de\/training\/mengenangaben-englisch-little-few\/\" class=\"bellows-target\"><span class=\"bellows-target-title bellows-target-text\">\u270d\ufe0f little \/ few &#8211; Unterschied<\/span><\/a><\/li>\n<li id=\"menu-item-5333\" class=\"bellows-menu-item bellows-menu-item-type-post_type bellows-menu-item-object-page bellows-menu-item-5333 bellows-item-level-0\"><a  href=\"https:\/\/english-munich.de\/training\/few-und-little-unterschied\/\" class=\"bellows-target\"><span class=\"bellows-target-title bellows-target-text\">\u2611\ufe0flittle \/ few &#8211; Unterschied<\/span><\/a><\/li>\n<li id=\"menu-item-5334\" class=\"bellows-menu-item bellows-menu-item-type-post_type bellows-menu-item-object-page bellows-menu-item-5334 bellows-item-level-0\"><a  href=\"https:\/\/english-munich.de\/training\/much-many-unterschied-2\/\" class=\"bellows-target\"><span class=\"bellows-target-title bellows-target-text\">\u270d\ufe0fmuch \/ many \u2013 Unterschied<\/span><\/a><\/li>\n<li id=\"menu-item-5335\" class=\"bellows-menu-item bellows-menu-item-type-post_type bellows-menu-item-object-page bellows-menu-item-5335 bellows-item-level-0\"><a  href=\"https:\/\/english-munich.de\/training\/much-many-unterschied\/\" class=\"bellows-target\"><span class=\"bellows-target-title bellows-target-text\">\u2611\ufe0fmuch \/ many \u2013 Unterschied<\/span><\/a><\/li>\n<li id=\"menu-item-5364\" class=\"bellows-menu-item bellows-menu-item-type-post_type bellows-menu-item-object-page bellows-menu-item-5364 bellows-item-level-0\"><a  href=\"https:\/\/english-munich.de\/training\/much-many-little-few-more-most-less-least\/\" class=\"bellows-target\"><span class=\"bellows-target-title bellows-target-text\">\u270d\ufe0fMuch \/ Many \/ Little \/ Few\/ More\/ Most\/ Less\/ Least<\/span><\/a><\/li>\n<li id=\"menu-item-5389\" class=\"bellows-menu-item bellows-menu-item-type-post_type bellows-menu-item-object-page bellows-menu-item-5389 bellows-item-level-0\"><a  href=\"https:\/\/english-munich.de\/training\/much-many-little-few-more-most-less-least-2\/\" class=\"bellows-target\"><span class=\"bellows-target-title bellows-target-text\">\u2611\ufe0fMuch, Many, Little, Few, More, Most, Less, Least<\/span><\/a><\/li>\n<\/ul><\/div>\r\n<h2>Mengenangaben Erkl\u00e4rungen<\/h2>\r\n<h3>viel &#8211; wenig &#8211; much &#8211; many &#8211; little &#8211; few<\/h3>\r\nDie am meisten gebraucht Mengenangabe ist <i class=\"text-danger\">viel<\/i> und <i class=\"text-danger\">wenig<\/i>. Das T\u00fcckische ist, dass Englisch <i class=\"text-danger\">viel<\/i> und <i class=\"text-danger\">wenig<\/i> dahingehend unterscheidet, ob das Bezugswort <i class=\"text-danger\">z\u00e4hlbar<\/i> oder <i class=\"text-danger\">unz\u00e4hlbar<\/i> ist. \r\nIst das Bezugswort <i class=\"text-danger\">z\u00e4hlbar<\/i> verwendet die englische Sprache <i class=\"text-danger\">many<\/i> f\u00fcr <i class=\"text-danger\">viel<\/i> und <i class=\"text-danger\">little<\/i> f\u00fcr <i class=\"text-danger\">wenig<\/i>.\r\n<b>zum Beispiel:<\/b>\r\n<i>many people, many children, many coutries, many men, many cats<\/i>\r\nIst das Bezugswort edoch <i class=\"text-danger\">unz\u00e4hlbar<\/i> benutzt die englische Sprache <i class=\"text-danger\">much<\/i> f\u00fcr <i class=\"text-danger\">viel<\/i> und <i class=\"text-danger\">few<\/i> f\u00fcr <i class=\"text-danger\">little<\/i>.\r\n<b>zum Beispiel:<\/b>\r\n<i>much milk, much money, much success, much power, much water<\/i>\r\n<h3>Steigerung<\/h3>\r\n<i class=\"text-danger\">much<\/i> und <i class=\"text-danger\">many<\/i> steigern gleich: <i class=\"text-danger\">more, most<\/i>\r\n<i class=\"text-danger\">little<\/i> und <i class=\"text-danger\">few<\/i> haben unterschiedliche Steigerungsformen: \r\n<i class=\"text-danger\">little, less, least<\/i>\r\n<i class=\"text-danger\">few, fewer, fewest<\/i>\r\n<div class=\"iframe-container\">\r\n<iframe loading=\"lazy\" width=\"560\" height=\"315\" src=\"https:\/\/www.youtube.com\/embed\/jB0IpCDBZmc\" frameborder=\"0\" allow=\"accelerometer; autoplay; clipboard-write; encrypted-media; gyroscope; picture-in-picture\" allowfullscreen><\/iframe><\/div><br \/>\r\n<img decoding=\"async\" class=\"img-responsive img-rounded\" title=\"Mengenangaben-Englisch-few-little-many-much-least-more-most\" src=\"https:\/\/english-munich.de\/training\/wp-content\/uploads\/2021\/01\/quantifiers-English-much-many-few-little-e1611734438432.jpg\" alt=\"Mengenangaben-Englisch-quantifiers\">\r\n<\/div>","protected":false},"excerpt":{"rendered":"Erkl\u00e4rungen und \u00dcbungen Mengenanagaben Englisch Mengenangaben \u00dcbungen Mengenangaben Erkl\u00e4rungen viel &#8211; wenig &#8211; much &#8211; many &#8211; little &#8211; few Die am meisten gebraucht Mengenangabe ist viel und wenig. Das T\u00fcckische ist, dass Englisch viel und wenig dahingehend unterscheidet, ob das Bezugswort z\u00e4hlbar oder unz\u00e4hlbar ist. Ist das Bezugswort z\u00e4hlbar verwendet die englische Sprache many [&hellip;]","protected":false},"author":3,"featured_media":0,"parent":0,"menu_order":0,"comment_status":"closed","ping_status":"closed","template":"","meta":[],"_links":{"self":[{"href":"https:\/\/english-munich.de\/training\/wp-json\/wp\/v2\/pages\/5346"}],"collection":[{"href":"https:\/\/english-munich.de\/training\/wp-json\/wp\/v2\/pages"}],"about":[{"href":"https:\/\/english-munich.de\/training\/wp-json\/wp\/v2\/types\/page"}],"author":[{"embeddable":true,"href":"https:\/\/english-munich.de\/training\/wp-json\/wp\/v2\/users\/3"}],"replies":[{"embeddable":true,"href":"https:\/\/english-munich.de\/training\/wp-json\/wp\/v2\/comments?post=5346"}],"version-history":[{"count":22,"href":"https:\/\/english-munich.de\/training\/wp-json\/wp\/v2\/pages\/5346\/revisions"}],"predecessor-version":[{"id":5412,"href":"https:\/\/english-munich.de\/training\/wp-json\/wp\/v2\/pages\/5346\/revisions\/5412"}],"wp:attachment":[{"href":"https:\/\/english-munich.de\/training\/wp-json\/wp\/v2\/media?parent=5346"}],"curies":[{"name":"wp","href":"https:\/\/api.w.org\/{rel}","templated":true}]}}