{"id":5239,"date":"2021-01-26T19:40:18","date_gmt":"2021-01-26T19:40:18","guid":{"rendered":"https:\/\/english-munich.de\/training\/?page_id=5239"},"modified":"2021-01-26T19:40:18","modified_gmt":"2021-01-26T19:40:18","slug":"will-future-progressive-will-future-perfect-unterschied-2","status":"publish","type":"page","link":"https:\/\/english-munich.de\/training\/will-future-progressive-will-future-perfect-unterschied-2\/","title":{"rendered":"Will Future Progressive &#8211; Will Future Perfect &#8211; Unterschied"},"content":{"rendered":"<div class=\"container well\">\r\n<h1>Will Future Progressive \/ Perfect &#8211;  Erkl\u00e4rungen und \u00dcbungen<\/h1>\r\n\r\n<h2>Will Future Progressive \/ Will Future Perfect \u00dcbungen<\/h2>\r\n<div id=\"bellows-main-41\" class=\"bellows bellows-nojs bellows-main bellows-source-menu bellows-align-full bellows-skin-vanilla bellows-type-\"><ul id=\"menu-will-future-perfect-progressive\" class=\"bellows-nav\" data-bellows-config=\"main\"><li id=\"menu-item-5226\" class=\"bellows-menu-item bellows-menu-item-type-post_type bellows-menu-item-object-page bellows-menu-item-5226 bellows-item-level-0\"><a  href=\"https:\/\/english-munich.de\/training\/will-future-progressive-perfect-ii\/\" class=\"bellows-target\"><span class=\"bellows-target-title bellows-target-text\">\u2611\ufe0fWill Future Progressive \/ Perfect<\/span><\/a><\/li>\n<li id=\"menu-item-5227\" class=\"bellows-menu-item bellows-menu-item-type-post_type bellows-menu-item-object-page bellows-menu-item-5227 bellows-item-level-0\"><a  href=\"https:\/\/english-munich.de\/training\/will-future-progressive-perfect-unterschied-2\/\" class=\"bellows-target\"><span class=\"bellows-target-title bellows-target-text\">\u270d\ufe0fWill Future Progressive \/ Perfect<\/span><\/a><\/li>\n<\/ul><\/div>\r\n\r\n\r\n\r\n<h3>Will Future Progressive Gebrauch<\/h3> \r\nDas Will Future Progressive wird verwendet, wenn man sich auf eine Handlung bezieht, die in der Zunkunft \u00fcber einen l\u00e4ngeren Zeitraum abl\u00e4uft. Weiterhin ist dieser Zeitraum nicht n\u00e4her definiert.\r\n<b>zum Beispiel:<\/b> \r\nI will <i class=\"text-danger\">be lying<\/i> in the sun all day tomorrow.\r\n\r\nDurch die Verwendung des <i class=\"text-danger\">Future Progressive<\/i> willst Du au\u00dferdem ausdr\u00fccken, dass mit dieser Aktion keine besonderen Pl\u00e4ne verbunden sind.\r\n\r\nWeiterhin kannst das <i class=\"text-danger\">Future Progressive<\/i> verwenden, um anzudeuten, dass eine Handlung langsam beginnt. In diesem Zusammenhang kannst Du Dir die Eselsb\u00fccke merken, dass das <i class=\"text-danger\">Future Progressive<\/i> verwendet wird, wenn Du im Deutschen <i class=\"text-danger\">&#8222;allm\u00e4hlich&#8220;<\/i> erg\u00e4nzen kannst.\r\n \r\nVerwendest Du das <i class=\"text-danger\">Future Continous<\/i> in der Frage oder der Verneinung kannst du damit auch ein negatives Gef\u00fchl oder eine gewisse Entschlossenheit ausdr\u00fccken. Dies ist mit der Langwierigkeit der Handlung verbunden.\r\n<b>zum Beispiel:<\/b> \r\nWill it <i class=\"text-danger\">be raining<\/i> all day again?\r\nI <i class=\"text-danger\">won&#8217;t be going<\/i> to Germany this year.\r\nWill they  <i class=\"text-danger\">be playing<\/i> cards all night?<br \/>\r\n\r\n<b>Signalw\u00f6rter Will Future Progressive<\/b>\r\nTypische Signalw\u00f6rter f\u00fcr das Will Future Progressive w\u00e4ren <i class=\"text-danger\">again, all day, all night, tomorrow, next year usw.<\/i>\r\n<table class=\"table table-bordered table-sm table-hover\">\r\n<thead>\r\n<tr class=\"table-danger\">\r\n<th>Signalw\u00f6rter Will Future Progressive<\/th>\r\n \r\n<\/thead>\r\n<tbody>\r\n<tr class=\"table-success\">\r\n\r\n<td><b>again, all day, all night, tomorrow, next year<\/b><\/td>\r\n<\/tr>\r\n\r\n<\/table><br \/>\r\n<table class=\"table table-bordered table-sm table-hover\">\r\n<thead>\r\n<tr class=\"table-danger\">\r\n<th colspan=\"3\">Will Future Progressive &#8211; Gebrauch<\/th>\r\n \r\n<\/thead>\r\n<tbody>\r\n<tr class=\"table-success\">\r\n\r\n<td><b>Vergangenheit<\/b><\/td>\r\n<td><b>Gegenwart<\/b><\/td>\r\n<td><b>Zukunft<\/b><\/td>\r\n<\/tr>\r\n<tr class=\"table-primary\">\r\n\r\n<td colspan=\"2\"><b><\/b><\/td>\r\n\r\n<td><b>              \u276e\u276e\u276e\u276e\u276e\u276e\u276e\u276e Future Progressive \u276f\u276f\u276f\u276f\u276f\u276f\u276f\u276f<\/b><\/td>\r\n<\/tr>\r\n\r\n<\/table><br \/>\r\n\r\n\r\n<b>zum Beispiel:<\/b> \r\nI will <i class=\"text-danger\">be playing<\/i> football all day tomorrow.\r\nNext week around this time we will <i class=\"text-danger\">be lying<\/i> on the beach.\r\nHe will <i class=\"text-danger\">be dancing<\/i> all day night.\r\n\r\n<br \/>\r\n\r\n<div class=\"iframe-container\">\r\n<iframe loading=\"lazy\" width=\"560\" height=\"315\" src=\"https:\/\/www.youtube.com\/embed\/IpfxZDtvMl8\" frameborder=\"0\" allow=\"accelerometer; autoplay; clipboard-write; encrypted-media; gyroscope; picture-in-picture\" allowfullscreen><\/iframe><\/div><br \/>\r\n<h3>Will Future Perfect Gebrauch<\/h3> \r\nDas Will Future Perfect wird verwendet, wenn man sich auf eine Handlung bezieht, die in der Zunkunft abeschlossen sein wird. Die deutsche Engsprechnung hierf\u00fcr w\u00e4re das Futur II.\r\n<b>zum Beispiel:<\/b> \r\nI will <i class=\"text-danger\">have done<\/i> all the work by tomorrow.\r\n\r\n<br \/>\r\n\r\n<b>Signalw\u00f6rter Will Future Perfect<\/b>\r\nTypische Signalw\u00f6rter f\u00fcr das Will Future Progressive w\u00e4ren <i class=\"text-danger\">by tomorrow, daybreak, midnight twelve o&#8217;clock, before, after, next week, year, month.<\/i>\r\n<table class=\"table table-bordered table-sm table-hover\">\r\n<thead>\r\n<tr class=\"table-danger\">\r\n<th>Signalw\u00f6rter Will Future Perfect<\/th>\r\n \r\n<\/thead>\r\n<tbody>\r\n<tr class=\"table-success\">\r\n\r\n<td><b>by tomorrow, daybreak, midnight twelve o&#8217;clock, before, after, next week, year, month<\/b><\/td>\r\n<\/tr>\r\n\r\n<\/table><br \/>\r\n<table class=\"table table-bordered table-sm table-hover\">\r\n<thead>\r\n<tr class=\"table-danger\">\r\n<th colspan=\"3\">Will Future Perfect &#8211; Gebrauch<\/th>\r\n \r\n<\/thead>\r\n<tbody>\r\n<tr class=\"table-success\">\r\n\r\n<td><b>Vergangenheit<\/b><\/td>\r\n<td><b>Gegenwart<\/b><\/td>\r\n<td><b>Zukunft<\/b><\/td>\r\n<\/tr>\r\n<tr class=\"table-primary\">\r\n\r\n<td colspan=\"2\"><b><\/b><\/td>\r\n\r\n<td><b>              x Future Perfect <\/b><\/td>\r\n<\/tr>\r\n\r\n<\/table><br \/>\r\n\r\n\r\n<h3>Will Future Progressive &#8211; Will Future Perfect Gegen\u00fcberstellung<\/h3>\r\n<br \/>\r\n<table class=\"table table-bordered table-sm\">\r\n<tbody>\r\n<tr class=\"table-danger\">\r\n<th colspan=\"3\">Will Future Progressive &#8211; Will Future Perfect Gegen\u00fcberstellung<\/th>\r\n<\/tr>\r\n<tr class=\"table-success\">\r\n<td colspan=\"2\">Will Future Progressive<\/td>\r\n<td colspan=\"2\">Will Future Perfect<\/td>\r\n<\/tr>\r\n<tr class=\"table-info\">\r\n<td colspan=\"2\">Handlung die \u00fcber einen unbestimmten Zeitraum in der Zunkunft ablaufen wird<\/td>\r\n<td colspan=\"2\">Handlung die zu einem bestimmten Zeitpunkt in der Zukunft abgeschlossen sein wird<\/td>\r\n<\/tr>\r\n<tr class=\"table-danger\">\r\n<td colspan=\"3\"><b>Signalw\u00f6rter:<\/b><\/td>\r\n\r\n<\/tr>\r\n\r\n<tr class=\"table-success\">\r\n<td colspan=\"2\">all morning, forever, my whole holiday, all of next week&#8230;<\/td>\r\n<td colspan=\"2\">by 5 o&#8217;clock, this afternoon, when all this is over&#8230;<\/td>\r\n<\/tr>\r\n<tr class=\"table-warning\">\r\n<td colspan=\"2\">He will be watching TV all day.<\/td>\r\n<td colspan=\"2\">We will have finished the project by tomorrow.<\/td>\r\n<\/tr>\r\n\r\n<\/tbody>\r\n<tbody><\/tbody>\r\n<\/table>\r\n<\/div>","protected":false},"excerpt":{"rendered":"Will Future Progressive \/ Perfect &#8211; Erkl\u00e4rungen und \u00dcbungen Will Future Progressive \/ Will Future Perfect \u00dcbungen Will Future Progressive Gebrauch Das Will Future Progressive wird verwendet, wenn man sich auf eine Handlung bezieht, die in der Zunkunft \u00fcber einen l\u00e4ngeren Zeitraum abl\u00e4uft. Weiterhin ist dieser Zeitraum nicht n\u00e4her definiert. zum Beispiel: I will be [&hellip;]","protected":false},"author":3,"featured_media":0,"parent":0,"menu_order":0,"comment_status":"closed","ping_status":"closed","template":"","meta":[],"_links":{"self":[{"href":"https:\/\/english-munich.de\/training\/wp-json\/wp\/v2\/pages\/5239"}],"collection":[{"href":"https:\/\/english-munich.de\/training\/wp-json\/wp\/v2\/pages"}],"about":[{"href":"https:\/\/english-munich.de\/training\/wp-json\/wp\/v2\/types\/page"}],"author":[{"embeddable":true,"href":"https:\/\/english-munich.de\/training\/wp-json\/wp\/v2\/users\/3"}],"replies":[{"embeddable":true,"href":"https:\/\/english-munich.de\/training\/wp-json\/wp\/v2\/comments?post=5239"}],"version-history":[{"count":9,"href":"https:\/\/english-munich.de\/training\/wp-json\/wp\/v2\/pages\/5239\/revisions"}],"predecessor-version":[{"id":5249,"href":"https:\/\/english-munich.de\/training\/wp-json\/wp\/v2\/pages\/5239\/revisions\/5249"}],"wp:attachment":[{"href":"https:\/\/english-munich.de\/training\/wp-json\/wp\/v2\/media?parent=5239"}],"curies":[{"name":"wp","href":"https:\/\/api.w.org\/{rel}","templated":true}]}}