{"id":5012,"date":"2021-01-21T19:03:56","date_gmt":"2021-01-21T19:03:56","guid":{"rendered":"https:\/\/english-munich.de\/training\/?page_id=5012"},"modified":"2021-01-22T09:45:16","modified_gmt":"2021-01-22T09:45:16","slug":"will-future-perfect-verneint","status":"publish","type":"page","link":"https:\/\/english-munich.de\/training\/will-future-perfect-verneint\/","title":{"rendered":"Will Future Perfect verneint"},"content":{"rendered":"<div class=\"jumbotron text-center\">\r\n<h2>Will Future Perfect Aufgaben<\/h2>\r\n\u00dcbungen zum Will Future Perfect im verneinten Aussagesatz\r\n\r\n<\/div>\r\n<div class=\"bs-example\">\r\n<div id=\"accordionExample\" class=\"accordion\">\r\n<div class=\"card\">\r\n<div id=\"headingOne\" class=\"card-header\">\r\n<h2 class=\"number\"><button class=\"btn btn-link collapsed\" type=\"button\" data-toggle=\"collapse\" data-target=\"#collapseOne\">Beispiel<\/button><\/h2>\r\n<\/div>\r\n<div id=\"collapseOne\" class=\"collapse\" aria-labelledby=\"headingOne\" data-parent=\"#accordionExample\">\r\n<div class=\"card-body\">\r\n<div class=\"form-group\" style=\"width: 70%; margin: 10px;\"><label for=\"sel1\"><span class=\"number\">\u24ff<\/span>Mr. Black __________  a wink until daybreak.<\/label>\r\n<select id=\"beispiel\" class=\"form-control\">\r\n<option value=\"wrong\">don&#8217;t won&#8217;t<\/option>\r\n<option value=\"correct\">won&#8217;t do<\/option>\r\n<option value=\"wrong\">doesn&#8217;t <\/option>\r\n<\/select>\r\n\r\nDie richtige L\u00f6sung ist: <b>won&#8217;t have slept<\/b>&nbsp;&nbsp;<button class=\"btn-lg btn-info\" type=\"button\" value=\"submit\" data-toggle=\"modal\" data-target=\"#myModal\">Tipp<\/button>\r\n\r\n<\/div>\r\n<\/div>\r\n<\/div>\r\n<\/div>\r\n<\/div>\r\n<br \/><br \/>\r\n<div class=\"container well\">\r\n<h4>\u2611\ufe0f W\u00e4hle die richtige Option des <i>will future perfect<\/i> in seiner verneinten Form:<\/h4>\r\n\r\n<hr>\r\n\r\n<br \/>\r\n<div class=\"container-fluid\">\r\n<div class=\"form-group\" style=\"width: 70%;\"><label for=\"sel1\"><span class=\"number\">\u2776<\/span>Harry __________ over any of the food by noon.<\/label>\r\n<select id=\"q0\" class=\"form-control\"><option value=\"wrong\"><\/option>\r\n<option value=\"wrong\">won&#8217;t have leave<\/option>\r\n<option value=\"correct\">won&#8217;t have left<\/option>\r\n<option value=\"wrong\">don&#8217;t have let<\/option>\r\n<\/select>\r\n<p id=\"correct0\" align=\"left\"><\/p>\r\n<a class=\"btn btn-success tipp0 hidden\" style=\"text-decoration: none, color:white;\" title=\"Harry won't have left...\" href=\"#0\" data-toggle=\"popover\" data-placement=\"top\" data-trigger=\"hover\" data-content=\"Das 'will-future perfect' wird verneint, indem das Hauptverb in der Grundfrom mit 'have' und '-ed', sowie durch das Hilfsverb 'will not'('won't' als Kurzform) erg\u00e4nzt wird also \u2192 won't have left\">Tipp<\/a>\r\n\r\n<\/div>\r\n<div class=\"form-group\" style=\"width: 70%;\"><label for=\"sel1\"><span class=\"number\">\u2777<\/span>They probably __________ the wall by tomorrow.<\/label>\r\n<select id=\"q1\" class=\"form-control\"><option value=\"wrong\"><\/option>\r\n<option value=\"wrong\">don&#8217;t have finished<\/option>\r\n<option value=\"wrong\">will not have finish<\/option>\r\n<option value=\"correct\">won&#8217;t have finished<\/option>\r\n<\/select>\r\n<p id=\"correct1\" align=\"left\"><\/p>\r\n<a class=\"btn btn-success tipp1 hidden\" style=\"text-decoration: none, color:white;\" title=\"They won't have finished...\" href=\"#1\" data-toggle=\"popover\" data-placement=\"top\" data-trigger=\"hover\" data-content=\"Das 'will-future perfect' wird verneint, indem das Hauptverb in der Grundfrom mit 'have' und Partizip Perfekt, sowie durch das Hilfsverb 'will not'('won't' als Kurzform) erg\u00e4nzt wird, also \u2192 won't have finished\">Tipp<\/a>\r\n\r\n<\/div>\r\n<div class=\"form-group\" style=\"width: 70%;\"><label for=\"sel1\"><span class=\"number\">\u2778<\/span>Of course, you __________ any of the work,typical<\/label>\r\n<select id=\"q2\" class=\"form-control\"><option value=\"wrong\"><\/option>\r\n<option value=\"correct\">won&#8217;t have done<\/option>\r\n<option value=\"wrong\">haven&#8217;t will do<\/option>\r\n<option value=\"wrong\">wills have done<\/option>\r\n<\/select>\r\n<p id=\"correct2\" align=\"left\"><\/p>\r\n<a class=\"btn btn-success tipp2 hidden\" style=\"text-decoration: none, color:white;\" title=\"I won't have done...\" href=\"#2\" data-toggle=\"popover\" data-placement=\"top\" data-trigger=\"hover\" data-content=\"Das 'will-future perfect' wird verneint, indem das Hauptverb in der Grundfrom mit 'have' und Partizip Perfect, sowie durch das Hilfsverb 'will not'('won't' als Kurzform) erg\u00e4nzt wird, also \u2192 won't have done\">Tipp<\/a>\r\n\r\n<\/div>\r\n<div class=\"form-group\" style=\"width: 70%;\"><label for=\"sel1\"><span class=\"number\">\u2779<\/span>Your parents __________  the new movie.<\/label>\r\n<select id=\"q3\" class=\"form-control\"><option value=\"wrong\"><\/option>\r\n<option value=\"wrong\">not will have seen<\/option>\r\n<option value=\"correct\">will not have seen<\/option>\r\n<option value=\"wrong\">won&#8217;t not have seen<\/option>\r\n<\/select>\r\n<p id=\"correct3\" align=\"left\"><\/p>\r\n<a class=\"btn btn-success tipp3 hidden\" style=\"text-decoration: none, color:white;\" title=\"Your parents won't have seen...\" href=\"#3\" data-toggle=\"popover\" data-placement=\"top\" data-trigger=\"hover\" data-content=\"Das 'will-future perfect' wird verneint, indem das Hauptverb in der Grundfrom mit 'have' und Partizip Perfekt, sowie durch das Hilfsverb 'will not'('won't' als Kurzform) erg\u00e4nzt wird, \u2192 will not have seen\">Tipp<\/a>\r\n\r\n<\/div>\r\n<div class=\"form-group\" style=\"width: 70%;\"><label for=\"sel1\"><span class=\"number\">\u277a<\/span>Well, they __________ baseball, they&#8217;re German.<\/label>\r\n<select id=\"q4\" class=\"form-control\"><option value=\"wrong\"><\/option>\r\n<option value=\"wrong\">not will have played<\/option>\r\n<option value=\"wrong\">haven&#8217;t will played<\/option>\r\n<option value=\"correct\">won&#8217;t have played<\/option>\r\n<\/select>\r\n<p id=\"correct4\" align=\"left\"><\/p>\r\n<a class=\"btn btn-success tipp4 hidden\" style=\"text-decoration: none, color:white;\" title=\"They won't have played...\" href=\"#4\" data-toggle=\"popover\" data-placement=\"top\" data-trigger=\"hover\" data-content=\"Das 'will-future perfect' wird verneint, indem das Hauptverb in der Grundfrom mit 'have' und Partizip Perfekt, sowie durch das Hilfsverb 'will not'('won't' als Kurzform) erg\u00e4nzt wird, \u2192 will not have played\">Tipp<\/a>\r\n\r\n<\/div>\r\n<div class=\"form-group\" style=\"width: 70%;\"><label for=\"sel1\"><span class=\"number\">\u277b<\/span>Ms.Brown __________ the whole paper before lunch.<\/label>\r\n<select id=\"q5\" class=\"form-control\"><option value=\"wrong\"><\/option>\r\n<option value=\"wrong\">won&#8217;t not read<\/option>\r\n<option value=\"correct\">won&#8217;t have read<\/option>\r\n<option value=\"wrong\">haven&#8217;t will read<\/option>\r\n<\/select>\r\n<p id=\"correct5\" align=\"left\"><\/p>\r\n<a class=\"btn btn-success tipp5 hidden\" style=\"text-decoration: none, color:white;\" title=\"Ms.Brown won't have read...\" href=\"#5\" data-toggle=\"popover\" data-placement=\"top\" data-trigger=\"hover\" data-content=\"Das 'will-future perfect' wird verneint, indem das Hauptverb in der Grundfrom mit 'have' und Partizip Perfekt, sowie durch das Hilfsverb 'will not'('won't' als Kurzform) erg\u00e4nzt wird, \u2192 won't have read\">Tipp<\/a>\r\n\r\n<\/div>\r\n<div class=\"form-group\" style=\"width: 70%;\"><label for=\"sel1\"><span class=\"number\">\u277c<\/span> The Smiths __________ all the cookies by now.<\/label>\r\n<select id=\"q6\" class=\"form-control\"><option value=\"wrong\"><\/option>\r\n<option value=\"wrong\">won&#8217;t not have sold<\/option>\r\n<option value=\"correct\">won&#8217;t have sold<\/option>\r\n<option value=\"wrong\">haven&#8217;t will sold<\/option>\r\n<\/select>\r\n<p id=\"correct6\" align=\"left\"><\/p>\r\n<a class=\"btn btn-success tipp6 hidden\" style=\"text-decoration: none, color:white;\" title=\"The Smiths won't have sold...\" href=\"#6\" data-toggle=\"popover\" data-placement=\"top\" data-trigger=\"hover\" data-content=\"Das 'will-future perfect' wird verneint, indem das Hauptverb in der Grundfrom mit 'have' und Partizip Perfekt, sowie durch das Hilfsverb 'will not'('won't' als Kurzform) erg\u00e4nzt wird, also \u2192 won't have sold\">Tipp<\/a>\r\n\r\n<\/div>\r\n<div class=\"form-group\" style=\"width: 70%;\"><label for=\"sel1\"><span class=\"number\">\u277d<\/span> I __________ to the pricipal before next week.<\/label>\r\n<select id=\"q7\" class=\"form-control\"><option value=\"wrong\"><\/option>\r\n<option value=\"wrong\">won&#8217;t have not spoken<\/option>\r\n<option value=\"wrong\">not will have spoken<\/option>\r\n<option value=\"correct\">won&#8217;t have spoken<\/option>\r\n<\/select>\r\n<p id=\"correct7\" align=\"left\"><\/p>\r\n<a class=\"btn btn-success tipp7 hidden\" style=\"text-decoration: none, color:white;\" title=\"I won't have spoken...\" href=\"#7\" data-toggle=\"popover\" data-placement=\"top\" data-trigger=\"hover\" data-content=\"Das 'will-future perfect' wird verneint, indem das Hauptverb in der Grundfrom mit 'have' und Partizip Perfekt, sowie durch das Hilfsverb 'will not'('won't' als Kurzform) erg\u00e4nzt wird, \u2192 won't have spoken\">Tipp<\/a>\r\n\r\n<\/div>\r\n<div class=\"form-group\" style=\"width: 70%;\"><label for=\"sel1\"><span class=\"number\">\u277e<\/span> He __________Claire to the dance before the very last day.<\/label>\r\n<select id=\"q8\" class=\"form-control\"><option value=\"wrong\"><\/option>\r\n<option value=\"correct\">won&#8217;t have asked<\/option>\r\n<option value=\"wrong\">won&#8217;t haven&#8217;t asked<\/option>\r\n<option value=\"wrong\">not will have asked<\/option>\r\n<\/select>\r\n<p id=\"correct8\" align=\"left\"><\/p>\r\n<a class=\"btn btn-success tipp8 hidden\" style=\"text-decoration: none, color:white;\" title=\"He won't have asked...\" href=\"#8\" data-toggle=\"popover\" data-placement=\"top\" data-trigger=\"hover\" data-content=\"Das 'will-future perfect' wird verneint, indem das Hauptverb in der Grundfrom mit 'have' und Partizip Perfekt, sowie durch das Hilfsverb 'will not'('won't' als Kurzform) erg\u00e4nzt wird, \u2192 won't have asked\">Tipp<\/a>\r\n\r\n<\/div>\r\n<div class=\"form-group\" style=\"width: 70%;\"><label for=\"sel1\"><span class=\"number\">\u277f<\/span> Our neighbors ________ of the new postman.<\/label>\r\n<select id=\"q9\" class=\"form-control\"><option value=\"wrong\"><\/option>\r\n<option value=\"wrong\">don&#8217;t will have heard<\/option>\r\n<option value=\"correct\">won&#8217;t have heard<\/option>\r\n<option value=\"wrong\">haven&#8217;t will heard<\/option>\r\n<\/select>\r\n<p id=\"correct9\" align=\"left\"><\/p>\r\n<a class=\"btn btn-success tipp9 hidden\" style=\"text-decoration: none, color:white;\" title=\"Our neighbors won't have heard...\" href=\"#9\" data-toggle=\"popover\" data-placement=\"top\" data-trigger=\"hover\" data-content=\"Das 'will-future perfect' wird verneint, indem das Hauptverb in der Grundfrom mit 'have' und Partizip Perfekt, sowie durch das Hilfsverb 'will not'('won't' als Kurzform) erg\u00e4nzt wird, \u2192 won't have heard\">Tipp<\/a>\r\n\r\n<!-- The Modal -->\r\n<div id=\"myModal\" class=\"modal fade\">\r\n<div class=\"modal-dialog\">\r\n<div class=\"modal-content\">\r\n\r\n<!-- Modal Header -->\r\n<div class=\"modal-header\">\r\n<h4 class=\"modal-title\">Will Future verneint<\/h4>\r\n<button class=\"close\" type=\"button\" data-dismiss=\"modal\">\u00d7<\/button>\r\n\r\n<\/div>\r\n<!-- Modal body -->\r\n<div class=\"modal-body\">\r\n<div class=\"container\">\r\n<h2>Will Future Perfect Verneint \u00dcbersicht<\/h2>\r\nTabelle f\u00fcr die Bildung des Will Future Perfect verneint regelm\u00e4\u00dfig:\r\n<table class=\"table table-bordered table-sm table-hover\">\r\n<thead>\r\n<tr class=\"table-danger\">\r\n<th>Personalpronomen<\/th>\r\n<th>I \/ you \/ he \/ she \/ it \/ we \/ they<\/th>\r\n<\/tr>\r\n<\/thead>\r\n<tbody>\r\n<tr class=\"table-primary\">\r\n<td><b>Hilfsverb<\/b><\/td>\r\n<td><b>will not \/ won&#8217;t<\/b><\/td>\r\n<\/tr>\r\n<tr class=\"table-warning\">\r\n<td><b>have + Partizip Perfekt<\/b><\/td>\r\n<td><b>have watched.<\/b><\/td>\r\n<\/tr>\r\n<\/tbody>\r\n<\/table>\r\n<\/div>\r\n<!-- Modal footer -->\r\n<div class=\"modal-footer\"><button class=\"btn btn-danger\" type=\"button\" data-dismiss=\"modal\">Close<\/button><\/div>\r\n<\/div>\r\n<\/div>\r\n<\/div>\r\n<\/div>\r\n<\/div>\r\n<\/div>\r\n<\/div>\r\n\r\n<hr>\r\n\r\n<div class=\"container\"><button id=\"submitButton\" class=\"btn-lg btn-primary \" type=\"submit\" value=\"submit\">Pr\u00fcfen<\/button><button id=\"resetButton\" class=\"btn-lg btn-success\" type=\"submit\" onclick=\"refreshPage()\">Neustart<\/button><button id=\"submitButton\" class=\"btn-lg btn-info\" type=\"submit\" value=\"submit\" data-toggle=\"modal\" data-target=\"#myModal\">Tipp<\/button><\/div>\r\n\r\n<hr>\r\n\r\n\r\n<p id=\"result\"><\/p>\r\n<p id=\"result2\"><\/p>\r\n<h3>Alle \u00dcbungen Will Future Perfect:<\/h3>\r\n<hr>\r\n<div id=\"bellows-main-40\" class=\"bellows bellows-nojs bellows-main bellows-source-menu bellows-align-full bellows-skin-vanilla bellows-type-\"><ul id=\"menu-will-future-perfect\" class=\"bellows-nav\" data-bellows-config=\"main\"><li id=\"menu-item-5041\" class=\"bellows-menu-item bellows-menu-item-type-post_type bellows-menu-item-object-page bellows-menu-item-5041 bellows-item-level-0\"><a  href=\"https:\/\/english-munich.de\/training\/will-future-perfect\/\" class=\"bellows-target\"><span class=\"bellows-target-title bellows-target-text\">\u270d\ufe0fWill Future Perfect bejaht<\/span><\/a><\/li>\n<li id=\"menu-item-5040\" class=\"bellows-menu-item bellows-menu-item-type-post_type bellows-menu-item-object-page bellows-menu-item-5040 bellows-item-level-0\"><a  href=\"https:\/\/english-munich.de\/training\/will-future-perfect-verneint\/\" class=\"bellows-target\"><span class=\"bellows-target-title bellows-target-text\">\u2611\ufe0fWill Future Perfect verneint<\/span><\/a><\/li>\n<li id=\"menu-item-5039\" class=\"bellows-menu-item bellows-menu-item-type-post_type bellows-menu-item-object-page bellows-menu-item-5039 bellows-item-level-0\"><a  href=\"https:\/\/english-munich.de\/training\/will-future-perfect-frage\/\" class=\"bellows-target\"><span class=\"bellows-target-title bellows-target-text\">\u270d\ufe0fWill Future Perfect Frage<\/span><\/a><\/li>\n<\/ul><\/div>\r\n\r\n<\/div>\r\n","protected":false},"excerpt":{"rendered":"Will Future Perfect Aufgaben \u00dcbungen zum Will Future Perfect im verneinten Aussagesatz Beispiel \u24ffMr. Black __________ a wink until daybreak. don&#8217;t won&#8217;t won&#8217;t do doesn&#8217;t Die richtige L\u00f6sung ist: won&#8217;t have slept&nbsp;&nbsp;Tipp \u2611\ufe0f W\u00e4hle die richtige Option des will future perfect in seiner verneinten Form: \u2776Harry __________ over any of the food by noon. won&#8217;t [&hellip;]","protected":false},"author":3,"featured_media":0,"parent":0,"menu_order":0,"comment_status":"closed","ping_status":"closed","template":"","meta":[],"_links":{"self":[{"href":"https:\/\/english-munich.de\/training\/wp-json\/wp\/v2\/pages\/5012"}],"collection":[{"href":"https:\/\/english-munich.de\/training\/wp-json\/wp\/v2\/pages"}],"about":[{"href":"https:\/\/english-munich.de\/training\/wp-json\/wp\/v2\/types\/page"}],"author":[{"embeddable":true,"href":"https:\/\/english-munich.de\/training\/wp-json\/wp\/v2\/users\/3"}],"replies":[{"embeddable":true,"href":"https:\/\/english-munich.de\/training\/wp-json\/wp\/v2\/comments?post=5012"}],"version-history":[{"count":14,"href":"https:\/\/english-munich.de\/training\/wp-json\/wp\/v2\/pages\/5012\/revisions"}],"predecessor-version":[{"id":5043,"href":"https:\/\/english-munich.de\/training\/wp-json\/wp\/v2\/pages\/5012\/revisions\/5043"}],"wp:attachment":[{"href":"https:\/\/english-munich.de\/training\/wp-json\/wp\/v2\/media?parent=5012"}],"curies":[{"name":"wp","href":"https:\/\/api.w.org\/{rel}","templated":true}]}}