{"id":4922,"date":"2021-01-20T14:44:20","date_gmt":"2021-01-20T14:44:20","guid":{"rendered":"https:\/\/english-munich.de\/training\/?page_id=4922"},"modified":"2021-02-05T21:08:20","modified_gmt":"2021-02-05T21:08:20","slug":"will-future-progressive","status":"publish","type":"page","link":"https:\/\/english-munich.de\/training\/will-future-progressive\/","title":{"rendered":"Will Future Progressive"},"content":{"rendered":"<div class=\"container well\">\r\n<h1>Will Future Progressive \u00dcbungen und Erkl\u00e4rungen<\/h1>\r\n<hr>\r\n<h2>Will Future Progressive \u00dcbungen<\/h2>\r\n\r\n<div id=\"bellows-main-39\" class=\"bellows bellows-nojs bellows-main bellows-source-menu bellows-align-full bellows-skin-vanilla bellows-type-\"><ul id=\"menu-will-future-progressive\" class=\"bellows-nav\" data-bellows-config=\"main\"><li id=\"menu-item-4910\" class=\"bellows-menu-item bellows-menu-item-type-post_type bellows-menu-item-object-page bellows-menu-item-4910 bellows-item-level-0\"><a  href=\"https:\/\/english-munich.de\/training\/will-future-progressive-frage\/\" class=\"bellows-target\"><span class=\"bellows-target-title bellows-target-text\">\u270d\ufe0fWill Future Progressive Frage<\/span><\/a><\/li>\n<li id=\"menu-item-4911\" class=\"bellows-menu-item bellows-menu-item-type-post_type bellows-menu-item-object-page bellows-menu-item-4911 bellows-item-level-0\"><a  href=\"https:\/\/english-munich.de\/training\/will-future-progressive-verneint\/\" class=\"bellows-target\"><span class=\"bellows-target-title bellows-target-text\">\u2611\ufe0fWill Future Progressive verneint<\/span><\/a><\/li>\n<li id=\"menu-item-4912\" class=\"bellows-menu-item bellows-menu-item-type-post_type bellows-menu-item-object-page bellows-menu-item-4912 bellows-item-level-0\"><a  href=\"https:\/\/english-munich.de\/training\/will-future-progressive-2\/\" class=\"bellows-target\"><span class=\"bellows-target-title bellows-target-text\">\u270d\ufe0fWill Future Progressive<\/span><\/a><\/li>\n<\/ul><\/div>\r\n<h2>Will Future Progressive Erkl\u00e4rungen<\/h2><br \/>\r\n<h3>Will Future Progressive bejahter Aussagesatz &#8211; Bildung<\/h3>\r\nDas Will Future Progressive wird gebildet unter Zuhilfenahme des Hilfsverbs <i class=\"text-danger\">will<\/i> und des Infinitivs der Verlaufsform <i class=\"text-danger\">be + -ing<\/i>.\r\nDie gute Nachricht: Das Verb bleibt im <i class=\"text-danger\">Will Future Progressive<\/i> unkonjugiert. Somit \u00e4ndert es sich in den verschiedenen Personen nicht.\r\n<br \/>\r\n<table class=\"table table-bordered table-sm table-hover\">\r\n<thead>\r\n<tr class=\"table-danger\">\r\n<th>Personalpronomen<\/th>\r\n<th>I \/ you \/ he \/ she \/ it \/ we \/ they<\/th>\r\n<\/tr>\r\n<\/thead>\r\n<tbody>\r\n<tr class=\"table-primary\">\r\n<td><b>Hilfsverb<\/b><\/td>\r\n<td><b>will<\/b><\/td>\r\n<\/tr>\r\n<tr class=\"table-warning\">\r\n<td><b>Infinitv der Verlaufsform (&#8218;be&#8216; +&#8216;-ing&#8216;)<\/b><\/td>\r\n<td><b>be watching.<\/b><\/td>\r\n<\/tr>\r\n<\/tbody>\r\n<\/table><br \/>\r\n<b>zum Beispiel:<\/b> \r\nI will <i class=\"text-danger\">be playing<\/i> football all day tomorrow.\r\nNext week around this time we will <i class=\"text-danger\">be lying<\/i> on the beach.\r\nHe will <i class=\"text-danger\">be dancing<\/i> all day night.\r\n\r\n<br \/>\r\n\r\n<div class=\"iframe-container\">\r\n<iframe loading=\"lazy\" width=\"560\" height=\"315\" src=\"https:\/\/www.youtube.com\/embed\/IpfxZDtvMl8\" frameborder=\"0\" allow=\"accelerometer; autoplay; clipboard-write; encrypted-media; gyroscope; picture-in-picture\" allowfullscreen><\/iframe><\/div><br \/>\r\n<table class=\"table table-bordered table-sm table-hover\">\r\n<h3>Will Future Progressive verneinter Aussagesatz &#8211; Bildung<\/h3> \r\nDie Verneinung des Will Future Progressive wird gebildet unter Zuhilfenahme des Hilfsverbs <i class=\"text-danger\">will + not<\/i> oder die Kurzform <i class=\"text-danger\">won&#8217;t<\/i>   und des Infinitivs der Verlaufsform <i class=\"text-danger\">be + -ing<\/i>\r\nAuch in der Verneinung wird das Verb im Future Continous nicht gebeugt, bleibt also in allen Formen gleich.\r\n<table class=\"table table-bordered table-sm table-hover\">\r\n<thead>\r\n<tr class=\"table-danger\">\r\n<th>Personalpronomen<\/th>\r\n<th>I \/ you \/ he \/ she \/ it \/ we \/ they<\/th>\r\n<\/tr>\r\n<\/thead>\r\n<tbody>\r\n<tr class=\"table-primary\">\r\n<td><b>Hilfsverb<\/b><\/td>\r\n<td><b>will not \/ won&#8217;t<\/b><\/td>\r\n<\/tr>\r\n<tr class=\"table-warning\">\r\n<td><b>Infinitv der Verlaufsform (&#8218;be&#8216; +&#8216;-ing&#8216;)<\/b><\/td>\r\n<td><b>be watching.<\/b><\/td>\r\n<\/tr>\r\n<\/tbody>\r\n<\/table>\r\n\r\n<b>zum Beispiel:<\/b> \r\nI won&#8217;t <i class=\"text-danger\">be eating<\/i> this food again.\r\nWe will not <i class=\"text-danger\">be playing<\/i> football, that&#8217;s for sure.\r\nHe won&#8217;t  <i class=\"text-danger\">be having<\/i> a shower every day.\r\n\r\n<h3>Will Future Progressive Frage &#8211; Bildung<\/h3> \r\nDie Frage des Will Future Progressive wird gebildet unter Verwendung des Hilfsverbs <i class=\"text-danger\">will + not<\/i> und der Grundform der Verlaufsform <i class=\"text-danger\">be + -ing<\/i>. Das Hilfsverb r\u00fcckt an den Satzanfang (Inversion), ansonsten bleibt der Satz gleich.\r\nAuch in der Frage wird das Verb im Future Progressive nicht gebeugt, bleibt also in allen Formen unver\u00e4ndert.\r\n\r\n<table class=\"table table-bordered table-sm table-hover\">\r\n<thead>\r\n<tr class=\"table-danger\">\r\n<th>Hilfsverb<\/th>\r\n<th>will<\/th>\r\n<\/tr>\r\n<\/thead>\r\n<tbody>\r\n<tr class=\"table-primary\">\r\n<td><b>Personalpronomen<\/b><\/td>\r\n<td><b>I \/ you \/ he \/ she \/ it \/ we \/ they<\/b><\/td>\r\n<\/tr>\r\n<tr class=\"table-warning\">\r\n<td><b>Infinitv der Verlaufsform (&#8218;be&#8216; +&#8216;-ing&#8216;)<\/b><\/td>\r\n<td><b>be watching?<\/b><\/td>\r\n<\/tr>\r\n<\/tbody>\r\n<\/table><br \/>\r\n\r\n<b>zum Beispiel:<\/b> \r\nWill it <i class=\"text-danger\">be raining<\/i> all day again?\r\nWill he <i class=\"text-danger\">be listening<\/i> to Elvis again?\r\nWill they  <i class=\"text-danger\">be going<\/i> to England this summer?<br \/>\r\n<h3>Will Future Progressive Gebrauch<\/h3> \r\nDas Will Future Progressive wird verwendet, wenn man sich auf eine Handlung bezieht, die in der Zunkunft \u00fcber einen l\u00e4ngeren Zeitraum abl\u00e4uft. Weiterhin ist dieser Zeitraum nicht n\u00e4her definiert.\r\n<b>zum Beispiel:<\/b> \r\nI will <i class=\"text-danger\">be lying<\/i> in the sun all day tomorrow.\r\n\r\nDurch die Verwendung des <i class=\"text-danger\">Future Progressive<\/i> willst Du au\u00dferdem ausdr\u00fccken, dass mit dieser Aktion keine besonderen Pl\u00e4ne verbunden sind.\r\n\r\nWeiterhin kannst das <i class=\"text-danger\">Future Progressive<\/i> verwenden, um anzudeuten, dass eine Handlung langsam beginnt. In diesem Zusammenhang kannst Du Dir die Eselsb\u00fccke merken, dass das <i class=\"text-danger\">Future Progressive<\/i> verwendet wird, wenn Du im Deutschen <i class=\"text-danger\">&#8222;allm\u00e4hlich&#8220;<\/i> erg\u00e4nzen kannst.\r\n \r\nVerwendest Du das <i class=\"text-danger\">Future Continous<\/i> in der Frage oder der Verneinung kannst du damit auch ein negatives Gef\u00fchl oder eine gewisse Entschlossenheit ausdr\u00fccken. Dies ist mit der Langwierigkeit der Handlung verbunden.\r\n<b>zum Beispiel:<\/b> \r\nWill it <i class=\"text-danger\">be raining<\/i> all day again?\r\nI <i class=\"text-danger\">won&#8217;t be going<\/i> to Germany this year.\r\nWill they  <i class=\"text-danger\">be playing<\/i> cards all night?<br \/>\r\n\r\n<b>Signalw\u00f6rter Will Future Progressive<\/b>\r\nTypische Signalw\u00f6rter f\u00fcr das Will Future Progressive w\u00e4ren <i class=\"text-danger\">again, all day, all night, tomorrow, next year usw.<\/i>\r\n<table class=\"table table-bordered table-sm table-hover\">\r\n<thead>\r\n<tr class=\"table-danger\">\r\n<th>Signalw\u00f6rter Will Future Progressive<\/th>\r\n \r\n<\/thead>\r\n<tbody>\r\n<tr class=\"table-success\">\r\n\r\n<td><b>again, all day, all night, tomorrow, next year<\/b><\/td>\r\n<\/tr>\r\n\r\n<\/table><br \/>\r\n<table class=\"table table-bordered table-sm table-hover\">\r\n<thead>\r\n<tr class=\"table-danger\">\r\n<th colspan=\"3\">Will Future Progressive &#8211; Gebrauch<\/th>\r\n \r\n<\/thead>\r\n<tbody>\r\n<tr class=\"table-success\">\r\n\r\n<td><b>Vergangenheit<\/b><\/td>\r\n<td><b>Gegenwart<\/b><\/td>\r\n<td><b>Zukunft<\/b><\/td>\r\n<\/tr>\r\n<tr class=\"table-primary\">\r\n\r\n<td colspan=\"2\"><b><\/b><\/td>\r\n\r\n<td><b>              \u276e\u276e\u276e\u276e\u276e\u276e\u276e\u276e Future Progressive \u276f\u276f\u276f\u276f\u276f\u276f\u276f\u276f<\/b><\/td>\r\n<\/tr>\r\n\r\n<\/table><br \/>\r\n\r\n\r\n\r\n<img decoding=\"async\" loading=\"lazy\" class=\"img-responsive img-rounded\" width=\"400\" height=\"1000\" title=\"Future Progressive Aussagesatz\" src=\"https:\/\/english-munich.de\/training\/wp-content\/uploads\/2021\/01\/Untitled-Design1.jpeg\" alt=\"Simple Future Contious\/Progressive\">\r\n<\/div>","protected":false},"excerpt":{"rendered":"Will Future Progressive \u00dcbungen und Erkl\u00e4rungen Will Future Progressive \u00dcbungen Will Future Progressive Erkl\u00e4rungen Will Future Progressive bejahter Aussagesatz &#8211; Bildung Das Will Future Progressive wird gebildet unter Zuhilfenahme des Hilfsverbs will und des Infinitivs der Verlaufsform be + -ing. Die gute Nachricht: Das Verb bleibt im Will Future Progressive unkonjugiert. Somit \u00e4ndert es sich [&hellip;]","protected":false},"author":3,"featured_media":0,"parent":0,"menu_order":0,"comment_status":"closed","ping_status":"closed","template":"","meta":[],"_links":{"self":[{"href":"https:\/\/english-munich.de\/training\/wp-json\/wp\/v2\/pages\/4922"}],"collection":[{"href":"https:\/\/english-munich.de\/training\/wp-json\/wp\/v2\/pages"}],"about":[{"href":"https:\/\/english-munich.de\/training\/wp-json\/wp\/v2\/types\/page"}],"author":[{"embeddable":true,"href":"https:\/\/english-munich.de\/training\/wp-json\/wp\/v2\/users\/3"}],"replies":[{"embeddable":true,"href":"https:\/\/english-munich.de\/training\/wp-json\/wp\/v2\/comments?post=4922"}],"version-history":[{"count":32,"href":"https:\/\/english-munich.de\/training\/wp-json\/wp\/v2\/pages\/4922\/revisions"}],"predecessor-version":[{"id":5105,"href":"https:\/\/english-munich.de\/training\/wp-json\/wp\/v2\/pages\/4922\/revisions\/5105"}],"wp:attachment":[{"href":"https:\/\/english-munich.de\/training\/wp-json\/wp\/v2\/media?parent=4922"}],"curies":[{"name":"wp","href":"https:\/\/api.w.org\/{rel}","templated":true}]}}