{"id":3254,"date":"2020-06-26T07:44:14","date_gmt":"2020-06-26T07:44:14","guid":{"rendered":"https:\/\/english-munich.de\/training\/?page_id=3254"},"modified":"2021-05-05T12:20:17","modified_gmt":"2021-05-05T12:20:17","slug":"what-where-which-why","status":"publish","type":"page","link":"https:\/\/english-munich.de\/training\/what-where-which-why\/","title":{"rendered":"What, where, which , why&#8230;"},"content":{"rendered":"<div class=\"jumbotron text-center\">\r\n<h2>Fragew\u00f6rter<\/h2>\r\n\u00dcbungen zur richtigen Verwendung von Fragew\u00f6rtern\r\n\r\n<\/div>\r\n<div class=\"bs-example\">\r\n<div class=\"accordion\" id=\"accordionExample\">\r\n<div class=\"card\">\r\n<div class=\"card-header\" id=\"headingOne\">\r\n<h2 class=\"mb-0\" style=\"color:#000\">\r\n                    <button type=\"button\" class=\"btn btn-link collapsed\" data-toggle=\"collapse\" data-target=\"#collapseOne\">Beispiel<\/button><\/h2>\r\n<\/div>\r\n<div id=\"collapseOne\" class=\"collapse\" aria-labelledby=\"headingOne\" data-parent=\"#accordionExample\">\r\n<div class=\"card-body\">\r\n<div class=\"form\">\r\n<div>\r\n<b><span class=\"number\">\u24ff<\/span><\/b><input type=\"text\" class=\"form-control\" id=\"panel-beispiel\" disabled=\"true\" value=\"What\"> do you do? \r\n<\/div><div>\r\nDie richtige L\u00f6sung ist: <b> What <\/b>&nbsp;&nbsp;<button class=\"btn-lg btn-info\" type=\"button\" data-toggle=\"modal\" data-target=\"#myModal\">Tipp<\/button>\r\n<\/div>\r\n<\/div>\r\n<\/div>\r\n<\/div>\r\n<\/div>\r\n<\/div>\r\n<br \/><br \/>\r\n<div class=\"container well\">\r\n<h4>\u270d\ufe0f F\u00fclle entweder<b> what, how, when, who, which, where<\/b> oder <b>why<\/b> in die L\u00fccke, so dass die Frage Sinn ergibt:<\/h4>\r\n\r\n<hr>\r\n\r\n<br \/>\r\n<div class=\"container\">\r\n<b><span class=\"number\">\u2776<\/span><\/b><input type=\"text\" class=\"form-control\" id=\"q0\" autocomplete=\"off\"> are you today, my friend?\r\n<div class=\"row\">\r\n<div>\r\n<p id=\"correct0\" align=\"left\"><\/p>\r\n\r\n<\/div>\r\n<div>\r\n<a button=\"\" class=\"btn btn-success tipp0 hidden\" href=\"#1\" title=\"How are you today...\" data-toggle=\"popover\" data-placement=\"top\" data-trigger=\"hover\" style=\"text-decoration: none; color:white;\" data-content=\"'How' \u2794 '\r\nWie' - 'How are you today?' \u2794 'Wie geht es Dir heute?'\">Tipp<\/a><\/div>\r\n<\/div>\r\n<b><span class=\"number\">\u2777<\/span><\/b><input type=\"text\" class=\"form-control\" id=\"q1\" autocomplete=\"off\"> is the story?\r\n<div class=\"row\">\r\n<div>\r\n<p id=\"correct1\" align=\"left\"><\/p>\r\n\r\n<\/div>\r\n<div>\r\n<a button=\"\" class=\"btn btn-success tipp1 hidden\" href=\"#2\" title=\"What is the story?\" data-toggle=\"popover\" data-placement=\"top\" data-trigger=\"hover\" style=\"text-decoration: none; color:white;\" data-content=\"'What' \u2794 '\r\nWas' - 'What is the story?' \u2794 'Was ist los?'\">Tipp<\/a><\/div>\r\n<\/div>\r\n<b><span class=\"number\">\u2778<\/span><\/b><input type=\"text\" class=\"form-control\" id=\"q2\" autocomplete=\"off\"> does the film start?\r\n<div class=\"row\">\r\n<div>\r\n<p id=\"correct2\" align=\"left\"><\/p>\r\n\r\n<\/div>\r\n<div>\r\n<a button=\"\" class=\"btn btn-success tipp2 hidden\" align=\"left\" aria-hidden=\"true\" href=\"#3\" title=\"When does the film start? \" data-toggle=\"popover\" data-placement=\"top\" data-trigger=\"hover\" style=\"text-decoration: none, color:white\" data-content=\"'When' \u2794 '\r\nWann' - 'When does the film start?' \u2794 'Wann geht der Film los?'\">Tipp<\/a><\/div>\r\n<\/div>\r\n<span class=\"number\">\u2779<\/span><input type=\"text\" class=\"form-control\" id=\"q3\" autocomplete=\"off\">  let the dog out?\r\n<div class=\"row\">\r\n<div>\r\n<p id=\"correct3\" align=\"left\"><\/p>\r\n\r\n<\/div>\r\n<div>\r\n<a button=\"\" class=\"btn btn-success tipp3 hidden\" aria-hidden=\"true\" href=\"#4\" title=\"Who let the dog out?\" data-toggle=\"popover\" data-placement=\"top\" data-trigger=\"hover\" style=\"text-decoration: none, color:white\" data-content=\"'Who' \u2794 '\r\nWer' - 'Who let the dog out?' \u2794 'Wer hat den Hund rausgelassen?'\">Tipp<\/a><\/div>\r\n<\/div>\r\n<b><span class=\"number\">\u277a<\/span><\/b><input type=\"text\" class=\"form-control\" id=\"q4\" autocomplete=\"off\"> don&#8217;t you wear a mask? It&#8217;s dangerous without!\r\n<div class=\"row\">\r\n<div>\r\n<p id=\"correct4\" align=\"left\"><\/p>\r\n\r\n<\/div>\r\n<div>\r\n<a button=\"\" class=\"btn btn-success tipp4 hidden\" aria-hidden=\"true\" href=\"#5\" title=\"Why don't you wear...\" data-toggle=\"popover\" data-placement=\"top\" data-trigger=\"hover\" style=\"text-decoration: none, color:white\" data-content=\"'Why' \u2794 '\r\nWarum' - 'Why don't you wear a mask?' \u2794 'Warum tr\u00e4gst Du keinen Mundschutz?'\">Tipp<\/a><\/div>\r\n<\/div>\r\n<b><span class=\"number\">\u277b<\/span><\/b><input type=\"text\" class=\"form-control\" id=\"q5\" autocomplete=\"off\"> do you live?\r\n<div class=\"row\">\r\n<div>\r\n<p id=\"correct5\" align=\"left\"><\/p>\r\n\r\n<\/div>\r\n<div>\r\n<a button=\"\" class=\"btn btn-success tipp5 hidden\" aria-hidden=\"true\" href=\"#6\" title=\"Where do you live?\" data-toggle=\"popover\" data-placement=\"top\" data-trigger=\"hover\" style=\"text-decoration: none, color:white\" data-content=\"'Where' \u2794 '\r\nWo' - 'Where do you live?' \u2794 'Wo wohnst Du?'\">Tipp<\/a><\/div>\r\n<\/div>\r\n<b><span class=\"number\">\u277c<\/span><\/b><input type=\"text\" class=\"form-control\" id=\"q6\" autocomplete=\"off\"> one do you want. Green or red?\r\n<div class=\"row\">\r\n<div>\r\n<p id=\"correct6\" align=\"left\"><\/p>\r\n\r\n<\/div>\r\n<div>\r\n<a button=\"\" class=\"btn btn-success tipp6 hidden\" aria-hidden=\"true\" href=\"#7\" title=\"Which one do you want...\" data-toggle=\"popover\" data-placement=\"top\" data-trigger=\"hover\" style=\"text-decoration: none, color:white\" data-content=\"'Which' \u2794 '\r\nWelches' - 'Which one do you want?' \u2794 'Was f\u00fcr eines willst Du?'\">Tipp<\/a><\/div>\r\n<\/div>\r\n<b><span class=\"number\">\u277d<\/span><\/b><input type=\"text\" class=\"form-control\" id=\"q7\" autocomplete=\"off\"> will Daddy come? We want to eat.\r\n<div class=\"row\">\r\n<div>\r\n<p id=\"correct7\" align=\"left\"><\/p>\r\n\r\n<\/div>\r\n<div>\r\n<a button=\"\" class=\"btn btn-success tipp7 hidden\" href=\"#8\" title=\"When will Daddy come?\" data-toggle=\"popover\" data-placement=\"top\" data-trigger=\"hover\" style=\"text-decoration: none, color:white\" data-content=\"Wann kommt Papi nach Hause?\">Tipp<\/a><\/div>\r\n<\/div>\r\n<b><span class=\"number\">\u277e<\/span><\/b> <input type=\"text\" class=\"form-control\" id=\"q8\" autocomplete=\"off\"> is the banana curve shaped?\r\n<div class=\"row\">\r\n<div>\r\n<p id=\"correct8\" align=\"left\"><\/p>\r\n\r\n<\/div>\r\n<div>\r\n<a button=\"\" class=\"btn btn-success tipp8 hidden\" href=\"#9\" title=\"Why is the banana curve shaped?\" data-toggle=\"popover\" data-placement=\"top\" data-trigger=\"hover\" style=\"text-decoration: none, color:white\" data-content=\"'Why' \u2794 '\r\nWarum' - 'Why is the banana curve shaped?' \u2794 'Warum ist die Banane krumm?'\">Tipp<\/a><\/div>\r\n<\/div>\r\n<b><span class=\"number\">\u277f<\/span><\/b> <input type=\"text\" class=\"form-control\" id=\"q9\" autocomplete=\"off\"> do I get to the airport?\r\n<div class=\"row\">\r\n<div>\r\n<p id=\"correct9\" align=\"left\"><\/p>\r\n\r\n<\/div>\r\n<div>\r\n<a button=\"\" class=\"btn btn-success tipp9 hidden\" href=\"#10\" title=\"How do I get to the airport?\" data-toggle=\"popover\" data-placement=\"top\" data-trigger=\"hover\" style=\"text-decoration: none, color:white\" data-content=\"'How' \u2794 '\r\nWie' - 'How do I get to the airport?' \u2794 'Wie komme ich zum Flughafen?'\">Tipp<\/a><\/div>\r\n<\/div>\r\n<div class=\"container\">\r\n\r\n<!-- The Modal -->\r\n<div id=\"myModal\" class=\"modal\">\r\n<div class=\"modal-dialog\">\r\n<div class=\"modal-content\">\r\n\r\n<!-- Modal Header -->\r\n<div class=\"modal-header\">\r\n<h4 class=\"modal-title\">Fragew\u00f6rter<\/h4>\r\n<button class=\"close\" type=\"button\" data-dismiss=\"modal\">\u00d7<\/button>\r\n\r\n<\/div>\r\n<!-- Modal body -->\r\n<div class=\"modal-body\">\r\n<table class=\"table table-bordered table-sm\">\r\n<tbody>\r\n<tr class=\"table-danger\">\r\n<td colspan=\"2\">\r\n<b>Fragew\u00f6rter<\/b><\/td>\r\n<\/tr>\r\n<tr class=\"table-info\">\r\n<td>\r\n  when?<\/td>\r\n<td>\r\n  wann?<\/td>\r\n<\/tr>\r\n<tr class=\"table-primary\">\r\n<td colspan=\"2\">\r\n<b>When does the film start?<\/b><\/td>\r\n<\/tr>\r\n<tr class=\"table-success\">\r\n<td>how?<\/td>\r\n<td>wie?<\/td>\r\n<\/tr>\r\n<tr class=\"table-warning\">\r\n<td colspan=\"2\">\r\n<b>How much does it cost?<\/b><\/td>\r\n<\/tr>\r\n<tr class=\"table-primary\">\r\n<td>\r\nwhy?<\/td>\r\n<td>warum?<\/td>\r\n<\/tr>\r\n<tr class=\"table-success\">\r\n<td colspan=\"2\">\r\n<b>Why did you open the window?<\/b><\/td>\r\n<\/tr>\r\n<tr class=\"table-danger\">\r\n<td>\r\nwhere?<\/td>\r\n<td>wo?<\/td>\r\n<\/tr>\r\n<tr class=\"table-primary\">\r\n<td colspan=\"2\">\r\n<b>Where is the next bus stop?<\/b><\/td>\r\n<\/tr>\r\n<tr class=\"table-success\">\r\n<td>who?<\/td>\r\n<td>wer?<\/td>\r\n<\/tr>\r\n<tr class=\"table-warning\">\r\n<td colspan=\"2\">\r\n<b>Who let the dog out?<\/b><\/td>\r\n<\/tr>\r\n<tr class=\"table-info\">\r\n<td>\r\n  what?<\/td>\r\n<td>\r\n  was?<\/td>\r\n<\/tr>\r\n<tr class=\"table-primary\">\r\n<td colspan=\"2\">\r\n<b>What is the problem?<\/b><\/td>\r\n<\/tr>\r\n<\/tbody>\r\n<\/table>\r\n<\/div>\r\n<!-- Modal footer -->\r\n<div class=\"modal-footer\"><button class=\"btn btn-danger\" type=\"button\" data-dismiss=\"modal\">Close<\/button><\/div>\r\n<\/div>\r\n<\/div>\r\n<\/div>\r\n<\/div>\r\n<\/div>\r\n<\/div>\r\n<div class=\"container\">\r\n\r\n<hr>\r\n\r\n<button id=\"submitButton\" class=\"btn-lg btn-primary \" type=\"submit\" value=\"submit\">Pr\u00fcfen<\/button><button id=\"resetButton\" class=\"btn-lg btn-success\" type=\"submit\" onclick=\"refreshPage()\">Neustart<\/button><button id=\"submitButton\" class=\"btn-lg btn-info\" type=\"button\" value=\"submit\" data-toggle=\"modal\" data-target=\"#myModal\">Tipp<\/button>\r\n\r\n<hr>\r\n\r\n\r\n<p id=\"result\"><\/p>\r\n<p id=\"result2\"><\/p>\r\n \r\n<h3>Fragew\u00f6rter alle \u00dcbungen<\/h3>\r\n<hr>\r\n<div id=\"bellows-main-34\" class=\"bellows bellows-nojs bellows-main bellows-source-menu bellows-align-full bellows-skin-vanilla bellows-type-\"><ul id=\"menu-frageworter\" class=\"bellows-nav\" data-bellows-config=\"main\"><li id=\"menu-item-4421\" class=\"bellows-menu-item bellows-menu-item-type-post_type bellows-menu-item-object-page bellows-menu-item-4421 bellows-item-level-0\"><a  href=\"https:\/\/english-munich.de\/training\/what-where-which-why\/\" class=\"bellows-target\"><span class=\"bellows-target-title bellows-target-text\">\u270d\ufe0fWhat, where, which , why\u2026<\/span><\/a><\/li>\n<li id=\"menu-item-4422\" class=\"bellows-menu-item bellows-menu-item-type-post_type bellows-menu-item-object-page bellows-menu-item-4422 bellows-item-level-0\"><a  href=\"https:\/\/english-munich.de\/training\/how-where-when-why\/\" class=\"bellows-target\"><span class=\"bellows-target-title bellows-target-text\">\u2611\ufe0fHow, where, when ,why<\/span><\/a><\/li>\n<li id=\"menu-item-4517\" class=\"bellows-menu-item bellows-menu-item-type-post_type bellows-menu-item-object-page bellows-menu-item-4517 bellows-item-level-0\"><a  href=\"https:\/\/english-munich.de\/training\/frageworter-mit-prapsitionen\/\" class=\"bellows-target\"><span class=\"bellows-target-title bellows-target-text\">\u270d\ufe0fFragew\u00f6rter mit Pr\u00e4positionen<\/span><\/a><\/li>\n<\/ul><\/div>\r\n<\/div>","protected":false},"excerpt":{"rendered":"Fragew\u00f6rter \u00dcbungen zur richtigen Verwendung von Fragew\u00f6rtern Beispiel \u24ff do you do? Die richtige L\u00f6sung ist: What &nbsp;&nbsp;Tipp \u270d\ufe0f F\u00fclle entweder what, how, when, who, which, where oder why in die L\u00fccke, so dass die Frage Sinn ergibt: \u2776 are you today, my friend? Tipp \u2777 is the story? Tipp \u2778 does the film start? [&hellip;]","protected":false},"author":3,"featured_media":0,"parent":0,"menu_order":0,"comment_status":"closed","ping_status":"closed","template":"","meta":[],"_links":{"self":[{"href":"https:\/\/english-munich.de\/training\/wp-json\/wp\/v2\/pages\/3254"}],"collection":[{"href":"https:\/\/english-munich.de\/training\/wp-json\/wp\/v2\/pages"}],"about":[{"href":"https:\/\/english-munich.de\/training\/wp-json\/wp\/v2\/types\/page"}],"author":[{"embeddable":true,"href":"https:\/\/english-munich.de\/training\/wp-json\/wp\/v2\/users\/3"}],"replies":[{"embeddable":true,"href":"https:\/\/english-munich.de\/training\/wp-json\/wp\/v2\/comments?post=3254"}],"version-history":[{"count":8,"href":"https:\/\/english-munich.de\/training\/wp-json\/wp\/v2\/pages\/3254\/revisions"}],"predecessor-version":[{"id":9699,"href":"https:\/\/english-munich.de\/training\/wp-json\/wp\/v2\/pages\/3254\/revisions\/9699"}],"wp:attachment":[{"href":"https:\/\/english-munich.de\/training\/wp-json\/wp\/v2\/media?parent=3254"}],"curies":[{"name":"wp","href":"https:\/\/api.w.org\/{rel}","templated":true}]}}