{"id":3222,"date":"2020-06-25T12:08:06","date_gmt":"2020-06-25T12:08:06","guid":{"rendered":"https:\/\/english-munich.de\/training\/?page_id=3222"},"modified":"2021-01-18T11:15:52","modified_gmt":"2021-01-18T11:15:52","slug":"frageworter","status":"publish","type":"page","link":"https:\/\/english-munich.de\/training\/frageworter\/","title":{"rendered":"Fragen und Fragew\u00f6rter"},"content":{"rendered":"<div class=\"container well\">\r\n<h1>Fragew\u00f6rter Englisch \u00dcbungen und Erkl\u00e4rungen<\/h1>\r\n\r\n<hr>\r\n\r\n<h2>Fragew\u00f6rter \u00dcbungen<\/h2>\r\n<div id=\"bellows-main-34\" class=\"bellows bellows-nojs bellows-main bellows-source-menu bellows-align-full bellows-skin-vanilla bellows-type-\"><ul id=\"menu-frageworter\" class=\"bellows-nav\" data-bellows-config=\"main\"><li id=\"menu-item-4421\" class=\"bellows-menu-item bellows-menu-item-type-post_type bellows-menu-item-object-page bellows-menu-item-4421 bellows-item-level-0\"><a  href=\"https:\/\/english-munich.de\/training\/what-where-which-why\/\" class=\"bellows-target\"><span class=\"bellows-target-title bellows-target-text\">\u270d\ufe0fWhat, where, which , why\u2026<\/span><\/a><\/li>\n<li id=\"menu-item-4422\" class=\"bellows-menu-item bellows-menu-item-type-post_type bellows-menu-item-object-page bellows-menu-item-4422 bellows-item-level-0\"><a  href=\"https:\/\/english-munich.de\/training\/how-where-when-why\/\" class=\"bellows-target\"><span class=\"bellows-target-title bellows-target-text\">\u2611\ufe0fHow, where, when ,why<\/span><\/a><\/li>\n<li id=\"menu-item-4517\" class=\"bellows-menu-item bellows-menu-item-type-post_type bellows-menu-item-object-page bellows-menu-item-4517 bellows-item-level-0\"><a  href=\"https:\/\/english-munich.de\/training\/frageworter-mit-prapsitionen\/\" class=\"bellows-target\"><span class=\"bellows-target-title bellows-target-text\">\u270d\ufe0fFragew\u00f6rter mit Pr\u00e4positionen<\/span><\/a><\/li>\n<\/ul><\/div>\r\n<h2>W-Fragen &#8211; Fragew\u00f6rter Englisch<\/h2>\r\nGenau wie im Deutschen fangen die meisten Fragew\u00f6rter auch im Englischen mit dem Buchstaben <b>W<\/b> an.\r\nDie wichtigsten Fragew\u00f6rter: <i class=\"text-danger\">who, when, why, where, which, what, how.<\/i>\r\n<br \/><div class=\"iframe-container\">\r\n<iframe loading=\"lazy\" width=\"560\" height=\"315\" src=\"https:\/\/www.youtube.com\/embed\/jHojflfjwcQ\" frameborder=\"0\" allow=\"accelerometer; autoplay; clipboard-write; encrypted-media; gyroscope; picture-in-picture\" allowfullscreen=\"\"><\/iframe><\/div><br \/>\r\n<table class=\"table table-bordered table-sm\">\r\n<tbody>\r\n<tr class=\"table-danger\">\r\n<td colspan=\"2\">\r\n<b>Fragew\u00f6rter<\/b><\/td>\r\n<\/tr>\r\n<tr class=\"table-info\">\r\n<td>\r\n  when?<\/td>\r\n<td>\r\n  wann?<\/td>\r\n<\/tr>\r\n<tr class=\"table-primary\">\r\n<td colspan=\"2\">\r\n<b>When does the film start?<\/b><\/td>\r\n<\/tr>\r\n<tr class=\"table-success\">\r\n<td>how?<\/td>\r\n<td>wie?<\/td>\r\n<\/tr>\r\n<tr class=\"table-warning\">\r\n<td colspan=\"2\">\r\n<b>How much does it cost?<\/b><\/td>\r\n<\/tr>\r\n<tr class=\"table-primary\">\r\n<td>\r\nwhy?<\/td>\r\n<td>warum?<\/td>\r\n<\/tr>\r\n<tr class=\"table-success\">\r\n<td colspan=\"2\">\r\n<b>Why did you open the window?<\/b><\/td>\r\n<\/tr>\r\n<tr class=\"table-danger\">\r\n<td>\r\nwhere?<\/td>\r\n<td>wo?<\/td>\r\n<\/tr>\r\n<tr class=\"table-primary\">\r\n<td colspan=\"2\">\r\n<b>Where is the next bus stop?<\/b><\/td>\r\n<\/tr>\r\n<tr class=\"table-success\">\r\n<td>who?<\/td>\r\n<td>wer?<\/td>\r\n<\/tr>\r\n<tr class=\"table-warning\">\r\n<td colspan=\"2\">\r\n<b>Who let the dog out?<\/b><\/td>\r\n<\/tr>\r\n<tr class=\"table-info\">\r\n<td>\r\n  what?<\/td>\r\n<td>\r\n  was?<\/td>\r\n<\/tr>\r\n<tr class=\"table-primary\">\r\n<td colspan=\"2\">\r\n<b>What is the problem?<\/b><\/td>\r\n<\/tr>\r\n<\/tbody>\r\n<\/table>\r\n<h3>Fragew\u00f6rter mit Pr\u00e4positionen<\/h3>\r\nWird ein Fragewort in Verbindung mit einem Phrasal Verb (<b>zum Beispiel:<\/b><i> to look for, to keep up, to break up with<\/i>) benutzt, bedient sich Englisch eines komplett anderen Systems als Deutsch.\r\nDa im Deutschen das Phrasal Verb meistens ein Wort ist <i class=\"text-danger\">einbrechen \u2794 break into, mithalten \u2794 keep up<\/i> wird es direkt in Verbindung mit dem Fragewort verwendet. In Englisch wird es getrennt, die Pr\u00e4position r\u00fcckt ans Satzende.\r\n<table class=\"table table-bordered table-sm\">\r\n<tbody>\r\n<tr class=\"table-danger\">\r\n<td colspan=\"4\">\r\n<b>Fragew\u00f6rter mit Pr\u00e4postionen (Phrasal Verbs)<\/b><\/td>\r\n<\/tr>\r\n<tr class=\"table-info\">\r\n<td>\r\n  Deutsch<\/td>\r\n<td>\r\n  Mit wem<\/td>\r\n<td>\r\n  hast du<\/td>\r\n<td>\r\n  gesprochen?<\/td>\r\n<\/tr>\r\n<tr class=\"table-success\">\r\n<td>\r\n  Englisch<\/td>\r\n<td>\r\n  Who<\/td>\r\n<td>\r\n  did you speak<\/td>\r\n<td>\r\n  with?<\/td>\r\n<\/tr>\r\n<\/tbody>\r\n<\/table>\r\n<\/div>","protected":false},"excerpt":{"rendered":"Fragew\u00f6rter Englisch \u00dcbungen und Erkl\u00e4rungen Fragew\u00f6rter \u00dcbungen W-Fragen &#8211; Fragew\u00f6rter Englisch Genau wie im Deutschen fangen die meisten Fragew\u00f6rter auch im Englischen mit dem Buchstaben W an. Die wichtigsten Fragew\u00f6rter: who, when, why, where, which, what, how. Fragew\u00f6rter when? wann? When does the film start? how? wie? How much does it cost? why? warum? Why [&hellip;]","protected":false},"author":3,"featured_media":0,"parent":0,"menu_order":0,"comment_status":"closed","ping_status":"closed","template":"","meta":[],"_links":{"self":[{"href":"https:\/\/english-munich.de\/training\/wp-json\/wp\/v2\/pages\/3222"}],"collection":[{"href":"https:\/\/english-munich.de\/training\/wp-json\/wp\/v2\/pages"}],"about":[{"href":"https:\/\/english-munich.de\/training\/wp-json\/wp\/v2\/types\/page"}],"author":[{"embeddable":true,"href":"https:\/\/english-munich.de\/training\/wp-json\/wp\/v2\/users\/3"}],"replies":[{"embeddable":true,"href":"https:\/\/english-munich.de\/training\/wp-json\/wp\/v2\/comments?post=3222"}],"version-history":[{"count":17,"href":"https:\/\/english-munich.de\/training\/wp-json\/wp\/v2\/pages\/3222\/revisions"}],"predecessor-version":[{"id":4679,"href":"https:\/\/english-munich.de\/training\/wp-json\/wp\/v2\/pages\/3222\/revisions\/4679"}],"wp:attachment":[{"href":"https:\/\/english-munich.de\/training\/wp-json\/wp\/v2\/media?parent=3222"}],"curies":[{"name":"wp","href":"https:\/\/api.w.org\/{rel}","templated":true}]}}