{"id":2792,"date":"2020-06-10T18:51:33","date_gmt":"2020-06-10T18:51:33","guid":{"rendered":"https:\/\/english-munich.de\/training\/?page_id=2792"},"modified":"2024-09-05T19:00:29","modified_gmt":"2024-09-05T19:00:29","slug":"adjektiv-adverb-unregelmasig-uebungen","status":"publish","type":"page","link":"https:\/\/english-munich.de\/training\/adjektiv-adverb-unregelmasig-uebungen\/","title":{"rendered":"Adjektiv Adverb unregelm\u00e4\u00dfig \u00dcbungen"},"content":{"rendered":"<div class=\"jumbotron text-center\">\r\n<h2>Adjektiv Adverb unregelm\u00e4\u00dfig \u00dcbungen Ausnahmen<\/h2>\r\nAufgaben zum Unterschied zwischen Adjektiv und <a href=\"https:\/\/de.wikipedia.org\/wiki\/Adverb\">Adverb<\/a>\r\n\r\n<\/div>\r\n<div class=\"bs-example\">\r\n<div id=\"accordionExample\" class=\"accordion\">\r\n<div class=\"card\">\r\n<div id=\"headingOne\" class=\"card-header\">\r\n<h2 class=\"number\"><button class=\"btn btn-link collapsed\" type=\"button\" data-toggle=\"collapse\" data-target=\"#collapseOne\">Beispiel<\/button><\/h2>\r\n<\/div>\r\n<div id=\"collapseOne\" class=\"collapse\" aria-labelledby=\"headingOne\" data-parent=\"#accordionExample\">\r\n<div class=\"card-body\">\r\n<div class=\"form-group\" style=\"width: 70%; margin: 10px;\"><label for=\"sel1\"><span class=\"number\">\u24ff<\/span>He always comes ________. He is such a sleepyhead.\r\n<select id=\"beispiel\" class=\"form-control\">\r\n<option value=\"wrong\">who<\/option>\r\n<option value=\"correct\">late<\/option>\r\n<option value=\"wrong\">which<\/option>\r\n<\/select>\r\n\r\nDie richtige L\u00f6sung ist: <b>late<\/b>&nbsp;&nbsp;<button class=\"btn-lg btn-info\" type=\"button\" value=\"submit\" data-toggle=\"modal\" data-target=\"#myModal\">Tipp<\/button>\r\n\r\n<\/label><\/div>\r\n<\/div>\r\n<\/div>\r\n<\/div>\r\n<\/div>\r\n<br \/><br \/>\r\n<div class=\"container well\">\r\n<h4>\u2611\ufe0fW\u00e4hle die richtige Option entweder <b>Adverb<\/b> oder <b>Adjektiv <\/b>. Achte auf die richtige Form der <b>Ausnahmen<\/b>:<\/h4>\r\n\r\n<hr>\r\n\r\n<div class=\"container-fluid\">\r\n<div class=\"form-group\" style=\"width: 70%;\"><label for=\"sel1\"><span class=\"number\">\u2776<\/span>Tony always drives too__________. It&#8217;s not safe.<\/label>\r\n<select id=\"q0\" class=\"form-control\"><option value=\"wrong\"><\/option>\r\n<option value=\"correct\">fast<\/option>\r\n<option value=\"wrong\">fastly<\/option>\r\n<\/select>\r\n<p id=\"correct0\" align=\"left\"><\/p>\r\n<a class=\"btn btn-success tipp0 hidden\" style=\"text-decoration: none, color:white;\" title=\"Toyn always drives too fast.\" href=\"#0\" data-toggle=\"popover\" data-placement=\"top\" data-trigger=\"hover\" data-content=\"'Fast' bezieht sich auf ein verb ('drive'), deswegen Adverb. Vorsicht das Adverb von 'fast' ist unregelm\u00e4\u00dfig 'fast' \u2794 'fast'.\">Tipp<\/a>\r\n\r\n<\/div>\r\n<div class=\"form-group\" style=\"width: 70%;\"><label for=\"sel1\"><span class=\"number\">\u2777<\/span>Jim plays tennis__________. He will win the &#8218;Hicksville Open&#8216;.<\/label>\r\n<select id=\"q1\" class=\"form-control\"><option value=\"wrong\"><\/option>\r\n<option value=\"correct\">well<\/option>\r\n<option value=\"wrong\">good<\/option>\r\n<\/select>\r\n<p id=\"correct1\" align=\"left\"><\/p>\r\n<a class=\"btn btn-success tipp1 hidden\" style=\"text-decoration: none, color:white;\" title=\"Jim plays tennis well...\" href=\"#1\" data-toggle=\"popover\" data-placement=\"top\" data-trigger=\"hover\" data-content=\"'Well' bezieht sich auf ein Verb ('play'), deswegen Adverb. Vorsicht das Adverb von 'good' ist unregelm\u00e4\u00dfig 'good' \u2794 'well'\">Tipp<\/a>\r\n\r\n<\/div>\r\n<div class=\"form-group\" style=\"width: 70%;\"><label for=\"sel1\"><span class=\"number\">\u2778<\/span>He__________ has time for his girlfriend.<\/label>\r\n<select id=\"q2\" class=\"form-control\"><option value=\"wrong\"><\/option>\r\n<option value=\"correct\">hardly<\/option>\r\n<option value=\"wrong\">hard<\/option>\r\n<\/select>\r\n<p id=\"correct2\" align=\"left\"><\/p>\r\n<a class=\"btn btn-success tipp2 hidden\" style=\"text-decoration: none, color:white;\" title=\"He hardly has time...\" href=\"#2\" data-toggle=\"popover\" data-placement=\"top\" data-trigger=\"hover\" data-content=\"'Hardly' ist hier auch Adverb, jedoch nicht von 'hard'. 'Hardly' bedeuet in diesem Zusammenhang \u2794 'kaum'\">Tipp<\/a>\r\n\r\n<\/div>\r\n<div class=\"form-group\" style=\"width: 70%;\"><label for=\"sel1\"><span class=\"number\">\u2779<\/span>He works very __________. He will have a great career.<\/label>\r\n<select id=\"q3\" class=\"form-control\"><option value=\"wrong\"><\/option>\r\n<option value=\"wrong\">hardly<\/option>\r\n<option value=\"correct\">hard<\/option>\r\n<\/select>\r\n<p id=\"correct3\" align=\"left\"><\/p>\r\n<a class=\"btn btn-success tipp3 hidden\" style=\"text-decoration: none, color:white;\" title=\"...He workd very hard.\" href=\"#3\" data-toggle=\"popover\" data-placement=\"top\" data-trigger=\"hover\" data-content=\"'Hard' bezieht sich auf ein verb ('play'), deswegen Adverb. Vorsicht das Adverb von 'hard' ist unregelm\u00e4\u00dfig 'hard' \u2794 'hard', Vorsicht: 'hardly' bedeutet 'kaum'.\">Tipp<\/a>\r\n\r\n<\/div>\r\n<div class=\"form-group\" style=\"width: 70%;\"><label for=\"sel1\"><span class=\"number\">\u277a<\/span>Our boss came __________.<\/label>\r\n<select id=\"q4\" class=\"form-control\"><option value=\"wrong\"><\/option>\r\n<option value=\"wrong\">lately<\/option>\r\n<option value=\"correct\">late<\/option>\r\n<\/select>\r\n<p id=\"correct4\" align=\"left\"><\/p>\r\n<a class=\"btn btn-success tipp4 hidden\" style=\"text-decoration: none, color:white;\" title=\"Our boss came late...\" href=\"#4\" data-toggle=\"popover\" data-placement=\"top\" data-trigger=\"hover\" data-content=\"'Late' bezieht sich auf ein verb ('came'), deswegen Adverb. Vorsicht das Adverb von 'late' ist unregelm\u00e4\u00dfig 'late' \u2794 'late'. Vorsicht: 'lately' bedeutet 'in letzter Zeit'.\">Tipp<\/a>\r\n\r\n<\/div><br \/>\r\n<div class=\"iframe-container\"><iframe loading=\"lazy\" width=\"560\" height=\"315\" src=\"https:\/\/www.youtube.com\/embed\/6RLJvLivfbs?si=iYlcTa6ZkptgKeEw\" title=\"YouTube video player\" frameborder=\"0\" allow=\"accelerometer; autoplay; clipboard-write; encrypted-media; gyroscope; picture-in-picture; web-share\" referrerpolicy=\"strict-origin-when-cross-origin\" allowfullscreen><\/iframe><\/div><br \/>\r\n<div class=\"form-group\" style=\"width: 70%;\"><label for=\"sel1\"><span class=\"number\">\u277b<\/span>It was really a __________ book. A real pageturner.<\/label>\r\n<select id=\"q5\" class=\"form-control\"><option value=\"wrong\"><\/option>\r\n<option value=\"wrong\">well<\/option>\r\n<option value=\"correct\">good<\/option>\r\n<\/select>\r\n<p id=\"correct5\" align=\"left\"><\/p>\r\n<a class=\"btn btn-success tipp5 hidden\" style=\"text-decoration: none, color:white;\" title=\"...good book...\" href=\"#5\" data-toggle=\"popover\" data-placement=\"top\" data-trigger=\"hover\" data-content=\"'Good' bezieht sich auf ein Hauptwort ('book'), deswegen Adjektiv \u2794 'good'.\">Tipp<\/a>\r\n\r\n<\/div>\r\n<div class=\"form-group\" style=\"width: 70%;\"><label for=\"sel1\"><span class=\"number\">\u277c<\/span> The kids behaved__________. Now they can watch TV.<\/label>\r\n<select id=\"q6\" class=\"form-control\"><option value=\"wrong\"><\/option>\r\n<option value=\"correct\">extremely well<\/option>\r\n<option value=\"wrong\">extreme well<\/option>\r\n<\/select>\r\n<p id=\"correct6\" align=\"left\"><\/p>\r\n<a class=\"btn btn-success tipp6 hidden\" style=\"text-decoration: none, color:white;\" title=\"The kids behaved extremely well...\" href=\"#6\" data-toggle=\"popover\" data-placement=\"top\" data-trigger=\"hover\" data-content=\"'Extremely' bezieht sich auf ('well'), wenn ein Adjektiv ein nachfolgendes Adjektiv oder Adverb n\u00e4her beschreibt, muss es ins Adverb gesetzt werden \u2794 'extremely well'.\">Tipp<\/a>\r\n\r\n<\/div>\r\n<div class=\"form-group\" style=\"width: 70%;\"><label for=\"sel1\"><span class=\"number\">\u277d<\/span> I always come __________. Not so many people in the office.<\/label>\r\n<select id=\"q7\" class=\"form-control\"><option value=\"wrong\"><\/option>\r\n<option value=\"wrong\">earlily<\/option>\r\n<option value=\"correct\">early<\/option>\r\n<\/select>\r\n<p id=\"correct7\" align=\"left\"><\/p>\r\n<a class=\"btn btn-success tipp7 hidden\" style=\"text-decoration: none, color:white;\" title=\"I always come early...\" href=\"#7\" data-toggle=\"popover\" data-placement=\"top\" data-trigger=\"hover\" data-content=\"'Early' bezieht sich auf ein verb ('come'), deswegen Adverb. Vorsicht das Adverb von 'early' ist unregelm\u00e4\u00dfig 'early' \u2794 'early'\">Tipp<\/a>\r\n\r\n<\/div>\r\n<div class=\"form-group\" style=\"width: 70%;\"><label for=\"sel1\"><span class=\"number\">\u277e<\/span> I am __________tired. I can hardly keep my eyes open.<\/label>\r\n<select id=\"q8\" class=\"form-control\"><option value=\"wrong\"><\/option>\r\n<option value=\"wrong\">awful<\/option>\r\n<option value=\"correct\">awfully<\/option>\r\n<\/select>\r\n<p id=\"correct8\" align=\"left\"><\/p>\r\n<a class=\"btn btn-success tipp8 hidden\" style=\"text-decoration: none, color:white;\" title=\"I am awfully tired...\" href=\"#8\" data-toggle=\"popover\" data-placement=\"top\" data-trigger=\"hover\" data-content=\"'Awfully' bezieht sich auf ('tired'), wenn ein Adjektiv ein nachfolgendes Adjektiv oder Adverb n\u00e4her beschreibt, muss es ins Adverb gesetzt werden \u2794 'awfully tired'\">Tipp<\/a>\r\n\r\n<\/div>\r\n<div class=\"form-group\" style=\"width: 70%;\"><label for=\"sel1\"><span class=\"number\">\u277f<\/span> The ________ bird gets the worm.<\/label>\r\n<select id=\"q9\" class=\"form-control\"><option value=\"wrong\"><\/option>\r\n<option value=\"wrong\">earlily<\/option>\r\n<option value=\"correct\">early<\/option>\r\n<\/select>\r\n<p id=\"correct9\" align=\"left\"><\/p>\r\n<a class=\"btn btn-success tipp9 hidden\" style=\"text-decoration: none, color:white;\" title=\"The early bird gets the worm.\" href=\"#9\" data-toggle=\"popover\" data-placement=\"top\" data-trigger=\"hover\" data-content=\"'Early' bezieht sich auf ein Hauptwort ('bird'), deswegen Adjektiv \u2794 'early'. 'Earliy' exisistiert gar nicht.\">Tipp<\/a>\r\n\r\n<\/div>\r\n<\/div>\r\n<div class=\"container\">\r\n\r\n<!-- The Modal -->\r\n<div id=\"myModal\" class=\"modal\">\r\n<div class=\"modal-dialog\">\r\n<div class=\"modal-content\">\r\n\r\n<!-- Modal Header -->\r\n<div class=\"modal-header\">\r\n<h4 class=\"modal-title\">Adjektive Adverb unregelm\u00e4\u00dfig \u00dcbungen<\/h4>\r\n<button class=\"close\" type=\"button\" data-dismiss=\"modal\">\u00d7<\/button>\r\n\r\n<\/div>\r\n<!-- Modal body -->\r\n<div class=\"modal-body\"><div>Adjektiv Adverb unregelm\u00e4\u00dfig \u00dcbungen. Der Unterschied zwischen Adjektiv und Adverb ist f\u00fcr Englisch lernende Deutsche nicht ganz einfach. Denn im Deutsch existiert dieser Unterschied nur in der Grammatik Theorie. Zun\u00e4chst muss man verstehen was ein Adjektiv bzw. ein Adverb eigentlich ist. Ein Adjektiv definiert ein Hauptwort. Zum Beispiel: Die sch\u00f6ne Blume \u2794 the beautiful flower. Jedoch definiert ein Adverb ein Zeitwort. Zum Beispiel: Sie singt sch\u00f6n \u2794 she sings beautifully. Hier kannst auch gleich erkennen wie das Adverb gebildet wird. Du musst in der regelm\u00e4\u00dfigen Form einfach ein &#8218;-ly&#8216; an das Wortende anh\u00e4ngen. Nat\u00fcrlich gibt es im Englischen dahingehend Ausnahmen. Leider musst Du diese lernen. Nachstehen eine \u00dcbersicht \u00fcber die unregelm\u00e4\u00dfigen Formen des Adverb im Englischen.<\/div>\r\n<table class=\"table table-bordered table-sm\">\r\n<tbody>\r\n<tr class=\"table-danger\">\r\n<td>Adjektiv.<\/td>\r\n<td><i class=\"fas fa-angle-double-right\" style=\"font-size:24px\"><\/i><\/td>\r\n<td>Adverb<\/td>\r\n<\/tr>\r\n<tr class=\"table-warning\">\r\n<td>good.<\/td>\r\n<td><i class=\"fas fa-angle-double-right\" style=\"font-size:24px\"><\/i><\/td>\r\n<td>well<\/td>\r\n<\/tr>\r\n<tr class=\"table-success\">\r\n<td>fast<\/td>\r\n<td><i class=\"fas fa-angle-double-right\" style=\"font-size:24px\"><\/i><\/td>\r\n<td>fast<\/td>\r\n<\/tr>\r\n<tr class=\"table-info\">\r\n<td>early<\/td>\r\n<td><i class=\"fas fa-angle-double-right\" style=\"font-size:24px\"><\/i><\/td>\r\n<td>early<\/td>\r\n<\/tr>\r\n<tr class=\"table-primary\">\r\n<td>hard<\/td>\r\n<td><i class=\"fas fa-angle-double-right\" style=\"font-size:24px\"><\/i><\/td>\r\n<td>hard (hardly \u2794 kaum)<\/td>\r\n<\/tr>\r\n<tr class=\"table-warning\">\r\n<td>late<\/td>\r\n<td><i class=\"fas fa-angle-double-right\" style=\"font-size:24px\"><\/i><\/td>\r\n<td>late (lately \u2794 neulich)<\/td>\r\n<\/tr>\r\n<tr class=\"table-danger\">\r\n<th colspan=\"3\">Wenn ein Adjektiv ein weiteres Adjektiv\/Adverb n\u00e4her definiert, muss es ins Adverb gesetzt werden.<\/th>\r\n<\/tr>\r\n<tr class=\"table-success\">\r\n<td>extremely well<\/td>\r\n<td><i class=\"fas fa-angle-double-right\" style=\"font-size:24px\"><\/i><\/td>\r\n<td>extrem gut<\/td>\r\n<\/tr>\r\n<tr class=\"table-info\">\r\n<td>awfully difficult<\/td>\r\n<td><i class=\"fas fa-angle-double-right\" style=\"font-size:24px\"><\/i><\/td>\r\n<td>schrecklich schwer<\/td>\r\n<\/tr>\r\n<\/tbody>\r\n<\/table>\r\n<\/div>\r\n<!-- Modal footer -->\r\n<div class=\"modal-footer\"><button class=\"btn btn-danger\" type=\"button\" data-dismiss=\"modal\">Close<\/button><\/div>\r\n<\/div>\r\n<\/div>\r\n<\/div>\r\n<\/div>\r\n<\/div>\r\n\r\n<hr>\r\n\r\n<div class=\"container\"><button id=\"submitButton\" class=\"btn-lg btn-primary \" type=\"submit\" value=\"submit\">Pr\u00fcfen<\/button><button id=\"resetButton\" class=\"btn-lg btn-success\" type=\"submit\" onclick=\"refreshPage()\">Neustart<\/button><button id=\"submitButton\" class=\"btn-lg btn-info\" type=\"submit\" value=\"submit\" data-toggle=\"modal\" data-target=\"#myModal2\">Tipp<\/button><\/div>\r\n\r\n<hr>\r\n\r\n\r\n<p id=\"result\"><\/p>\r\n<p id=\"result2\"><\/p>\r\n \r\n<h2>Adjektiv Adverb Unterschied alle \u00dcbungen<\/h2>\r\n<hr>\r\n<div id=\"bellows-main-33\" class=\"bellows bellows-nojs bellows-main bellows-source-menu bellows-align-full bellows-skin-vanilla bellows-type-\"><ul id=\"menu-adjektiv-adverb\" class=\"bellows-nav\" data-bellows-config=\"main\"><li id=\"menu-item-4389\" class=\"bellows-menu-item bellows-menu-item-type-post_type bellows-menu-item-object-page bellows-menu-item-4389 bellows-item-level-0\"><a  href=\"https:\/\/english-munich.de\/training\/adjektiv-adverb-regelmasig\/\" class=\"bellows-target\"><span class=\"bellows-target-title bellows-target-text\">\u270d\ufe0fAdjektiv\/Adverb regelm\u00e4\u00dfig<\/span><\/a><\/li>\n<li id=\"menu-item-4393\" class=\"bellows-menu-item bellows-menu-item-type-post_type bellows-menu-item-object-page bellows-menu-item-4393 bellows-item-level-0\"><a  href=\"https:\/\/english-munich.de\/training\/adverb-adjektiv\/\" class=\"bellows-target\"><span class=\"bellows-target-title bellows-target-text\">\u2611\ufe0fAdverb\/Adjektiv regelm\u00e4\u00dfig<\/span><\/a><\/li>\n<li id=\"menu-item-4388\" class=\"bellows-menu-item bellows-menu-item-type-post_type bellows-menu-item-object-page bellows-menu-item-4388 bellows-item-level-0\"><a  href=\"https:\/\/english-munich.de\/training\/adjektiv-adverb-unregelmasig-uebungen\/\" class=\"bellows-target\"><span class=\"bellows-target-title bellows-target-text\">\u2611\ufe0fAdjektiv \/ Adverb unregelm\u00e4\u00dfig<\/span><\/a><\/li>\n<li id=\"menu-item-4392\" class=\"bellows-menu-item bellows-menu-item-type-post_type bellows-menu-item-object-page bellows-menu-item-4392 bellows-item-level-0\"><a  href=\"https:\/\/english-munich.de\/training\/adjektiv-adverb-unregelmasig-2\/\" class=\"bellows-target\"><span class=\"bellows-target-title bellows-target-text\">\u270d\ufe0fAdjektiv\/Adverb unregelm\u00e4\u00dfig<\/span><\/a><\/li>\n<li id=\"menu-item-4390\" class=\"bellows-menu-item bellows-menu-item-type-post_type bellows-menu-item-object-page bellows-menu-item-4390 bellows-item-level-0\"><a  href=\"https:\/\/english-munich.de\/training\/adjektiv-adverb-2\/\" class=\"bellows-target\"><span class=\"bellows-target-title bellows-target-text\">\u270d\ufe0fAdjektiv\/Adverb<\/span><\/a><\/li>\n<\/ul><\/div>\r\n<\/div>\r\n<div id=\"myModal2\" class=\"modal\">\r\n<div class=\"modal-dialog\">\r\n<div class=\"modal-content\">\r\n\r\n<!-- Modal Header -->\r\n<div class=\"modal-header\">\r\n<h4 class=\"modal-title\">Adjektive Adverb unregelm\u00e4\u00dfig \u00dcbungen<\/h4>\r\n<button class=\"close\" type=\"button\" data-dismiss=\"modal\">\u00d7<\/button>\r\n\r\n<\/div>\r\n<!-- Modal body -->\r\n<div class=\"modal-body\">\r\n<img decoding=\"async\" src=\"https:\/\/english-munich.de\/training\/wp-content\/uploads\/2022\/03\/adverb-adjektiv-regelmaessig-uebungen.jpg\" title=\"Adjektiv-Adverb-unregelm\u00e4\u00dfig-\u00dcbungen\" alt=\"adjektiv-adverb-unregelm\u00e4\u00dfig-\u00fcbungen\">\r\n<\/div>\r\n<!-- Modal footer -->\r\n<div class=\"modal-footer\"><button class=\"btn btn-danger\" type=\"button\" data-dismiss=\"modal\">Close<\/button><\/div>\r\n<\/div>\r\n<\/div>\r\n<\/div>","protected":false},"excerpt":{"rendered":"Adjektiv Adverb unregelm\u00e4\u00dfig \u00dcbungen Ausnahmen Aufgaben zum Unterschied zwischen Adjektiv und Adverb Beispiel \u24ffHe always comes ________. He is such a sleepyhead. who late which Die richtige L\u00f6sung ist: late&nbsp;&nbsp;Tipp \u2611\ufe0fW\u00e4hle die richtige Option entweder Adverb oder Adjektiv . Achte auf die richtige Form der Ausnahmen: \u2776Tony always drives too__________. It&#8217;s not safe. fast fastly [&hellip;]","protected":false},"author":3,"featured_media":0,"parent":0,"menu_order":0,"comment_status":"closed","ping_status":"closed","template":"","meta":[],"_links":{"self":[{"href":"https:\/\/english-munich.de\/training\/wp-json\/wp\/v2\/pages\/2792"}],"collection":[{"href":"https:\/\/english-munich.de\/training\/wp-json\/wp\/v2\/pages"}],"about":[{"href":"https:\/\/english-munich.de\/training\/wp-json\/wp\/v2\/types\/page"}],"author":[{"embeddable":true,"href":"https:\/\/english-munich.de\/training\/wp-json\/wp\/v2\/users\/3"}],"replies":[{"embeddable":true,"href":"https:\/\/english-munich.de\/training\/wp-json\/wp\/v2\/comments?post=2792"}],"version-history":[{"count":22,"href":"https:\/\/english-munich.de\/training\/wp-json\/wp\/v2\/pages\/2792\/revisions"}],"predecessor-version":[{"id":12020,"href":"https:\/\/english-munich.de\/training\/wp-json\/wp\/v2\/pages\/2792\/revisions\/12020"}],"wp:attachment":[{"href":"https:\/\/english-munich.de\/training\/wp-json\/wp\/v2\/media?parent=2792"}],"curies":[{"name":"wp","href":"https:\/\/api.w.org\/{rel}","templated":true}]}}