{"id":1814,"date":"2020-05-22T17:48:55","date_gmt":"2020-05-22T17:48:55","guid":{"rendered":"https:\/\/english-munich.de\/training\/?page_id=1814"},"modified":"2024-09-05T13:19:47","modified_gmt":"2024-09-05T13:19:47","slug":"simple-past-present-perfect-unterschied","status":"publish","type":"page","link":"https:\/\/english-munich.de\/training\/simple-past-present-perfect-unterschied\/","title":{"rendered":"Simple Past &#8211; Present Perfect Unterschied"},"content":{"rendered":"<div class=\"jumbotron text-center\">\r\n<h2>Simple Past \/ Present Perfect Aufgaben<\/h2>\r\n\u00dcbungen zum Unterschied von Simple Past und Present Perfect\r\n\r\n<\/div>\r\n<div class=\"bs-example\">\r\n<div class=\"accordion\" id=\"accordionExample\">\r\n<div class=\"card\">\r\n<div class=\"card-header\" id=\"headingOne\">\r\n<h2 class=\"mb-0\" style=\"color:#000\">\r\n                    <button type=\"button\" class=\"btn btn-link collapsed\" data-toggle=\"collapse\" data-target=\"#collapseOne\">Beispiel<\/button><\/h2>\r\n<\/div>\r\n<div id=\"collapseOne\" class=\"collapse\" aria-labelledby=\"headingOne\" data-parent=\"#accordionExample\">\r\n<div class=\"card-body\">\r\n<div class=\"form-inline\">\r\n<div>\r\n<b><span class=\"number\">\u24ff<\/span><\/b>This parcel <input type=\"text\" class=\"form-control\" id=\"panel-beispiel\" disabled=\"\" value=\"arrived\"> <b><i>&nbsp;(arrive)&nbsp;<\/i><\/b>yesterday.\r\n<\/div><div>\r\nDie richtige L\u00f6sung ist: <i>arrived&nbsp;&nbsp;<button class=\"btn-lg btn-info\" type=\"button\" data-toggle=\"modal\" data-target=\"#myModal\">Tipp<\/button><\/i>\r\n<\/div>\r\n<\/div>\r\n<\/div>\r\n<\/div>\r\n<\/div>\r\n<\/div>\r\n<br \/><br \/>\r\n<div class=\"container well\">\r\n<h4>\u270d\ufe0f F\u00fclle die Verben in Klammern in der richtigen Form des <i>Simple Past bzw. Present Perfect<\/i> in die L\u00fccken (achte auf die Signalw\u00f6rter):<\/h4>\r\n\r\n<hr>\r\n\r\n<br \/>\r\n<div class=\"container\">\r\n<b><span class=\"number\">\u2776<\/span><\/b>Mr. Jones<input type=\"text\" class=\"form-control\" id=\"q0\" autocomplete=\"off\"><b><i>  (read)<\/i><\/b> a lot of books lately.\r\n<div class=\"row\">\r\n<div>\r\n<p id=\"correct0\" align=\"left\"><\/p>\r\n\r\n<\/div>\r\n<div>\r\n<a button=\"\" class=\"btn btn-success tipp0 hidden\" href=\"#1\" title=\"Mr.Jones has read...\" data-toggle=\"popover\" data-placement=\"top\" data-trigger=\"hover\" style=\"text-decoration: none; color:white;\" data-content=\"'lately' ist ein typisches Signalwort f\u00fcr das 'Present Perfect'  \u2192 'has read'\">Tipp<\/a><\/div>\r\n<\/div>\r\n<b><span class=\"number\">\u2777<\/span><\/b>We  <input type=\"text\" class=\"form-control\" id=\"q1\" autocomplete=\"off\"><b><i>(go)<\/i><\/b> to Monaco last week.\r\n<div class=\"row\">\r\n<div>\r\n<p id=\"correct1\" align=\"left\"><\/p>\r\n\r\n<\/div>\r\n<div>\r\n<a button=\"\" class=\"btn btn-success tipp1 hidden\" href=\"#2\" title=\"We went...\" data-toggle=\"popover\" data-placement=\"top\" data-trigger=\"hover\" style=\"text-decoration: none; color:white;\" data-content=\"'last week' ist ein typisches Signalwort f\u00fcr das 'Simple Past' \u2192 'we went'\">Tipp<\/a><\/div>\r\n<\/div><br \/>\r\n<div class=\"iframe-container\"><iframe loading=\"lazy\" width=\"560\" height=\"315\" src=\"https:\/\/www.youtube.com\/embed\/0Fj-ctG_8uw?si=miNUx_meBi4oIRnD\" title=\"YouTube video player\" frameborder=\"0\" allow=\"accelerometer; autoplay; clipboard-write; encrypted-media; gyroscope; picture-in-picture; web-share\" referrerpolicy=\"strict-origin-when-cross-origin\" allowfullscreen><\/iframe><\/div><br \/>\r\n<b><span class=\"number\">\u2778<\/span><\/b>Britney <input type=\"text\" class=\"form-control\" id=\"q2\" autocomplete=\"off\"><b><i>(wash)<\/i><\/b> her hair yesterday.\r\n<div class=\"row\">\r\n<div>\r\n<p id=\"correct2\" align=\"left\"><\/p>\r\n\r\n<\/div>\r\n<div>\r\n<a button=\"\" class=\"btn btn-success tipp2 hidden\" align=\"left\" aria-hidden=\"true\" href=\"#3\" title=\"Britney washed...\" data-toggle=\"popover\" data-placement=\"top\" data-trigger=\"hover\" style=\"text-decoration: none, color:white\" data-content=\"'yesterday' ist ein typisches Signalwort f\u00fcr das 'Simple Past' \u2192 'Britney washed'\">Tipp<\/a><\/div>\r\n<\/div>\r\n<span class=\"number\">\u2779<\/span>They <input type=\"text\" class=\"form-control\" id=\"q3\" autocomplete=\"off\"><b><i>(use)<\/i><\/b> their torque wrench a lot recently.\r\n<div class=\"row\">\r\n<div>\r\n<p id=\"correct3\" align=\"left\"><\/p>\r\n\r\n<\/div>\r\n<div>\r\n<a button=\"\" class=\"btn btn-success tipp3 hidden\" aria-hidden=\"true\" href=\"#4\" title=\"They have used...\" data-toggle=\"popover\" data-placement=\"top\" data-trigger=\"hover\" style=\"text-decoration: none, color:white\" data-content=\"'recently' ist ein typisches Signalwort f\u00fcr das 'Present Perfect'  \u2192 'have used'\">Tipp<\/a><\/div>\r\n<\/div>\r\n<b><span class=\"number\">\u277a<\/span><\/b>I <input type=\"text\" class=\"form-control\" id=\"q4\" autocomplete=\"off\"><b><i>(lose)<\/i><\/b> my keys, I can&#8217;t open the door.\r\n<div class=\"row\">\r\n<div>\r\n<p id=\"correct4\" align=\"left\"><\/p>\r\n\r\n<\/div>\r\n<div>\r\n<a button=\"\" class=\"btn btn-success tipp4 hidden\" aria-hidden=\"true\" href=\"#5\" title=\"I have lost...\" data-toggle=\"popover\" data-placement=\"top\" data-trigger=\"hover\" style=\"text-decoration: none, color:white\" data-content=\"Der Verlust der Schl\u00fcssel hat Auswirkungen auf die Gegenwart, n\u00e4mlich dass ich die T\u00fcre nicht \u00f6ffnen kann, deswegen 'Present Perfect' \u2192 'have lost' \">Tipp<\/a><\/div>\r\n<\/div>\r\n<b><span class=\"number\">\u277b<\/span><\/b>He <input type=\"text\" class=\"form-control\" id=\"q5\" autocomplete=\"off\"><b><i>(drink)<\/i><\/b> up all the lemonade already.\r\n<div class=\"row\">\r\n<div>\r\n<p id=\"correct5\" align=\"left\"><\/p>\r\n\r\n<\/div>\r\n<div>\r\n<a button=\"\" class=\"btn btn-success tipp5 hidden\" aria-hidden=\"true\" href=\"#6\" title=\"He has drunk...\" data-toggle=\"popover\" data-placement=\"top\" data-trigger=\"hover\" style=\"text-decoration: none, color:white\" data-content=\"'already' ist ein typisches Signalwort f\u00fcr das 'Present Perfect'  \u2192 'has drunk'\">Tipp<\/a><\/div>\r\n<\/div>\r\n<b><span class=\"number\">\u277c<\/span><\/b>My boss  <input type=\"text\" class=\"form-control\" id=\"q6\" autocomplete=\"off\"><b><i>(live)<\/i><\/b> in Paris in 1977.\r\n<div class=\"row\">\r\n<div>\r\n<p id=\"correct6\" align=\"left\"><\/p>\r\n\r\n<\/div>\r\n<div>\r\n<a button=\"\" class=\"btn btn-success tipp6 hidden\" aria-hidden=\"true\" href=\"#7\" title=\"My boss lived...\" data-toggle=\"popover\" data-placement=\"top\" data-trigger=\"hover\" style=\"text-decoration: none, color:white\" data-content=\"'in 1977' ist ein typisches Signalwort f\u00fcr das 'Simple Past' \u2192 'my boss lived'\">Tipp<\/a><\/div>\r\n<\/div>\r\n<b><span class=\"number\">\u277d<\/span><\/b>Donald<input type=\"text\" class=\"form-control\" id=\"q7\" autocomplete=\"off\"><b><i>(eat)<\/i><\/b> too many chicken wings last night.\r\n<div class=\"row\">\r\n<div>\r\n<p id=\"correct7\" align=\"left\"><\/p>\r\n\r\n<\/div>\r\n<div>\r\n<a button=\"\" class=\"btn btn-success tipp7 hidden\" href=\"#8\" title=\"Donald ate...\" data-toggle=\"popover\" data-placement=\"top\" data-trigger=\"hover\" style=\"text-decoration: none, color:white\" data-content=\"'last night' ist ein typisches Signalwort f\u00fcr das 'Simple Past' \u2192 'Donald ate'\">Tipp<\/a><\/div>\r\n<\/div>\r\n<b><span class=\"number\">\u277e<\/span><\/b>I <input type=\"text\" class=\"form-control\" id=\"q8\" autocomplete=\"off\"><b><i>(see)<\/i><\/b> the pyramids on my last vacation .\r\n<div class=\"row\">\r\n<div>\r\n<p id=\"correct8\" align=\"left\"><\/p>\r\n\r\n<\/div>\r\n<div>\r\n<a button=\"\" class=\"btn btn-success tipp8 hidden\" href=\"#9\" title=\"I saw...\" data-toggle=\"popover\" data-placement=\"top\" data-trigger=\"hover\" style=\"text-decoration: none, color:white\" data-content=\"'on my last vacation' bedeutet, dass kein Bezug zur Gegenwart mehr vorhanden ist, deswegen 'Simple Past' \u2192 'I saw' \">Tipp<\/a><\/div>\r\n<\/div>\r\n<b><span class=\"number\">\u277f<\/span><\/b>Karen <input type=\"text\" class=\"form-control\" id=\"q9\" autocomplete=\"off\"><b><i>(be)<\/i><\/b> here a moment ago.\r\n<div class=\"row\">\r\n<div>\r\n<p id=\"correct9\" align=\"left\"><\/p>\r\n\r\n<\/div>\r\n<div>\r\n<a button=\"\" class=\"btn btn-success tipp9 hidden\" href=\"#10\" title=\"Karen was here...\" data-toggle=\"popover\" data-placement=\"top\" data-trigger=\"hover\" style=\"text-decoration: none, color:white\" data-content=\"'a moment ago' ist ein typisches Signalwort f\u00fcr das 'Simple Past' \u2192 'Karen was'\">Tipp<\/a><\/div>\r\n<\/div>\r\n<!-- The Modal -->\r\n<div id=\"myModal\" class=\"modal\">\r\n<div class=\"modal-dialog\">\r\n<div class=\"modal-content\">\r\n\r\n<!-- Modal Header -->\r\n<div class=\"modal-header\">\r\n<h4 class=\"modal-title\">Simple Past \/ Present Perfect Unterschied<\/h4>\r\n<button class=\"close\" type=\"button\" data-dismiss=\"modal\">\u00d7<\/button>\r\n\r\n<\/div>\r\n<!-- Modal body -->\r\n<div class=\"modal-body\"><table class=\"table table-bordered table-sm\">\r\n<tbody>\r\n<tr class=\"table-danger\">\r\n<th colspan=\"3\">Simple Past &#8211; Signalw\u00f6rter<\/th>\r\n<\/tr>\r\n\r\n<tr class=\"table-success\">\r\n<td colspan=\"3\">ago, in 1971, yesterday, last week, this morning<\/td><\/tr>\r\n<tbody>\r\n<\/table>\r\n<table class=\"table table-bordered table-sm\">\r\n<tbody>\r\n<tr class=\"table-danger\">\r\n<th colspan=\"3\">Present Perfect &#8211; Signalw\u00f6rter<\/th>\r\n<\/tr>\r\n<tr class=\"table-success\">\r\n<td colspan=\"3\">lately, recently, for, since, before, already, yet?, never, ever<\/td><\/tr>\r\n<tbody>\r\n<\/table>\r\n<table class=\"table table-bordered table-sm\">\r\n<tbody>\r\n<tr class=\"table-danger\">\r\n<th colspan=\"3\">Simple Past &#8211; Present Perfect Unterschied<\/th>\r\n<\/tr>\r\n\r\n<tr class=\"table-success\">\r\n<td colspan=\"3\"> simple past<\/td><\/tr>\r\n<tr class=\"table-primary\">\r\n<td>x punktuelle Handlung in der Vergangenheit<\/td>\r\n<td><\/td><td><\/td>\r\n<\/tr>\r\n<tr class=\"table-info\">\r\n<td>I have broke my leg.\r\n(Fu\u00df ist nicht mehr gebrochen, \r\nkein Bezug zur Gegenwart.)<\/td><td><\/td><td><\/td>\r\n<\/tr>\r\n<tr class=\"table-warning\">\r\n<td>Vergangenheit<\/td>\r\n<td >Gegenwart<\/td>\r\n<td>Zukunft<\/td>\r\n<\/tr>\r\n<tr class=\"table-success\">\r\n<td colspan=\"3\">present perfect<\/td>\r\n<\/tr>\r\n<tr class=\"table-primary\">\r\n<td>startet in der Vergangenheit und \r\ndauert bis in die Gegenwart an &#10140;<\/td>\r\n<td><\/td><td><\/td>\r\n<\/tr>\r\n<tr class=\"table-info\">\r\n<td>I have broken my leg.\r\n(Fu\u00df ist noch gebrochen, \r\nBezug zur Gegenwart.)<\/td><td><\/td><td><\/td>\r\n<\/tr>\r\n<\/tbody>\r\n<\/table><\/div>\r\n<!-- Modal footer -->\r\n<div class=\"modal-footer\"><button class=\"btn btn-danger\" type=\"button\" data-dismiss=\"modal\">Close<\/button><\/div>\r\n<\/div>\r\n<\/div>\r\n<\/div>\r\n<\/div>\r\n<\/div>\r\n<div class=\"container\">\r\n\r\n<hr>\r\n\r\n<button id=\"submitButton\" class=\"btn-lg btn-primary \" type=\"submit\" value=\"submit\">Pr\u00fcfen<\/button><button id=\"resetButton\" class=\"btn-lg btn-success\" type=\"submit\" onclick=\"refreshPage()\">Neustart<\/button><button id=\"submitButton\" class=\"btn-lg btn-info\" type=\"button\" value=\"submit\" data-toggle=\"modal\" data-target=\"#myModal\">Tipp<\/button>\r\n\r\n<hr>\r\n<br \/>\r\n<a href=\"https:\/\/english-munich.de\/training\/wp-content\/uploads\/2022\/05\/Uebungsblatt-Simple-Past-Present-Perfect-Unterschied.pdf\">\u00dcbungsblatt Simple Past Present Perfect Unterschied <i class=\"fa fa-download\"><\/i><\/a>\r\n<br \/>\r\n<p id=\"result\"><\/p>\r\n<p id=\"result2\"><\/p>\r\n<h3>Alle \u00dcbungen Unterschied Simple Past &#8211; Present Perfect<\/h3>\r\n<hr>\r\n<div id=\"bellows-main-26\" class=\"bellows bellows-nojs bellows-main bellows-source-menu bellows-align-full bellows-skin-vanilla bellows-type-\"><ul id=\"menu-present-perfect-simple-past-unterschied1\" class=\"bellows-nav\" data-bellows-config=\"main\"><li id=\"menu-item-4046\" class=\"bellows-menu-item bellows-menu-item-type-post_type bellows-menu-item-object-page bellows-menu-item-4046 bellows-item-level-0\"><a  href=\"https:\/\/english-munich.de\/training\/simple-past-present-perfect-unterschied\/\" class=\"bellows-target\"><span class=\"bellows-target-title bellows-target-text\">\u270d\ufe0fSimple Past \u2013 Present Perfect Unterschied<\/span><\/a><\/li>\n<li id=\"menu-item-4047\" class=\"bellows-menu-item bellows-menu-item-type-post_type bellows-menu-item-object-page bellows-menu-item-4047 bellows-item-level-0\"><a  href=\"https:\/\/english-munich.de\/training\/simple-past-presen-perfect-unterschied\/\" class=\"bellows-target\"><span class=\"bellows-target-title bellows-target-text\">\u2611\ufe0fSimple Past \u2013 Present Perfect Unterschied II<\/span><\/a><\/li>\n<li id=\"menu-item-4048\" class=\"bellows-menu-item bellows-menu-item-type-post_type bellows-menu-item-object-page bellows-menu-item-4048 bellows-item-level-0\"><a  href=\"https:\/\/english-munich.de\/training\/simple-past-present-perfect-signalworter\/\" class=\"bellows-target\"><span class=\"bellows-target-title bellows-target-text\">\u2611\ufe0fSimple Past \u2013 Present Perfect Signalw\u00f6rter<\/span><\/a><\/li>\n<\/ul><\/div> \r\n<\/div>\r\n<\/div>","protected":false},"excerpt":{"rendered":"Simple Past \/ Present Perfect Aufgaben \u00dcbungen zum Unterschied von Simple Past und Present Perfect Beispiel \u24ffThis parcel &nbsp;(arrive)&nbsp;yesterday. Die richtige L\u00f6sung ist: arrived&nbsp;&nbsp;Tipp \u270d\ufe0f F\u00fclle die Verben in Klammern in der richtigen Form des Simple Past bzw. Present Perfect in die L\u00fccken (achte auf die Signalw\u00f6rter): \u2776Mr. Jones (read) a lot of books lately. [&hellip;]","protected":false},"author":3,"featured_media":0,"parent":0,"menu_order":0,"comment_status":"closed","ping_status":"closed","template":"","meta":[],"_links":{"self":[{"href":"https:\/\/english-munich.de\/training\/wp-json\/wp\/v2\/pages\/1814"}],"collection":[{"href":"https:\/\/english-munich.de\/training\/wp-json\/wp\/v2\/pages"}],"about":[{"href":"https:\/\/english-munich.de\/training\/wp-json\/wp\/v2\/types\/page"}],"author":[{"embeddable":true,"href":"https:\/\/english-munich.de\/training\/wp-json\/wp\/v2\/users\/3"}],"replies":[{"embeddable":true,"href":"https:\/\/english-munich.de\/training\/wp-json\/wp\/v2\/comments?post=1814"}],"version-history":[{"count":11,"href":"https:\/\/english-munich.de\/training\/wp-json\/wp\/v2\/pages\/1814\/revisions"}],"predecessor-version":[{"id":12019,"href":"https:\/\/english-munich.de\/training\/wp-json\/wp\/v2\/pages\/1814\/revisions\/12019"}],"wp:attachment":[{"href":"https:\/\/english-munich.de\/training\/wp-json\/wp\/v2\/media?parent=1814"}],"curies":[{"name":"wp","href":"https:\/\/api.w.org\/{rel}","templated":true}]}}