{"id":1164,"date":"2020-05-13T13:54:31","date_gmt":"2020-05-13T13:54:31","guid":{"rendered":"https:\/\/english-munich.de\/training\/?page_id=1164"},"modified":"2022-05-01T10:24:22","modified_gmt":"2022-05-01T10:24:22","slug":"present-perfect-aussagesatz","status":"publish","type":"page","link":"https:\/\/english-munich.de\/training\/present-perfect-aussagesatz\/","title":{"rendered":"Present Perfect \u00dcbungen Aussagesatz"},"content":{"rendered":"<div class=\"jumbotron text-center\">\r\n<h2>Present Perfect \u00dcbungen<\/h2>\r\nPresent Perfect \u00dcbungen im bejahten Aussagesatz\r\n\r\n<\/div>\r\n<div class=\"bs-example\">\r\n<div class=\"accordion\" id=\"accordionExample\">\r\n<div class=\"card\">\r\n<div class=\"card-header\" id=\"headingOne\">\r\n<h2 class=\"mb-0\" style=\"color:#000\">\r\n                    <button type=\"button\" class=\"btn btn-link collapsed\" data-toggle=\"collapse\" data-target=\"#collapseOne\">Beispiel<\/button><\/h2>\r\n<\/div>\r\n<div id=\"collapseOne\" class=\"collapse\" aria-labelledby=\"headingOne\" data-parent=\"#accordionExample\">\r\n<div class=\"card-body\">\r\n<div class=\"form-inline\">\r\n<div>\r\n<b><span class=\"number\">\u24ff<\/span><\/b>John <input type=\"text\" class=\"form-control\" id=\"panel-beispiel\" disabled=\"\" value=\"has wanted\"> <b><i>&nbsp;(want)&nbsp;<\/i><\/b>to be president since he was a child.\r\n<\/div><div>\r\nDie richtige L\u00f6sung ist: <b>has wanted<\/b>&nbsp;&nbsp;<button class=\"btn-lg btn-info\" type=\"button\" data-toggle=\"modal\" data-target=\"#myModal\">Tipp<\/button>\r\n<\/div>\r\n<\/div>\r\n<\/div>\r\n<\/div>\r\n<\/div>\r\n<\/div>\r\n<br \/><br \/>\r\n<div class=\"container well\">\r\n<h4>\u270d\ufe0f F\u00fclle die Verben in Klammern in der richtigen Form des <i>Present Perfect<\/i> in die L\u00fccken:<\/h4>\r\n\r\n<hr>\r\n\r\n<br \/>\r\n<div class=\"container\">\r\n<b><span class=\"number\">\u2776<\/span><\/b>Roscoe<input type=\"text\" class=\"form-control\" id=\"q0\" autocomplete=\"off\"><b><i>  (watch)<\/i><\/b> TV all day.\r\n<div class=\"row\">\r\n<div>\r\n<p id=\"correct0\" align=\"left\"><\/p>\r\n\r\n<\/div>\r\n<div>\r\n<a button=\"\" class=\"btn btn-success tipp0 hidden\" href=\"#1\" title=\"Roscoe has watched...\" data-toggle=\"popover\" data-placement=\"top\" data-trigger=\"hover\" style=\"text-decoration: none; color:white;\" data-content=\"Johnny ist 'he' (3.Person Einzahl), deswegen 'has'. He\/she\/it, das 's' muss mit! 'Watch' ist regelm\u00e4\u00dfig, deswegen einfach die Endung '-ed' an das Hauptverb anh\u00e4ngen.\">Tipp<\/a><\/div>\r\n<\/div>\r\n<b><span class=\"number\">\u2777<\/span><\/b>We   <input type=\"text\" class=\"form-control\" id=\"q1\" autocomplete=\"off\"><b><i>(inform)<\/i><\/b> our neighbors already.\r\n<div class=\"row\">\r\n<div>\r\n<p id=\"correct1\" align=\"left\"><\/p>\r\n\r\n<\/div>\r\n<div>\r\n<a button=\"\" class=\"btn btn-success tipp1 hidden\" href=\"#2\" title=\"We have informed...\" data-toggle=\"popover\" data-placement=\"top\" data-trigger=\"hover\" style=\"text-decoration: none; color:white;\" data-content=\"'We' ist 1.Person Mehrzahl, deswegen bleibt das Hilfsverb 'have' unver\u00e4ndert!'Inform' ist regelm\u00e4\u00dfig, deswegen einfach die Endung '-ed' an das Hauptverb anh\u00e4ngen.'Already' ist ein typisches Signalwort des Present Perfect\">Tipp<\/a><\/div>\r\n<\/div>\r\n<b><span class=\"number\">\u2778<\/span><\/b>Sarah <input type=\"text\" class=\"form-control\" id=\"q2\" autocomplete=\"off\"><b><i>(wash)<\/i><\/b> her car just now.\r\n<div class=\"row\">\r\n<div>\r\n<p id=\"correct2\" align=\"left\"><\/p>\r\n\r\n<\/div>\r\n<div>\r\n<a button=\"\" class=\"btn btn-success tipp2 hidden\" align=\"left\" aria-hidden=\"true\" href=\"#3\" title=\"Sarah has washed...\" data-toggle=\"popover\" data-placement=\"top\" data-trigger=\"hover\" style=\"text-decoration: none, color:white\" data-content=\"Sarah ist 'she' (3.Person Einzahl), deswegen 'has'. He\/she\/it, das 's' muss mit! 'Watch' ist regelm\u00e4\u00dfig, deswegen einfach die Endung '-ed' an das Hauptverb anh\u00e4ngen.'Just now' ist ein typisches Signalwort f\u00fcr das Present Perfect\">Tipp<\/a><\/div>\r\n<\/div>\r\n<span class=\"number\">\u2779<\/span>They   <input type=\"text\" class=\"form-control\" id=\"q3\" autocomplete=\"off\"><b><i>(use)<\/i><\/b> their scooter all summer.\r\n<div class=\"row\">\r\n<div>\r\n<p id=\"correct3\" align=\"left\"><\/p>\r\n\r\n<\/div>\r\n<div>\r\n<a button=\"\" class=\"btn btn-success tipp3 hidden\" aria-hidden=\"true\" href=\"#4\" title=\"They have used...\" data-toggle=\"popover\" data-placement=\"top\" data-trigger=\"hover\" style=\"text-decoration: none, color:white\" data-content=\"'They' ist 3.Person Mehrzahl, deswegen bleibt das Hilfsverb 'have' unver\u00e4ndert! Bei 'use' entf\u00e4llt das finale '-e' bevor du das '-ed' an das Hauptverb anh\u00e4ngst.'All summer' ist ein typisches Signalwort des Present Perfect\">Tipp<\/a><\/div>\r\n<\/div>\r\n<b><span class=\"number\">\u277a<\/span><\/b>You <input type=\"text\" class=\"form-control\" id=\"q4\" autocomplete=\"off\"><b><i>(be)<\/i><\/b> very happy so far.\r\n<div class=\"row\">\r\n<div>\r\n<p id=\"correct4\" align=\"left\"><\/p>\r\n\r\n<\/div>\r\n<div>\r\n<a button=\"\" class=\"btn btn-success tipp4 hidden\" aria-hidden=\"true\" href=\"#5\" title=\"You have been...\" data-toggle=\"popover\" data-placement=\"top\" data-trigger=\"hover\" style=\"text-decoration: none, color:white\" data-content=\"Vorsicht: Das Verb 'be' ist unregelm\u00e4\u00dfig: I, you have been; he\/she\/it has been; we\/you\/they have been! 'So far' ist ein typisches Signalwort f\u00fcr das Present Perfect\">Tipp<\/a><\/div>\r\n<\/div>\r\n<b><span class=\"number\">\u277b<\/span><\/b>He <input type=\"text\" class=\"form-control\" id=\"q5\" autocomplete=\"off\"><b><i>(stop)<\/i><\/b> for more than ten minutes.\r\n<div class=\"row\">\r\n<div>\r\n<p id=\"correct5\" align=\"left\"><\/p>\r\n\r\n<\/div>\r\n<div>\r\n<a button=\"\" class=\"btn btn-success tipp5 hidden\" aria-hidden=\"true\" href=\"#6\" title=\"He has stopped...\" data-toggle=\"popover\" data-placement=\"top\" data-trigger=\"hover\" style=\"text-decoration: none, color:white\" data-content=\"'He' (3.Person Einzahl) have\u2192has, deswegen 'has stopped'. Au\u00dferdem musst du bei Verben mit Vokal vor dem Endkonsonanten, diesen verdoppeln, also stop\u2192stopped!\">Tipp<\/a><\/div>\r\n<\/div>\r\n<b><span class=\"number\">\u277c<\/span><\/b>My boss  <input type=\"text\" class=\"form-control\" id=\"q6\" autocomplete=\"off\"><b><i>(ask)<\/i><\/b> many questions.\r\n<div class=\"row\">\r\n<div>\r\n<p id=\"correct6\" align=\"left\"><\/p>\r\n\r\n<\/div>\r\n<div>\r\n<a button=\"\" class=\"btn btn-success tipp7 hidden\" aria-hidden=\"true\" href=\"#8\" title=\"My boss has asked...\" data-toggle=\"popover\" data-placement=\"top\" data-trigger=\"hover\" style=\"text-decoration: none, color:white\" data-content=\"My boss ist 'he', deswegen He' (3.Person Einzahl) have\u2192has, deswegen 'has asked'. 'Ask' ist regelm\u00e4\u00dfig, deswegen einfach '-ed' ans Hauptverb anh\u00e4ngen. \">Tipp<\/a><\/div>\r\n<\/div>\r\n<b><span class=\"number\">\u277d<\/span><\/b>Boris  <input type=\"text\" class=\"form-control\" id=\"q7\" autocomplete=\"off\"><b><i>(play)<\/i><\/b> lots of chess this year.\r\n<div class=\"row\">\r\n<div>\r\n<p id=\"correct7\" align=\"left\"><\/p>\r\n\r\n<\/div>\r\n<div>\r\n<a button=\"\" class=\"btn btn-success tipp7 hidden\" aria-hidden=\"true\" href=\"#8\" title=\"Boris has played...\" data-toggle=\"popover\" data-placement=\"top\" data-trigger=\"hover\" style=\"text-decoration: none, color:white\" data-content=\"'Boris' ist 'he'(3.Person Einzahl), deswegen 'has'. Das Verb play ist regelm\u00e4\u00dfig play\u2192has played \">Tipp<\/a><\/div>\r\n<\/div>\r\n<b><span class=\"number\">\u277e<\/span><\/b>I  <input type=\"text\" class=\"form-control\" id=\"q8\" autocomplete=\"off\"><b><i>(talk)<\/i><\/b> to my teachers for an hour.\r\n<div class=\"row\">\r\n<div>\r\n<p id=\"correct8\" align=\"left\"><\/p>\r\n\r\n<\/div>\r\n<div>\r\n<a button=\"\" class=\"btn btn-success tipp8 hidden\" href=\"#9\" title=\"I have talked...\" data-toggle=\"popover\" data-placement=\"top\" data-trigger=\"hover\" style=\"text-decoration: none, color:white\" data-content=\"'I' (1.Person Einzahl), deswegen talk \u2192 have talked! 'For an hour' typisches Signalwort f\u00fcr 'Present Perfect'\">Tipp<\/a><\/div>\r\n<\/div>\r\n<b><span class=\"number\">\u277f<\/span><\/b>Karen <input type=\"text\" class=\"form-control\" id=\"q9\" autocomplete=\"off\"><b><i>(push)<\/i><\/b> her bike to work this week.\r\n<div class=\"row\">\r\n<div>\r\n<p id=\"correct9\" align=\"left\"><\/p>\r\n\r\n<\/div>\r\n<div>\r\n<a button=\"\" class=\"btn btn-success tipp9 hidden\" href=\"#10\" title=\"Karen has pushed...\" data-toggle=\"popover\" data-placement=\"top\" data-trigger=\"hover\" style=\"text-decoration: none, color:white\" data-content=\"'Karen' ist 'she' (3.Person Einzahl), deswegen push \u2192 has pushed.'This week' typisches Signalwort f\u00fcr 'Present Perfect\">Tipp<\/a><\/div>\r\n<\/div>\r\n<!-- The Modal -->\r\n<div id=\"myModal\" class=\"modal fade\">\r\n<div class=\"modal-dialog\">\r\n<div class=\"modal-content\">\r\n\r\n<!-- Modal Header -->\r\n<div class=\"modal-header\">\r\n<h4 class=\"modal-title\">Present Perfect bejaht<\/h4>\r\n<button class=\"close\" type=\"button\" data-dismiss=\"modal\">\u00d7<\/button>\r\n\r\n<\/div>\r\n<!-- Modal body -->\r\n<div class=\"modal-body\">\r\n<h2>\u00dcbersicht<\/h2>\r\nTabelle f\u00fcr die Bildung des Present Perfect regelm\u00e4\u00dfig:\r\n<table class=\"table table-bordered table-sm table-hover\">\r\n<thead>\r\n<tr class=\"table-danger\">\r\n<th>Personalpronomen<\/th>\r\n<th>I \/ you \/ we \/ they<\/th>\r\n<th>he \/ she \/ it<\/th>\r\n<\/tr>\r\n<\/thead>\r\n<tbody>\r\n<tr class=\"table-primary\">\r\n<td><b><a href=\"https:\/\/de.wikipedia.org\/wiki\/Hilfsverb\">Hilfsverb<\/a><\/b><\/td>\r\n<td><b>have<\/b><\/td>\r\n<td><b>has<\/b><\/td>\r\n<\/tr>\r\n<tr class=\"table-warning\">\r\n<td><b>Partizip Perfekt<\/b><\/td>\r\n<td><b>watched<\/b><\/td>\r\n<td><b>watched<\/b><\/td>\r\n<\/tr>\r\n<\/tbody>\r\n<\/table>\r\n<\/div>\r\n<!-- Modal footer -->\r\n<div class=\"modal-footer\"><button class=\"btn btn-danger\" type=\"button\" data-dismiss=\"modal\">Close<\/button><\/div>\r\n<\/div>\r\n<\/div>\r\n<\/div>\r\n<\/div>\r\n<\/div>\r\n<div class=\"container\">\r\n\r\n<hr>\r\n\r\n<button id=\"submitButton\" class=\"btn-lg btn-primary \" type=\"submit\" value=\"submit\">Pr\u00fcfen<\/button><button id=\"resetButton\" class=\"btn-lg btn-success\" type=\"submit\" onclick=\"refreshPage()\">Neustart<\/button><button id=\"submitButton\" class=\"btn-lg btn-info\" type=\"button\" value=\"submit\" data-toggle=\"modal\" data-target=\"#myModal2\">Tipp<\/button>\r\n\r\n<hr>\r\n\r\n\r\n\r\n<p id=\"result\"><\/p>\r\n<p id=\"result2\"><\/p><br \/>\r\n<a href=\"https:\/\/english-munich.de\/training\/wp-content\/uploads\/2022\/05\/Arbeitsblatt-Present-Perfect.pdf\">\u00dcbungsblatt Present Perfect <i class=\"fa fa-download\"><\/i><\/a>\r\n<br \/><br \/>\r\n<h3>Alle \u00dcbungen:<\/h3>\r\n<hr>\r\n<div id=\"bellows-main-16\" class=\"bellows bellows-nojs bellows-main bellows-source-menu bellows-align-full bellows-skin-vanilla bellows-type-\"><ul id=\"menu-present-perfect\" class=\"bellows-nav\" data-bellows-config=\"main\"><li id=\"menu-item-3715\" class=\"bellows-menu-item bellows-menu-item-type-post_type bellows-menu-item-object-page bellows-menu-item-3715 bellows-item-level-0\"><a  href=\"https:\/\/english-munich.de\/training\/present-perfect-aussagesatz\/\" class=\"bellows-target\"><span class=\"bellows-target-title bellows-target-text\">\u270d\ufe0fPresent Perfect bejaht<\/span><\/a><\/li>\n<li id=\"menu-item-3716\" class=\"bellows-menu-item bellows-menu-item-type-post_type bellows-menu-item-object-page bellows-menu-item-3716 bellows-item-level-0\"><a  href=\"https:\/\/english-munich.de\/training\/present-perfect-frage\/\" class=\"bellows-target\"><span class=\"bellows-target-title bellows-target-text\">\u270d\ufe0fPresent Perfect Frage<\/span><\/a><\/li>\n<li id=\"menu-item-3718\" class=\"bellows-menu-item bellows-menu-item-type-post_type bellows-menu-item-object-page bellows-menu-item-3718 bellows-item-level-0\"><a  href=\"https:\/\/english-munich.de\/training\/present-perfect\/\" class=\"bellows-target\"><span class=\"bellows-target-title bellows-target-text\">\u2611\ufe0fPresent Perfect Verneinung<\/span><\/a><\/li>\n<li id=\"menu-item-3717\" class=\"bellows-menu-item bellows-menu-item-type-post_type bellows-menu-item-object-page bellows-menu-item-3717 bellows-item-level-0\"><a  href=\"https:\/\/english-munich.de\/training\/present-perfect-unregelmasig\/\" class=\"bellows-target\"><span class=\"bellows-target-title bellows-target-text\">\u270d\ufe0fPresent Perfect unregelm\u00e4\u00dfig<\/span><\/a><\/li>\n<\/ul><\/div>\r\n<\/div>\r\n<\/div>\r\n<!-- The Modal -->\r\n<div id=\"myModal2\" class=\"modal fade\">\r\n<div class=\"modal-dialog\">\r\n<div class=\"modal-content\">\r\n\r\n<!-- Modal Header -->\r\n<div class=\"modal-header\">\r\n<h4 class=\"modal-title\">Present Perfect bejaht<\/h4>\r\n<button class=\"close\" type=\"button\" data-dismiss=\"modal\">\u00d7<\/button>\r\n\r\n<\/div>\r\n<!-- Modal body -->\r\n<div class=\"modal-body\">\r\n<h2>Present Perfect \u00dcbersicht<\/h2>\r\n<img decoding=\"async\" loading=\"lazy\" class=\"alignnone size-full wp-image-2190\" src=\"https:\/\/english-munich.de\/training\/wp-content\/uploads\/2020\/06\/present-perfect-1.jpg\" alt=\"present perfect \u00fcbungen\" width=\"400\" height=\"1000\" srcset=\"https:\/\/english-munich.de\/training\/wp-content\/uploads\/2020\/06\/present-perfect-1.jpg 400w, https:\/\/english-munich.de\/training\/wp-content\/uploads\/2020\/06\/present-perfect-1-120x300.jpg 120w, https:\/\/english-munich.de\/training\/wp-content\/uploads\/2020\/06\/present-perfect-1-8x20.jpg 8w\" sizes=\"(max-width: 400px) 100vw, 400px\" \/>\r\nDas Present Perfect richtig anzuwenden ist nicht einfach. Oft wird es mit dem Simple Past verwechselt. Zun\u00e4chst ist es aber wichtig die Bildung des Perfekt zu meistern. Darin k\u00f6nnen Dich diese Online \u00dcbungen unterst\u00fctzen. Der Vorteil ist, dass Du die \u00dcbungen so oft wiederholen kannst wie Du willst. Denn Wiederholung ist der Grundstein, um eine Sprache zu lernen. Je \u00f6fter Du \u00fcbst, desto besser wirst Du. Die Bildung des Present Perfect muss Dir in Fleisch und Blut \u00fcbergehen.\r\nDann kannst Du Englisch auch anwenden. Denn um eine Sprache zu sprechen musst in jedem Satz Du sehr viele Parameter verarbeiten. Deswegen ist beim Sprachenlernen Routine und Wiederholung so wichtig. Dann muss Du beim Englisch Sprechen nicht mehr nachdenken. Das ist der Schl\u00fcssel um flie\u00dfend Englisch zu sprechen.\r\n<\/div>\r\n<!-- Modal footer -->\r\n<div class=\"modal-footer\"><button class=\"btn btn-danger\" type=\"button\" data-dismiss=\"modal\">Close<\/button><\/div>\r\n<\/div>\r\n<\/div>\r\n<\/div>\r\n","protected":false},"excerpt":{"rendered":"Present Perfect \u00dcbungen Present Perfect \u00dcbungen im bejahten Aussagesatz Beispiel \u24ffJohn &nbsp;(want)&nbsp;to be president since he was a child. Die richtige L\u00f6sung ist: has wanted&nbsp;&nbsp;Tipp \u270d\ufe0f F\u00fclle die Verben in Klammern in der richtigen Form des Present Perfect in die L\u00fccken: \u2776Roscoe (watch) TV all day. Tipp \u2777We (inform) our neighbors already. Tipp \u2778Sarah (wash) [&hellip;]","protected":false},"author":3,"featured_media":0,"parent":0,"menu_order":0,"comment_status":"closed","ping_status":"closed","template":"","meta":[],"_links":{"self":[{"href":"https:\/\/english-munich.de\/training\/wp-json\/wp\/v2\/pages\/1164"}],"collection":[{"href":"https:\/\/english-munich.de\/training\/wp-json\/wp\/v2\/pages"}],"about":[{"href":"https:\/\/english-munich.de\/training\/wp-json\/wp\/v2\/types\/page"}],"author":[{"embeddable":true,"href":"https:\/\/english-munich.de\/training\/wp-json\/wp\/v2\/users\/3"}],"replies":[{"embeddable":true,"href":"https:\/\/english-munich.de\/training\/wp-json\/wp\/v2\/comments?post=1164"}],"version-history":[{"count":26,"href":"https:\/\/english-munich.de\/training\/wp-json\/wp\/v2\/pages\/1164\/revisions"}],"predecessor-version":[{"id":11554,"href":"https:\/\/english-munich.de\/training\/wp-json\/wp\/v2\/pages\/1164\/revisions\/11554"}],"wp:attachment":[{"href":"https:\/\/english-munich.de\/training\/wp-json\/wp\/v2\/media?parent=1164"}],"curies":[{"name":"wp","href":"https:\/\/api.w.org\/{rel}","templated":true}]}}