{"id":11435,"date":"2022-04-14T19:03:41","date_gmt":"2022-04-14T19:03:41","guid":{"rendered":"https:\/\/english-munich.de\/training\/?page_id=11435"},"modified":"2022-04-14T19:03:41","modified_gmt":"2022-04-14T19:03:41","slug":"verben-mechanik","status":"publish","type":"page","link":"https:\/\/english-munich.de\/training\/verben-mechanik\/","title":{"rendered":"Verben Mechanik Englisch"},"content":{"rendered":"<div class=\"jumbotron text-center\">\r\n<h2>Verben mechanische Vorg\u00e4nge &#8211; Englisch &#8211; Aufgaben<\/h2>\r\n\u00dcbungen &#8211; Vokabular &#8211; Verben <a href=\"https:\/\/www.lernhelfer.de\/schuelerlexikon\/physik\/artikel\/mechanik\">Mechanik<\/a>\r\n\r\n<\/div>\r\n<div class=\"bs-example\">\r\n<div id=\"accordionExample\" class=\"accordion\">\r\n<div class=\"card\">\r\n<div id=\"headingOne\" class=\"card-header\">\r\n<h2 class=\"mb-0\" style=\"color: #000;\"><button class=\"btn btn-link collapsed\" type=\"button\" data-toggle=\"collapse\" data-target=\"#collapseOne\">Beispiel<\/button><\/h2>\r\n<\/div>\r\n<div id=\"collapseOne\" class=\"collapse\" aria-labelledby=\"headingOne\" data-parent=\"#accordionExample\">\r\n<div class=\"card-body\"><div><b>kurbeln:<\/b><\/div><br \/>\r\n<div class=\"form-inline\"><div class=\"row\"><div><label for=\"sel1\"><span class=\"number\">\u24ff<\/span>Moving something by help of a rotating lever: <\/div>&nbsp;&nbsp;<div><select id=\"beispiel\" class=\"form-control\">\r\n<option value=\"wrong\">don&#8217;t did<\/option>\r\n<option value=\"correct\">whet<\/option>\r\n<option value=\"wrong\">doesn&#8217;t did<\/option>\r\n<\/select><\/label> .<\/div><\/div><\/div><br \/>\r\n\r\nDie richtige L\u00f6sung ist: <b>&#8222;crank&#8220;<\/b>&nbsp;&nbsp;<button class=\"btn-lg btn-info\" type=\"button\" value=\"submit\" data-toggle=\"modal\" data-target=\"#myModal\">Tipp<\/button>\r\n\r\n\r\n<\/div>\r\n<\/div>\r\n<\/div>\r\n<\/div>\r\n<br \/><br \/>\r\n<div class=\"container well\">\r\n<h4>\u2611\ufe0f W\u00e4hle die richtige Option, mit dem richtigen Verb f\u00fcr mechanische Vorg\u00e4nge. Erg\u00e4nze den Satz auf Englisch sinnvoll:<\/h4>\r\n\r\n<hr>\r\n\r\n<br \/>\r\n<div class=\"container-fluid\">\r\n<div><b>spannen:<\/b><\/div><br \/>\r\n<div class=\"form-inline\"><div class=\"row\"><div><label for=\"sel1\"><span class=\"number\">\u2776<\/span>To put tension on a release mechanism:<\/div>&nbsp;&nbsp; <div> <select id=\"q0\" class=\"form-control\">\r\n<option value=\"wrong\"><\/option>\r\n<option value=\"wrong\"> sprain <\/option>\r\n<option value=\"correct\">cock <\/option>\r\n<option value=\"wrong\"> splash <\/option>\r\n<\/select><\/label> . <\/div><\/div><\/div><br \/>\r\n<p id=\"correct0\" align=\"left\"><\/p>\r\n<a class=\"btn btn-success tipp0 hidden\" style=\"text-decoration: none, color:white;\" title=\"To put tension on a release mechanism: cock.\" href=\"#0\" data-toggle=\"popover\"  data-placement=\"top\" data-trigger=\"hover\" data-content=\" 'spannen' \u2794  'cock'.\">Tipp<\/a>\r\n\r\n\r\n<div><b>einrasten:<\/b><\/div><br \/>\r\n<div class=\"form-inline\"><div class=\"row\"><div><label for=\"sel1\"><span class=\"number\">\u2777<\/span>To fall into place inside a mechanism: <\/div>&nbsp;&nbsp; <div><select id=\"q1\" class=\"form-control\">\r\n<option value=\"wrong\"><\/option>\r\n<option value=\"wrong\"> rust <\/option>\r\n<option value=\"wrong\"> rest <\/option>\r\n<option value=\"correct\"> snap <\/option>\r\n<\/select> .<\/label><\/div><\/div><\/div><br \/>\r\n\r\n<p id=\"correct1\" align=\"left\"><\/p>\r\n<a class=\"btn btn-success tipp1 hidden\" style=\"text-decoration: none, color:white;\" title=\"To fall into place inside a mechanism: snap.\" href=\"#1\" data-toggle=\"popover\" data-placement=\"top\" data-trigger=\"hover\" data-content=\"'einrasten' \u2794  'snap'.\">Tipp<\/a>\r\n\r\n<div><b>aufziehen:<\/b><\/div><br \/>\r\n<div class=\"form-inline\"><div class=\"row\"><div><label for=\"sel1\"><span class=\"number\">\u2778<\/span>To put tension on a spring mechanism: <\/div> &nbsp;&nbsp; <div><select id=\"q2\" class=\"form-control\">\r\n<option value=\"wrong\"><\/option>\r\n<option value=\"wrong\"> wimp <\/option>\r\n<option value=\"correct\"> wind <\/option>\r\n<option value=\"wrong\"> draw <\/option>\r\n<\/select> .<\/label><\/div><\/div><\/div><br \/>\r\n\r\n<p id=\"correct2\" align=\"left\"><\/p>\r\n<a class=\"btn btn-success tipp2 hidden\" style=\"text-decoration: none, color:white;\" title=\"To put tension on a spring mechanism: wind.\" href=\"#2\" data-toggle=\"popover\" data-placement=\"top\" data-trigger=\"hover\" data-content=\"'aufziehen' \u2794  'wind'\">Tipp<\/a>\r\n\r\n<div><b>rattern (bet\u00e4tigen eines Ratschenmechanismus):<\/b><\/div><br \/>\r\n<div class=\"form-inline\"><div class=\"row\"><div><label for=\"sel1\"><span class=\"number\">\u2779<\/span>Moving by the help of a toothed wheel mechanism:<\/div>&nbsp;&nbsp;<div><select id=\"q3\" class=\"form-control\">\r\n<option value=\"wrong\"><\/option>\r\n<option value=\"wrong\"> render <\/option>\r\n<option value=\"wrong\"> ramble <\/option>\r\n<option value=\"correct\"> ratchet <\/option>\r\n<\/select><\/label>  .<\/div><\/div><\/div><br \/>\r\n\r\n<p id=\"correct3\" align=\"left\"><\/p>\r\n<a class=\"btn btn-success tipp3 hidden\" style=\"text-decoration: none, color:white;\" title=\"Moving by the help of a toothed wheel mechanism: ratchet.\" href=\"#3\" data-toggle=\"popover\" data-placement=\"top\" data-trigger=\"hover\" data-content=\"'rattern' \u2794  'ratchet'.\">Tipp<\/a>\r\n\r\n<div><b>wickeln:<\/b><\/div><br \/>\r\n<div class=\"form-inline\"><div class=\"row\"><div><label for=\"sel1\"><span class=\"number\">\u277a<\/span>To cover by winding and folding: <\/div>&nbsp;&nbsp; <div><select id=\"q4\" class=\"form-control\">\r\n<option value=\"wrong\"><\/option>\r\n<option value=\"wrong\"> wiggle <\/option>\r\n<option value=\"wrong\"> wick <\/option>\r\n<option value=\"correct\"> wrap <\/option>\r\n<\/select><\/label> .<\/div><\/div><\/div><br \/>\r\n\r\n<p id=\"correct4\" align=\"left\"><\/p>\r\n<a class=\"btn btn-success tipp4 hidden\" style=\"text-decoration: none, color:white;\" title=\"To cover by winding and folding: wrap.\" href=\"#4\" data-toggle=\"popover\" data-placement=\"top\" data-trigger=\"hover\" data-content=\"'wicken' \u2794  'wrap'.\">Tipp<\/a>\r\n\r\n<div><b>hebeln:<\/b><\/div><br \/>\r\n<div class=\"form-inline\"><div class=\"row\"><div><label for=\"sel1\"><span class=\"number\">\u277b<\/span>Moving something by the help of a bar: <\/div>&nbsp;&nbsp; <div><select id=\"q5\" class=\"form-control\">\r\n<option value=\"wrong\"><\/option>\r\n<option value=\"wrong\"> brag <\/option>\r\n<option value=\"wrong\"> barren <\/option>\r\n<option value=\"correct\"> lever <\/option>\r\n<\/select>.<\/label><\/div><\/div><\/div><br \/>\r\n<p id=\"correct5\" align=\"left\"><\/p>\r\n<a class=\"btn btn-success tipp5 hidden\" style=\"text-decoration: none, color:white;\" title=\"Moving something by the help of a bar: lever.\" href=\"#5\" data-toggle=\"popover\" data-placement=\"top\" data-trigger=\"hover\" data-content=\"'hebeln' \u2794  'lever'.\">Tipp<\/a>\r\n\r\n<div><b>spulen:<\/b><\/div><br \/>\r\n<div class=\"form-inline\"><div class=\"row\"><div><label for=\"sel1\"><span class=\"number\">\u277c<\/span>Placing a yarn or a rope on a spool in a circular motion: <\/div>&nbsp;&nbsp; <div><select id=\"q6\" class=\"form-control\">\r\n<option value=\"wrong\"><\/option>\r\n<option value=\"correct\"> reel <\/option>\r\n<option value=\"wrong\"> roll <\/option>\r\n<option value=\"wrong\"> rant  <\/option>\r\n<\/select> .<\/label><\/div><\/div><\/div><br \/>\r\n<p id=\"correct6\" align=\"left\"><\/p>\r\n<a class=\"btn btn-success tipp6 hidden\" style=\"text-decoration: none, color:white;\" title=\"Placing a yarn or a rope on a spool in a circular motion: reel.\" href=\"#6\" data-toggle=\"popover\" data-placement=\"top\" data-trigger=\"hover\" data-content=\"'spulen' \u2794  'reel'.\">Tipp<\/a>\r\n\r\n<div><b>treiben:<\/b><\/div><br \/>\r\n<div class=\"form-inline\"><div class=\"row\"><div><label for=\"sel1\"><span class=\"number\">\u277d<\/span>To move something forward in a straight line:  <\/div>&nbsp;&nbsp; <div><select id=\"q7\" class=\"form-control\">\r\n<option value=\"wrong\"><\/option>\r\n<option value=\"wrong\"> trip <\/option>\r\n<option value=\"wrong\"> tribe <\/option>\r\n<option value=\"correct\"> drive <\/option>\r\n<\/select> .<\/label><\/div><\/div><\/div><br \/>\r\n<p id=\"correct7\" align=\"left\"><\/p>\r\n<a class=\"btn btn-success tipp7 hidden\" style=\"text-decoration: none, color:white;\" title=\"To move something forward in a straight line: drive.\" href=\"#7\" data-toggle=\"popover\" data-placement=\"top\" data-trigger=\"hover\" data-content=\"'treiben' \u2794  'drive'.\">Tipp<\/a>\r\n\r\n<div><b>entriegeln:<\/b><\/div><br \/>\r\n<div class=\"form-inline\"><div class=\"row\"><div><label for=\"sel1\"><span class=\"number\">\u277e<\/span>To remove tension of a mechanism to open it: <\/div>&nbsp;&nbsp; <div><select id=\"q8\" class=\"form-control\">\r\n<option value=\"wrong\"><\/option>\r\n<option value=\"correct\"> release <\/option>\r\n<option value=\"wrong\"> recoil <\/option>\r\n<option value=\"wrong\"> rehearse <\/option>\r\n<\/select> .<\/label><\/div><\/div><\/div><br \/>\r\n<p id=\"correct8\" align=\"left\"><\/p>\r\n<a class=\"btn btn-success tipp8 hidden\" style=\"text-decoration: none, color:white;\" title=\"To remove tension of a mechanism to open it: release.\" href=\"#8\" data-toggle=\"popover\" data-placement=\"top\" data-trigger=\"hover\" data-content=\"'entriegeln' \u2794  'release'.\">Tipp<\/a>\r\n\r\n<div><b>zur\u00fccksto\u00dfen:<\/b><\/div><br \/>\r\n<div class=\"form-inline\"><div class=\"row\"><div><label for=\"sel1\"><span class=\"number\">\u277f<\/span>Rebound or spring back through force of impact or elasticity: <\/div>&nbsp;&nbsp; <div><select id=\"q9\" class=\"form-control\">\r\n<option value=\"wrong\"><\/option>\r\n<option value=\"wrong\"> release <\/option>\r\n<option value=\"wrong\"> return <\/option>\r\n<option value=\"correct\"> recoil <\/option>\r\n<\/select> . <\/label><\/div><\/div><\/div><br \/>\r\n<p id=\"correct9\" align=\"left\"><\/p>\r\n<a class=\"btn btn-success tipp9 hidden\" style=\"text-decoration: none, color:white;\" title=\"Rebound or spring back through force of impact or elasticity: recoil.\" href=\"#9\" data-toggle=\"popover\" data-placement=\"top\" data-trigger=\"hover\" data-content=\"'zur\u00fcckprallen' \u2794 'recoil'.\">Tipp<\/a>\r\n\r\n\r\n<\/div>\r\n<div class=\"container\">\r\n\r\n<!-- The Modal -->\r\n<div id=\"myModal\" class=\"modal\">\r\n<div class=\"modal-dialog\">\r\n<div class=\"modal-content\">\r\n\r\n<!-- Modal Header -->\r\n<div class=\"modal-header\">\r\n<h4 class=\"modal-title\">mechanische Verben &#8211; Englisch<\/h4>\r\n<button class=\"close\" type=\"button\" data-dismiss=\"modal\">\u00d7<\/button>\r\n\r\n<\/div>\r\n<!-- Modal body -->\r\n<div class=\"modal-body\"><table class=\"table table-bordered table-sm table-hover\">\r\n<thead>\r\n<tr class=\"table-danger\">\r\n<th colspan=\"2\">mechanische Verben &#8211; Englisch\/Deutsch<\/th>\r\n<\/tr>\r\n<\/thead>\r\n<tbody>\r\n\r\n<tr class=\"table-primary\">\r\n<td><b>Deutsch<\/b><\/td>\r\n<td><b>Englisch<\/b><\/td>\r\n\r\n<tr class=\"table-info\">\r\n<td><b><i class=\"text-danger\">aufziehen<\/i><\/b><\/td>\r\n<td><b><i class=\"text-danger\">wind<\/i><\/b><\/td>\r\n\r\n<\/tr>\r\n<tr class=\"table-info\">\r\n<td><b><i class=\"text-danger\">hebeln <\/i> <\/b><\/td>\r\n<td><b><i class=\"text-danger\">lever<\/i><\/b><\/td>\r\n<\/tr>\r\n<tr class=\"table-info\">\r\n<td><b><i class=\"text-danger\">rattern<\/i><\/b><\/td>\r\n<td><b><i class=\"text-danger\">ratchet<\/i><\/b><\/td>\r\n<\/tr>\r\n<tr class=\"table-info\">\r\n<td><b><i class=\"text-danger\">drive<\/i><\/b><\/td>\r\n<td><b><i class=\"text-danger\">treiben<\/i><\/b><\/td>\r\n<\/tr>\r\n<tr class=\"table-info\">\r\n<td><b><i class=\"text-danger\">wrap<\/i><\/b><\/td>\r\n<td><b><i class=\"text-danger\">wickeln<\/i><\/b><\/td>\r\n<\/tr>\r\n<tr class=\"table-info\">\r\n<td><b><i class=\"text-danger\">spulen<\/i><\/b><\/td>\r\n<td><b><i class=\"text-danger\">reel<\/i><\/b><\/td>\r\n<\/tr>\r\n<tr class=\"table-info\">\r\n<td><b><i class=\"text-danger\">entriegeln<\/i><\/b><\/td>\r\n<td><b><i class=\"text-danger\">release<\/i><\/b><\/td>\r\n<\/tr>\r\n<tr class=\"table-info\">\r\n<td><b><i class=\"text-danger\">spannen<\/i><\/b><\/td>\r\n<td><b><i class=\"text-danger\">cock<\/i><\/b><\/td>\r\n<\/tr>\r\n<tr class=\"table-info\">\r\n<td><b><i class=\"text-danger\">zur\u00fccksto\u00dfen<\/i><\/b><\/td>\r\n<td><b><i class=\"text-danger\">recoil<\/i><\/b><\/td>\r\n<\/tr>\r\n<tr class=\"table-info\">\r\n<td><b><i class=\"text-danger\">einrasten<\/i><\/b><\/td>\r\n<td><b><i class=\"text-danger\">snap<\/i><\/b><\/td>\r\n<\/tr>\r\n<\/tbody>\r\n<\/table><\/div>\r\n<!-- Modal footer -->\r\n<div class=\"modal-footer\"><button class=\"btn btn-danger\" type=\"button\" data-dismiss=\"modal\">Close<\/button><\/div>\r\n<\/div>\r\n<\/div>\r\n<\/div>\r\n<\/div>\r\n<\/div>\r\n\r\n\r\n<hr>\r\n<button id=\"submitButton\" class=\"btn-lg btn-primary \" type=\"submit\" value=\"submit\">Pr\u00fcfen<\/button><button id=\"resetButton\" class=\"btn-lg btn-success\" type=\"submit\" onclick=\"refreshPage()\">Neustart<\/button><button id=\"submitButton\" class=\"btn-lg btn-info\" type=\"submit\" value=\"submit\" data-toggle=\"modal\" data-target=\"#myModal\">Tipp<\/button>\r\n\r\n<p id=\"result\"><\/p>\r\n<p id=\"result2\"><\/p>\r\n<hr>\r\n\r\n<h3>Alle \u00dcbungen Vokabular &#8211; Werkstoffe Englisch\/Deutsch:<\/h3>\r\n\r\n<hr>\r\n\r\n<div id=\"bellows-main-85\" class=\"bellows bellows-nojs bellows-main bellows-source-menu bellows-align-full bellows-skin-vanilla bellows-type-\"><ul id=\"menu-werkstoffe\" class=\"bellows-nav\" data-bellows-config=\"main\"><li id=\"menu-item-11307\" class=\"bellows-menu-item bellows-menu-item-type-post_type bellows-menu-item-object-page bellows-menu-item-11307 bellows-item-level-0\"><a  href=\"https:\/\/english-munich.de\/training\/verbindungselemente-englisch\/\" class=\"bellows-target\"><span class=\"bellows-target-title bellows-target-text\">\u2611\ufe0fVerbindungselemente<\/span><\/a><\/li>\n<li id=\"menu-item-11318\" class=\"bellows-menu-item bellows-menu-item-type-post_type bellows-menu-item-object-page bellows-menu-item-11318 bellows-item-level-0\"><a  href=\"https:\/\/english-munich.de\/training\/werkstoffe-englisch\/\" class=\"bellows-target\"><span class=\"bellows-target-title bellows-target-text\">\u2611\ufe0fWerkstoffe<\/span><\/a><\/li>\n<li id=\"menu-item-11358\" class=\"bellows-menu-item bellows-menu-item-type-post_type bellows-menu-item-object-page bellows-menu-item-11358 bellows-item-level-0\"><a  href=\"https:\/\/english-munich.de\/training\/werkstoffe-oberflaechenstruktur-materialbeschaffenheit-englisch\/\" class=\"bellows-target\"><span class=\"bellows-target-title bellows-target-text\">\u2611\ufe0fOberfl\u00e4chenstruktur Materialbeschaffenheit<\/span><\/a><\/li>\n<li id=\"menu-item-11331\" class=\"bellows-menu-item bellows-menu-item-type-post_type bellows-menu-item-object-page bellows-menu-item-11331 bellows-item-level-0\"><a  href=\"https:\/\/english-munich.de\/training\/englisch-fuer-ingenieure\/\" class=\"bellows-target\"><span class=\"bellows-target-title bellows-target-text\">\u2611\ufe0fVerben Materialverarbeitung<\/span><\/a><\/li>\n<li id=\"menu-item-11440\" class=\"bellows-menu-item bellows-menu-item-type-post_type bellows-menu-item-object-page bellows-menu-item-11440 bellows-item-level-0\"><a  href=\"https:\/\/english-munich.de\/training\/verben-mechanik\/\" class=\"bellows-target\"><span class=\"bellows-target-title bellows-target-text\">\u2611\ufe0fVerben Mechanik<\/span><\/a><\/li>\n<li id=\"menu-item-11441\" class=\"bellows-menu-item bellows-menu-item-type-post_type bellows-menu-item-object-page bellows-menu-item-11441 bellows-item-level-0\"><a  href=\"https:\/\/english-munich.de\/training\/physikalische-phaenomene-englisch\/\" class=\"bellows-target\"><span class=\"bellows-target-title bellows-target-text\">\u2611\ufe0fphysikalische Ph\u00e4nomene<\/span><\/a><\/li>\n<li id=\"menu-item-11564\" class=\"bellows-menu-item bellows-menu-item-type-post_type bellows-menu-item-object-page bellows-menu-item-11564 bellows-item-level-0\"><a  href=\"https:\/\/english-munich.de\/training\/vokabular-materialverschleiss-englisch\/\" class=\"bellows-target\"><span class=\"bellows-target-title bellows-target-text\">\u2611\ufe0fVokabular Materialverschlei\u00df<\/span><\/a><\/li>\n<li id=\"menu-item-11661\" class=\"bellows-menu-item bellows-menu-item-type-post_type bellows-menu-item-object-page bellows-menu-item-11661 bellows-item-level-0\"><a  href=\"https:\/\/english-munich.de\/training\/vokabular-materialeigenschaften\/\" class=\"bellows-target\"><span class=\"bellows-target-title bellows-target-text\">\u2611\ufe0fVokabular Materialeigenschaften<\/span><\/a><\/li>\n<li id=\"menu-item-11414\" class=\"bellows-menu-item bellows-menu-item-type-post_type bellows-menu-item-object-page bellows-menu-item-11414 bellows-item-level-0\"><a  href=\"https:\/\/english-munich.de\/training\/kreuzwortraetsel-materialbearbeitung\/\" class=\"bellows-target\"><span class=\"bellows-target-title bellows-target-text\">\ud83d\udd33Kreuzwortr\u00e4tsel Materialbearbeitung<\/span><\/a><\/li>\n<li id=\"menu-item-11415\" class=\"bellows-menu-item bellows-menu-item-type-post_type bellows-menu-item-object-page bellows-menu-item-11415 bellows-item-level-0\"><a  href=\"https:\/\/english-munich.de\/training\/kreuzwortraetsel-verbindungselemente\/\" class=\"bellows-target\"><span class=\"bellows-target-title bellows-target-text\">\ud83d\udd33Kreuzwortr\u00e4tsel Verbindungselemente<\/span><\/a><\/li>\n<li id=\"menu-item-11416\" class=\"bellows-menu-item bellows-menu-item-type-post_type bellows-menu-item-object-page bellows-menu-item-11416 bellows-item-level-0\"><a  href=\"https:\/\/english-munich.de\/training\/kreuzwortraetsel-werkstoffe\/\" class=\"bellows-target\"><span class=\"bellows-target-title bellows-target-text\">\ud83d\udd33Kreuzwortr\u00e4tsel Werkstoffe<\/span><\/a><\/li>\n<li id=\"menu-item-11573\" class=\"bellows-menu-item bellows-menu-item-type-post_type bellows-menu-item-object-page bellows-menu-item-11573 bellows-item-level-0\"><a  href=\"https:\/\/english-munich.de\/training\/kreuzwortraetsel-vokabular-materialverschleiss\/\" class=\"bellows-target\"><span class=\"bellows-target-title bellows-target-text\">\ud83d\udd33Kreuzwortr\u00e4tsel Materialverschlei\u00df<\/span><\/a><\/li>\n<li id=\"menu-item-11574\" class=\"bellows-menu-item bellows-menu-item-type-post_type bellows-menu-item-object-page bellows-menu-item-11574 bellows-item-level-0\"><a  href=\"https:\/\/english-munich.de\/training\/kreuzwortraetsel-vokabular-physik\/\" class=\"bellows-target\"><span class=\"bellows-target-title bellows-target-text\">\ud83d\udd33Kreuzwortr\u00e4tsel Physik<\/span><\/a><\/li>\n<li id=\"menu-item-11669\" class=\"bellows-menu-item bellows-menu-item-type-post_type bellows-menu-item-object-page bellows-menu-item-11669 bellows-item-level-0\"><a  href=\"https:\/\/english-munich.de\/training\/matching-game-vokabular-materialeigenschaften\/\" class=\"bellows-target\"><span class=\"bellows-target-title bellows-target-text\">\ud83e\udde6matching game \u2013 Vokabular Materialeigenschaften<\/span><\/a><\/li>\n<\/ul><\/div>\r\n\r\n<\/div>\r\n","protected":false},"excerpt":{"rendered":"Verben mechanische Vorg\u00e4nge &#8211; Englisch &#8211; Aufgaben \u00dcbungen &#8211; Vokabular &#8211; Verben Mechanik Beispiel kurbeln: \u24ffMoving something by help of a rotating lever: &nbsp;&nbsp; don&#8217;t did whet doesn&#8217;t did . Die richtige L\u00f6sung ist: &#8222;crank&#8220;&nbsp;&nbsp;Tipp \u2611\ufe0f W\u00e4hle die richtige Option, mit dem richtigen Verb f\u00fcr mechanische Vorg\u00e4nge. Erg\u00e4nze den Satz auf Englisch sinnvoll: spannen: \u2776To [&hellip;]","protected":false},"author":3,"featured_media":0,"parent":0,"menu_order":0,"comment_status":"closed","ping_status":"closed","template":"","meta":[],"_links":{"self":[{"href":"https:\/\/english-munich.de\/training\/wp-json\/wp\/v2\/pages\/11435"}],"collection":[{"href":"https:\/\/english-munich.de\/training\/wp-json\/wp\/v2\/pages"}],"about":[{"href":"https:\/\/english-munich.de\/training\/wp-json\/wp\/v2\/types\/page"}],"author":[{"embeddable":true,"href":"https:\/\/english-munich.de\/training\/wp-json\/wp\/v2\/users\/3"}],"replies":[{"embeddable":true,"href":"https:\/\/english-munich.de\/training\/wp-json\/wp\/v2\/comments?post=11435"}],"version-history":[{"count":2,"href":"https:\/\/english-munich.de\/training\/wp-json\/wp\/v2\/pages\/11435\/revisions"}],"predecessor-version":[{"id":11437,"href":"https:\/\/english-munich.de\/training\/wp-json\/wp\/v2\/pages\/11435\/revisions\/11437"}],"wp:attachment":[{"href":"https:\/\/english-munich.de\/training\/wp-json\/wp\/v2\/media?parent=11435"}],"curies":[{"name":"wp","href":"https:\/\/api.w.org\/{rel}","templated":true}]}}