{"id":11429,"date":"2022-04-14T12:43:13","date_gmt":"2022-04-14T12:43:13","guid":{"rendered":"https:\/\/english-munich.de\/training\/?page_id=11429"},"modified":"2022-04-14T12:43:13","modified_gmt":"2022-04-14T12:43:13","slug":"simple-past-ausnahmen-uebungen","status":"publish","type":"page","link":"https:\/\/english-munich.de\/training\/simple-past-ausnahmen-uebungen\/","title":{"rendered":"Simple Past Ausnahmen \u00dcbungen"},"content":{"rendered":"<div class=\"jumbotron text-center\">\r\n<h2>Simple Past Ausnahmen \u00dcbungen<\/h2>\r\n\u00dcbungen zum Simple Past Ausnahmen im bejahten Aussagesatz\r\n\r\n<\/div>\r\n<div class=\"bs-example\">\r\n<div class=\"accordion\" id=\"accordionExample\">\r\n<div class=\"card\">\r\n<div class=\"card-header\" id=\"headingOne\">\r\n<h2 class=\"mb-0\" style=\"color:#000\">\r\n                    <button type=\"button\" class=\"btn btn-link collapsed\" data-toggle=\"collapse\" data-target=\"#collapseOne\">Beispiel<\/button><\/h2>\r\n<\/div>\r\n<div id=\"collapseOne\" class=\"collapse\" aria-labelledby=\"headingOne\" data-parent=\"#accordionExample\">\r\n<div class=\"card-body\">\r\n<div class=\"form-inline\">\r\n<div>\r\n<b><span class=\"number\">\u24ff<\/span><\/b>John <input type=\"text\" class=\"form-control\" id=\"panel-beispiel\" disabled=\"\" value=\"wanted\"> <b><i>&nbsp;(want)&nbsp;<\/i><\/b>to go out yesterday.\r\n<\/div><div>\r\nDie richtige L\u00f6sung ist: <i>wanted<\/i>&nbsp;&nbsp;<button class=\"btn-lg btn-info\" type=\"button\" value=\"submit\" data-toggle=\"modal\" data-target=\"#myModal\">Tipp<\/button>\r\n<\/div>\r\n<\/div>\r\n<\/div>\r\n<\/div>\r\n<\/div>\r\n<\/div>\r\n<br \/><br \/>\r\n<div class=\"container well\">\r\n<h4>\u270d\ufe0f F\u00fclle die Verben in Klammern in der richtigen Form des <i>Simple Past (1.Vergangenheit)<\/i> in die L\u00fccken:<\/h4>\r\n\r\n<hr>\r\n\r\n<br \/>\r\n<div class=\"container\">\r\n<b><span class=\"number\">\u2776<\/span><\/b>Johnny<input type=\"text\" class=\"form-control\" id=\"q0\" autocomplete=\"off\"><b><i> (try)<\/i><\/b> to ice-skate.\r\n<div class=\"row\">\r\n<div>\r\n<p id=\"correct0\" align=\"left\"><\/p>\r\n\r\n<\/div>\r\n<div>\r\n<a button=\"\" class=\"btn btn-success tipp0 hidden\" href=\"#1\" title=\"Johnny tried to ice-skate.\" data-toggle=\"popover\" data-placement=\"top\" data-trigger=\"hover\" style=\"text-decoration: none; color:white;\" data-content=\"Das Verb 'try' endet mit 'y'. Der Buchstabe vor dem 'y' ist ein Konsonant. Aus diesem Grund wird das 'y' zu einem 'ie'. 'try' \u2794 'tried'!\">Tipp<\/a><\/div>\r\n<\/div>\r\n<b><span class=\"number\">\u2777<\/span><\/b>We  <input type=\"text\" class=\"form-control\" id=\"q1\" autocomplete=\"off\"><b><i>(cram)<\/i><\/b> for the exam all night.\r\n<div class=\"row\">\r\n<div>\r\n<p id=\"correct1\" align=\"left\"><\/p>\r\n\r\n<\/div>\r\n<div>\r\n<a button=\"\" class=\"btn btn-success tipp1 hidden\" href=\"#2\" title=\"We crammed for the exam all night.\" data-toggle=\"popover\" data-placement=\"top\" data-trigger=\"hover\" style=\"text-decoration: none; color:white;\" data-content=\"Das Verb 'cram' wird kurz ausgesprochen. Der Buchstabe vor dem Endkonsonanten ist ein Selbstlaut. Aus diesem Grund wird der Endkonsonant verdoppelt. 'cram' \u2794 'crammed'! \u00dcbrigens: 'To cram' bedeutet auf Deutsch 'b\u00fcffeln'.\">Tipp<\/a><\/div>\r\n<\/div>\r\n<b><span class=\"number\">\u2778<\/span><\/b>Sarah <input type=\"text\" class=\"form-control\" id=\"q2\" autocomplete=\"off\"><b><i>(play)<\/i><\/b> football yesterday.\r\n<div class=\"row\">\r\n<div>\r\n<p id=\"correct2\" align=\"left\"><\/p>\r\n\r\n<\/div>\r\n<div>\r\n<a button=\"\" class=\"btn btn-success tipp2 hidden\" align=\"left\" aria-hidden=\"true\" href=\"#3\" title=\"Sarah played football yesterday.\" data-toggle=\"popover\" data-placement=\"top\" data-trigger=\"hover\" style=\"text-decoration: none, color:white\" data-content=\"Das Verb 'play' endet auf '-y'. Jedoch ist der vorletzte Buchstabe ein Vokal. Deswegen bleibt das '-y' am Wortende erhalten.\">Tipp<\/a><\/div>\r\n<\/div>\r\n<span class=\"number\">\u2779<\/span>She <input type=\"text\" class=\"form-control\" id=\"q3\" autocomplete=\"off\"><b><i>(use)<\/i><\/b> her new computer one hour ago.\r\n<div class=\"row\">\r\n<div>\r\n<p id=\"correct3\" align=\"left\"><\/p>\r\n\r\n<\/div>\r\n<div>\r\n<a button=\"\" class=\"btn btn-success tipp3 hidden\" aria-hidden=\"true\" href=\"#4\" title=\"She used her new computer one hour ago.\" data-toggle=\"popover\" data-placement=\"top\" data-trigger=\"hover\" style=\"text-decoration: none, color:white\" data-content=\"Das Verb 'use' ist unregelm\u00e4\u00dfig, das finale 'e' verschwindet, bevor die Endung '-ed', angeh\u00e4ngt werden kann! 'One hour ago' ist ein klassisches Signalwort f\u00fcr das Simple Past!\">Tipp<\/a><\/div>\r\n<\/div>\r\n<b><span class=\"number\">\u277a<\/span><\/b>We <input type=\"text\" class=\"form-control\" id=\"q4\" autocomplete=\"off\"><b><i>(be)<\/i><\/b> in Spain last summer.\r\n<div class=\"row\">\r\n<div>\r\n<p id=\"correct4\" align=\"left\"><\/p>\r\n\r\n<\/div>\r\n<div>\r\n<a button=\"\" class=\"btn btn-success tipp4 hidden\" aria-hidden=\"true\" href=\"#5\" title=\"We were in Spain last summer.\" data-toggle=\"popover\" data-placement=\"top\" data-trigger=\"hover\" style=\"text-decoration: none, color:white\" data-content=\"Vorsicht: Das Verb 'be' ist im Simple Past komplett unregelm\u00e4\u00dfig: I was, you were, he\/she\/it was, we\/you\/they were!\">Tipp<\/a><\/div>\r\n<\/div>\r\n<b><span class=\"number\">\u277b<\/span><\/b>He <input type=\"text\" class=\"form-control\" id=\"q5\" autocomplete=\"off\"><b><i>(plan)<\/i><\/b> to go to Rome.\r\n<div class=\"row\">\r\n<div>\r\n<p id=\"correct5\" align=\"left\"><\/p>\r\n\r\n<\/div>\r\n<div>\r\n<a button=\"\" class=\"btn btn-success tipp5 hidden\" aria-hidden=\"true\" href=\"#6\" title=\"He planned to go to Rome.\" data-toggle=\"popover\" data-placement=\"top\" data-trigger=\"hover\" style=\"text-decoration: none, color:white\" data-content=\"Das Verb 'plan' wird kurz ausgesprochen. Der Buchstabe vor dem Endkonsonanten ist ein Selbstlaut. Aus diesem Grund wird der Endkonsonant verdoppelt. 'plan' \u2794 'planned'!\">Tipp<\/a><\/div>\r\n<\/div>\r\n<b><span class=\"number\">\u277c<\/span><\/b>Bill  <input type=\"text\" class=\"form-control\" id=\"q6\" autocomplete=\"off\"><b><i>(hurry)<\/i><\/b> home to watch the game.\r\n<div class=\"row\">\r\n<div>\r\n<p id=\"correct6\" align=\"left\"><\/p>\r\n\r\n<\/div>\r\n<div>\r\n<a button=\"\" class=\"btn btn-success tipp6 hidden\" aria-hidden=\"true\" href=\"#7\" title=\"Bill hurried home to watch the game.\" data-toggle=\"popover\" data-placement=\"top\" data-trigger=\"hover\" style=\"text-decoration: none, color:white\" data-content=\"Das Verb 'hurry' endet mit 'y'. Der Buchstabe vor dem 'y' ist ein Konsonant. Aus diesem Grund wird das 'y' zu einem 'ie'. 'hurry' \u2794 'hurried'!\">Tipp<\/a><\/div>\r\n<\/div>\r\n<b><span class=\"number\">\u277d<\/span><\/b>Boris  <input type=\"text\" class=\"form-control\" id=\"q7\" autocomplete=\"off\"><b><i>(stay)<\/i><\/b> in Las Vegas last summer.\r\n<div class=\"row\">\r\n<div>\r\n<p id=\"correct7\" align=\"left\"><\/p>\r\n\r\n<\/div>\r\n<div>\r\n<a button=\"\" class=\"btn btn-success tipp7 hidden\" href=\"#8\" title=\"Boris stayed in Las Vegas last summer.\" data-toggle=\"popover\" data-placement=\"top\" data-trigger=\"hover\" style=\"text-decoration: none, color:white\" data-content=\"Das Verb 'play' endet auf '-y'. Jedoch ist der vorletzte Buchstabe ein Vokal. Deswegen bleibt das '-y' am Wortende erhalten. 'Stay' \u2794 'stayed'. \">Tipp<\/a><\/div>\r\n<\/div>\r\n<b><span class=\"number\">\u277e<\/span><\/b>I <input type=\"text\" class=\"form-control\" id=\"q8\" autocomplete=\"off\"><b><i>(arrvive)<\/i><\/b> just before the meeting started .\r\n<div class=\"row\">\r\n<div>\r\n<p id=\"correct8\" align=\"left\"><\/p>\r\n\r\n<\/div>\r\n<div>\r\n<a button=\"\" class=\"btn btn-success tipp8 hidden\" href=\"#9\" title=\"I arrived just before the meeting started.\" data-toggle=\"popover\" data-placement=\"top\" data-trigger=\"hover\" style=\"text-decoration: none, color:white\" data-content=\"Das Verb 'arrive' ist unregelm\u00e4\u00dfig, das finale 'e' verschwindet, bevor die Endung '-ed', angeh\u00e4ngt werden kann! Au\u00dferdem ist 'just before' klassisches Signalwort f\u00fcr das Simple Past!\">Tipp<\/a><\/div>\r\n<\/div>\r\n<b><span class=\"number\">\u277f<\/span><\/b>Karen <input type=\"text\" class=\"form-control\" id=\"q9\" autocomplete=\"off\"><b><i>(slip)<\/i><\/b> in the bathroom last night.\r\n<div class=\"row\">\r\n<div>\r\n<p id=\"correct9\" align=\"left\"><\/p>\r\n\r\n<\/div>\r\n<div>\r\n<a button=\"\" class=\"btn btn-success tipp9 hidden\" href=\"#10\" title=\"Karen slipped in the bathroom last night.\" data-toggle=\"popover\" data-placement=\"top\" data-trigger=\"hover\" style=\"text-decoration: none, color:white\" data-content=\"Das Verb 'slip' wird kurz ausgesprochen. Der Buchstabe vor dem Endkonsonanten ist ein Selbstlaut. Aus diesem Grund wird der Endkonsonant verdoppelt. 'Slip' \u2794 'slipped'!\">Tipp<\/a><\/div>\r\n<\/div>\r\n<!-- The Modal -->\r\n<div id=\"myModal\" class=\"modal\">\r\n<div class=\"modal-dialog\">\r\n<div class=\"modal-content\">\r\n\r\n<!-- Modal Header -->\r\n<div class=\"modal-header\">\r\n<h4 class=\"modal-title\">Simple Past<\/h4>\r\n<button class=\"close\" type=\"button\" data-dismiss=\"modal\">\u00d7<\/button>\r\n\r\n<\/div>\r\n<!-- Modal body -->\r\n<div class=\"modal-body\">Imperfekt \u00dcbungen &#8211; <a href=\"https:\/\/de.wikipedia.org\/wiki\/Englische_Sprache\">Englisch<\/a> online lernen.<img decoding=\"async\" class=\"img-responsive img-rounded\" title=\"Simple Past\" src=\"https:\/\/english-munich.de\/training\/wp-content\/uploads\/2020\/05\/simple-past-regular.jpg\" loading=\"lazy\" alt=\"Simple Past Ausnahmen \u00dcbungen\"><div><br \/>Das Simple Past stellt mit seiner Bildung in der regul\u00e4ren Ausf\u00fchrung den\/die Lernenden vor keine gr\u00f6\u00dferen Schwierigkeiten. Man  muss nur ein &#8218;-ed&#8216; an das Wortende des Verbs im Infinitiv anf\u00fcgen. Endet ein Verb auf -y und der vorletzte Buchstabe ist ein Mitlaut, wird aus dem &#8218;-y&#8216; ein &#8218;-ied&#8216;. Zum Beispiel: hurry \u2794 hurried. Ist der vorletzte Buchstabe ein Selbstlaut, bleibt das -y erhalten. Zum Beispiel: stay \u2794 stayed. Ist der vorletzte Buchstabe eines Verbs ein Mitlaut, und wird kurz ausgesprochen, wird der Endmitlaut verdoppelt. Zum Beispiel: cram \u2794 crammed. Endet ein Zeitwort auf &#8218;-e&#8216;, wird es in Verbindung mit der Endung nicht verdoppelt. zum Beispiel: live \u2794 lived. In der Negation wird das Hauptverb mit dem Simple Past von &#8218;do&#8216; umgangen. Zum Beispiel: I didn&#8217;t eat it oder he didn&#8217;t do it. Dabei bleibt das Hilfsverb bei allen grammatikalischen Formen gleich. Das gleiche Schema wird ebenso in der Frage genutzt. Zum Beispiel: Did you walk to the office last week?<\/div><\/div>\r\n<!-- Modal footer -->\r\n<div class=\"modal-footer\"><button class=\"btn btn-danger\" type=\"button\" data-dismiss=\"modal\">Close<\/button><\/div>\r\n<\/div>\r\n<\/div>\r\n<\/div>\r\n<\/div>\r\n<\/div>\r\n<div class=\"container\">\r\n\r\n<hr>\r\n\r\n<button id=\"submitButton\" class=\"btn-lg btn-primary \" type=\"submit\" value=\"submit\">Pr\u00fcfen<\/button><button id=\"resetButton\" class=\"btn-lg btn-success\" type=\"submit\" onclick=\"refreshPage()\">Neustart<\/button><button id=\"submitButton\" class=\"btn-lg btn-info\" type=\"button\" value=\"submit\" data-toggle=\"modal\" data-target=\"#myModal\">Tipp<\/button>\r\n\r\n<hr>\r\n\r\n\r\n\r\n<p id=\"result\"><\/p>\r\n<p id=\"result2\"><\/p>\r\n<h3>Alle \u00dcbungen im Simple Past<\/h3>\r\n<hr>\r\n<div id=\"bellows-main-15\" class=\"bellows bellows-nojs bellows-main bellows-source-menu bellows-align-full bellows-skin-vanilla bellows-type-\"><ul id=\"menu-simple-past\" class=\"bellows-nav\" data-bellows-config=\"main\"><li id=\"menu-item-3681\" class=\"bellows-menu-item bellows-menu-item-type-post_type bellows-menu-item-object-page bellows-menu-item-3681 bellows-item-level-0\"><a  href=\"https:\/\/english-munich.de\/training\/simple-past-aussagesatz-bejaht\/\" class=\"bellows-target\"><span class=\"bellows-target-title bellows-target-text\">\u270d\ufe0fSimple Past \u2013 bejaht<\/span><\/a><\/li>\n<li id=\"menu-item-3686\" class=\"bellows-menu-item bellows-menu-item-type-post_type bellows-menu-item-object-page bellows-menu-item-3686 bellows-item-level-0\"><a  href=\"https:\/\/english-munich.de\/training\/simple-past-verneinung\/\" class=\"bellows-target\"><span class=\"bellows-target-title bellows-target-text\">\u2611\ufe0fSimple Past Verneinung<\/span><\/a><\/li>\n<li id=\"menu-item-3683\" class=\"bellows-menu-item bellows-menu-item-type-post_type bellows-menu-item-object-page bellows-menu-item-3683 bellows-item-level-0\"><a  href=\"https:\/\/english-munich.de\/training\/simple-past-frage\/\" class=\"bellows-target\"><span class=\"bellows-target-title bellows-target-text\">\u270d\ufe0fSimple Past Frage<\/span><\/a><\/li>\n<li id=\"menu-item-3684\" class=\"bellows-menu-item bellows-menu-item-type-post_type bellows-menu-item-object-page bellows-menu-item-3684 bellows-item-level-0\"><a  href=\"https:\/\/english-munich.de\/training\/simple-past-gemischt\/\" class=\"bellows-target\"><span class=\"bellows-target-title bellows-target-text\">\ud83d\uddb1\ufe0fSimple Past gemischt<\/span><\/a><\/li>\n<li id=\"menu-item-11423\" class=\"bellows-menu-item bellows-menu-item-type-post_type bellows-menu-item-object-page bellows-menu-item-11423 bellows-item-level-0\"><a  href=\"https:\/\/english-munich.de\/training\/be-simple-past-uebungen\/\" class=\"bellows-target\"><span class=\"bellows-target-title bellows-target-text\">\u2611\ufe0fbe Simple Past \u00dcbungen<\/span><\/a><\/li>\n<li id=\"menu-item-11431\" class=\"bellows-menu-item bellows-menu-item-type-post_type bellows-menu-item-object-page bellows-menu-item-11431 bellows-item-level-0\"><a  href=\"https:\/\/english-munich.de\/training\/simple-past-ausnahmen-uebungen\/\" class=\"bellows-target\"><span class=\"bellows-target-title bellows-target-text\">\u270d\ufe0fSimple Past Ausnahmen<\/span><\/a><\/li>\n<li id=\"menu-item-3685\" class=\"bellows-menu-item bellows-menu-item-type-post_type bellows-menu-item-object-page bellows-menu-item-3685 bellows-item-level-0\"><a  href=\"https:\/\/english-munich.de\/training\/simple-past-unregelmasige-verben\/\" class=\"bellows-target\"><span class=\"bellows-target-title bellows-target-text\">\u270d\ufe0fSimple Past unregelm\u00e4\u00dfig<\/span><\/a><\/li>\n<\/ul><\/div>\r\n<\/div>\r\n<\/div>","protected":false},"excerpt":{"rendered":"Simple Past Ausnahmen \u00dcbungen \u00dcbungen zum Simple Past Ausnahmen im bejahten Aussagesatz Beispiel \u24ffJohn &nbsp;(want)&nbsp;to go out yesterday. Die richtige L\u00f6sung ist: wanted&nbsp;&nbsp;Tipp \u270d\ufe0f F\u00fclle die Verben in Klammern in der richtigen Form des Simple Past (1.Vergangenheit) in die L\u00fccken: \u2776Johnny (try) to ice-skate. Tipp \u2777We (cram) for the exam all night. Tipp \u2778Sarah (play) [&hellip;]","protected":false},"author":3,"featured_media":0,"parent":0,"menu_order":0,"comment_status":"closed","ping_status":"closed","template":"","meta":[],"_links":{"self":[{"href":"https:\/\/english-munich.de\/training\/wp-json\/wp\/v2\/pages\/11429"}],"collection":[{"href":"https:\/\/english-munich.de\/training\/wp-json\/wp\/v2\/pages"}],"about":[{"href":"https:\/\/english-munich.de\/training\/wp-json\/wp\/v2\/types\/page"}],"author":[{"embeddable":true,"href":"https:\/\/english-munich.de\/training\/wp-json\/wp\/v2\/users\/3"}],"replies":[{"embeddable":true,"href":"https:\/\/english-munich.de\/training\/wp-json\/wp\/v2\/comments?post=11429"}],"version-history":[{"count":1,"href":"https:\/\/english-munich.de\/training\/wp-json\/wp\/v2\/pages\/11429\/revisions"}],"predecessor-version":[{"id":11430,"href":"https:\/\/english-munich.de\/training\/wp-json\/wp\/v2\/pages\/11429\/revisions\/11430"}],"wp:attachment":[{"href":"https:\/\/english-munich.de\/training\/wp-json\/wp\/v2\/media?parent=11429"}],"curies":[{"name":"wp","href":"https:\/\/api.w.org\/{rel}","templated":true}]}}