{"id":11096,"date":"2022-03-16T10:18:52","date_gmt":"2022-03-16T10:18:52","guid":{"rendered":"https:\/\/english-munich.de\/training\/?page_id=11096"},"modified":"2022-03-16T10:18:52","modified_gmt":"2022-03-16T10:18:52","slug":"simple-present-present-progressive-unterschied-2","status":"publish","type":"page","link":"https:\/\/english-munich.de\/training\/simple-present-present-progressive-unterschied-2\/","title":{"rendered":"Simple Present \/ Present Progressive Unterschied"},"content":{"rendered":"<div class=\"jumbotron text-center\">\r\n<h2>Simple Present \/ Present Progressive Aufgaben<\/h2>\r\n\u00dcbungen zum Unterschied von Simple Present und Present Progressive (-ing Form)\r\n\r\n<\/div>\r\n<div class=\"bs-example\">\r\n<div class=\"accordion\" id=\"accordionExample\">\r\n<div class=\"card\">\r\n<div class=\"card-header\" id=\"headingOne\">\r\n<h2 class=\"mb-0\" style=\"color:#000\">\r\n                    <button type=\"button\" class=\"btn btn-link collapsed\" data-toggle=\"collapse\" data-target=\"#collapseOne\">Beispiel<\/button><\/h2>\r\n<\/div>\r\n<div id=\"collapseOne\" class=\"collapse\" aria-labelledby=\"headingOne\" data-parent=\"#accordionExample\">\r\n<div class=\"card-body\">\r\n<div class=\"form-inline\">\r\n<div>\r\n<b><span class=\"number\">\u24ff<\/span><\/b>John <input type=\"text\" class=\"form-control\" id=\"panel-beispiel\" disabled=\"\" value=\"wants\"> <b><i>&nbsp;(want)&nbsp;<\/i><\/b>to be president one day.\r\n<\/div><div>\r\nDie richtige L\u00f6sung ist: <i>wants&nbsp;&nbsp;<button class=\"btn-lg btn-info\" type=\"button\" data-toggle=\"modal\" data-target=\"#myModal\">Tipp<\/button><\/i>\r\n<\/div>\r\n<\/div>\r\n<\/div>\r\n<\/div>\r\n<\/div>\r\n<\/div>\r\n<br \/><br \/>\r\n<div class=\"container well\">\r\n<h4>\u270d\ufe0f F\u00fclle die Verben in Klammern in der richtigen Form des <i>simple present (einfache Gegenwart) bzw. present progressive (-ing Form)<\/i> in die L\u00fccken (achte auf die Signalw\u00f6rter):<\/h4>\r\n\r\n<hr>\r\n\r\n<br \/>\r\n<div class=\"container\">\r\n<b><span class=\"number\">\u2776<\/span><\/b>Mr. Smith often <input type=\"text\" class=\"form-control\" id=\"q0\" autocomplete=\"off\"><b><i>  (go)<\/i><\/b> for a walk.\r\n<div class=\"row\">\r\n<div>\r\n<p id=\"correct0\" align=\"left\"><\/p>\r\n\r\n<\/div>\r\n<div>\r\n<a button=\"\" class=\"btn btn-success tipp0 hidden\" href=\"#1\" title=\"Mr. Smith often goes for a walk.\" data-toggle=\"popover\" data-placement=\"top\" data-trigger=\"hover\" style=\"text-decoration: none; color:white;\" data-content=\"Die richtige Anwort ist 'goes', weil Mr.Smith regelm\u00e4\u00dfig spazierengeht. Au\u00dferdem ist 'often' ein typisches Signalwort f\u00fcr das 'Simple Present' (einfache Gegenwart).\">Tipp<\/a><\/div>\r\n<\/div>\r\n<b><span class=\"number\">\u2777<\/span><\/b>The manager <input type=\"text\" class=\"form-control\" id=\"q1\" autocomplete=\"off\"><b><i>(come)<\/i><\/b> as we speak.\r\n<div class=\"row\">\r\n<div>\r\n<p id=\"correct1\" align=\"left\"><\/p>\r\n\r\n<\/div>\r\n<div>\r\n<a button=\"\" class=\"btn btn-success tipp1 hidden\" href=\"#2\" title=\"The manager is coming as we speak.\" data-toggle=\"popover\" data-placement=\"top\" data-trigger=\"hover\" style=\"text-decoration: none; color:white;\" data-content=\"Die richtige Anwort ist 'is coming', 'as we speak' bedeutet, dass der Gesch\u00e4ftsf\u00fchrer gerade im Moment des Gespr\u00e4chs ankommt, deswegen 'Present Progressive'.\">Tipp<\/a><\/div>\r\n<\/div>\r\n<b><span class=\"number\">\u2778<\/span><\/b>I sometimes <input type=\"text\" class=\"form-control\" id=\"q2\" autocomplete=\"off\"><b><i>(drink)<\/i><\/b> milk for breakfast.\r\n<div class=\"row\">\r\n<div>\r\n<p id=\"correct2\" align=\"left\"><\/p>\r\n\r\n<\/div>\r\n<div>\r\n<a button=\"\" class=\"btn btn-success tipp2 hidden\" align=\"left\" aria-hidden=\"true\" href=\"#3\" title=\"I sometimes drink milk for breakfast.\" data-toggle=\"popover\" data-placement=\"top\" data-trigger=\"hover\" style=\"text-decoration: none, color:white\" data-content=\"Die richtige Anwort ist 'drink', 'sometimes' bedeutet, dass ich 'manchmal' also regelm\u00e4\u00dfig Milch zum Fr\u00fchst\u00fcck trinke. Deswegen 'Simple Present'.\">Tipp<\/a><\/div>\r\n<\/div>\r\n<span class=\"number\">\u2779<\/span>We <input type=\"text\" class=\"form-control\" id=\"q3\" autocomplete=\"off\"><b><i>(wear)<\/i><\/b> our best clothes today.\r\n<div class=\"row\">\r\n<div>\r\n<p id=\"correct3\" align=\"left\"><\/p>\r\n\r\n<\/div>\r\n<div>\r\n<a button=\"\" class=\"btn btn-success tipp3 hidden\" aria-hidden=\"true\" href=\"#4\" title=\"We are wearing our best clothes today.\" data-toggle=\"popover\" data-placement=\"top\" data-trigger=\"hover\" style=\"text-decoration: none, color:white\" data-content=\"Die richtige Anwort ist 'are wearing', 'today' bedeutet, dass wir nur 'heute' also ausnahmsweise unsere besten Kleider anhaben. Deswegen 'Present Progressive'.\">Tipp<\/a><\/div>\r\n<\/div>\r\n<b><span class=\"number\">\u277a<\/span><\/b>They <input type=\"text\" class=\"form-control\" id=\"q4\" autocomplete=\"off\"><b><i>(help)<\/i><\/b> their neighbors at the moment.\r\n<div class=\"row\">\r\n<div>\r\n<p id=\"correct4\" align=\"left\"><\/p>\r\n\r\n<\/div>\r\n<div>\r\n<a button=\"\" class=\"btn btn-success tipp4 hidden\" aria-hidden=\"true\" href=\"#5\" title=\"They are helping their neighbors at the moment\" data-toggle=\"popover\" data-placement=\"top\" data-trigger=\"hover\" style=\"text-decoration: none, color:white\" data-content=\"Die richtige Anwort ist 'are helping', 'at the moment' bedeutet, dass die den Nachbarn jetzt gerade helfen. Deswegen 'Present Progressive'.\">Tipp<\/a><\/div>\r\n<\/div>\r\n<b><span class=\"number\">\u277b<\/span><\/b>He never <input type=\"text\" class=\"form-control\" id=\"q5\" autocomplete=\"off\"><b><i>(clean)<\/i><\/b> up his room.\r\n<div class=\"row\">\r\n<div>\r\n<p id=\"correct5\" align=\"left\"><\/p>\r\n\r\n<\/div>\r\n<div>\r\n<a button=\"\" class=\"btn btn-success tipp5 hidden\" aria-hidden=\"true\" href=\"#6\" title=\"He never cleans up his room.\" data-toggle=\"popover\" data-placement=\"top\" data-trigger=\"hover\" style=\"text-decoration: none, color:white\" data-content=\"Die richtige Anwort ist 'cleans', 'never' bedeutet, dass er regelm\u00e4\u00dfig, also nie sein Zimmer aufr\u00e4umt. Deswegen 'Simple Present'\">Tipp<\/a><\/div>\r\n<\/div>\r\n<b><span class=\"number\">\u277c<\/span><\/b>At present we <input type=\"text\" class=\"form-control\" id=\"q6\" autocomplete=\"off\"><b><i>(think)<\/i><\/b> of leaving Munich.\r\n<div class=\"row\">\r\n<div>\r\n<p id=\"correct6\" align=\"left\"><\/p>\r\n\r\n<\/div>\r\n<div>\r\n<a button=\"\" class=\"btn btn-success tipp6 hidden\" aria-hidden=\"true\" href=\"#7\" title=\"At present we are thinking of leaving Munich.\" data-toggle=\"popover\" data-placement=\"top\" data-trigger=\"hover\" style=\"text-decoration: none, color:white\" data-content=\"Die richtige Anwort ist 'are thinking', 'at present' bedeutet, dass wir gerade in diesem Moment dar\u00fcber nachdenken. Deshalb 'Present Continous\/Progressive'.\">Tipp<\/a><\/div>\r\n<\/div>\r\n<b><span class=\"number\">\u277d<\/span><\/b>Bellinda usually <input type=\"text\" class=\"form-control\" id=\"q7\" autocomplete=\"off\"><b><i>(come)<\/i><\/b> late to her appointments.\r\n<div class=\"row\">\r\n<div>\r\n<p id=\"correct7\" align=\"left\"><\/p>\r\n\r\n<\/div>\r\n<div>\r\n<a button=\"\" class=\"btn btn-success tipp7 hidden\" href=\"#8\" title=\"Bellinda usually comes late to her appointments.\" data-toggle=\"popover\" data-placement=\"top\" data-trigger=\"hover\" style=\"text-decoration: none, color:white\" data-content=\"Die richtige Anwort ist 'comes', 'usually' bedeutet, dass sie regelm\u00e4\u00dfig zu sp\u00e4t zu ihren Verabredungen kommt. Deswegen 'Simple Present'.\">Tipp<\/a><\/div>\r\n<\/div>\r\n<b><span class=\"number\">\u277e<\/span><\/b>I seldom  <input type=\"text\" class=\"form-control\" id=\"q8\" autocomplete=\"off\"><b><i>(believe)<\/i><\/b> what I hear on the news.\r\n<div class=\"row\">\r\n<div>\r\n<p id=\"correct8\" align=\"left\"><\/p>\r\n\r\n<\/div>\r\n<div>\r\n<a button=\"\" class=\"btn btn-success tipp8 hidden\" href=\"#9\" title=\"I seldom believe what I hear on the news.\" data-toggle=\"popover\" data-placement=\"top\" data-trigger=\"hover\" style=\"text-decoration: none, color:white\" data-content=\"Die richtige Anwort ist 'believe', 'seldom' bedeutet, dass ich regelm\u00e4\u00dfig also selten, glaube, was ich in den Nachrichten h\u00f6re. Deswegen 'Simple Present'.\">Tipp<\/a><\/div>\r\n<\/div>\r\n<b><span class=\"number\">\u277f<\/span><\/b>Karen <input type=\"text\" class=\"form-control\" id=\"q9\" autocomplete=\"off\"><b><i>(go)<\/i><\/b> to the disco tonight.\r\n<div class=\"row\">\r\n<div>\r\n<p id=\"correct9\" align=\"left\"><\/p>\r\n\r\n<\/div>\r\n<div>\r\n<a button=\"\" class=\"btn btn-success tipp9 hidden\" href=\"#10\" title=\"Karen is going to the disco tonight.\" data-toggle=\"popover\" data-placement=\"top\" data-trigger=\"hover\" style=\"text-decoration: none, color:white\" data-content=\"Die richtige Anwort ist 'is going', 'tonight' bedeutet, dass sie nur heute nacht, also ausnahmesweise in die Disco geht. 'Tonight' ist der typischen Signalw\u00f6rter f\u00fcr das 'Present Progressive\/Continous'.\">Tipp<\/a><\/div>\r\n<\/div>\r\n<!-- The Modal -->\r\n<div id=\"myModal\" class=\"modal\">\r\n<div class=\"modal-dialog\">\r\n<div class=\"modal-content\">\r\n\r\n<!-- Modal Header -->\r\n<div class=\"modal-header\">\r\n<h4 class=\"modal-title\">Simple Present \/ Present Progressive Unterschied<\/h4>\r\n<button class=\"close\" type=\"button\" data-dismiss=\"modal\">\u00d7<\/button>\r\n\r\n<\/div>\r\n<!-- Modal body -->\r\n<div class=\"modal-body\"><h2>Gebrauch Simple Present<\/h2>\r\nDas Simple Present wird benutzt, wenn eine Aktion gewohnheitsm\u00e4\u00dfig und mehr als einmal in der Gegenwart(Pr\u00e4sens) stattfindet.\r\n<h2>Signalw\u00f6rter<\/h2>\r\n<table class=\"table table-bordered table-sm\">\r\n<tbody>\r\n<tr class=\"table-danger\">\r\n<td>\r\n<b>Signalw\u00f6rter Simple Present<\/b><\/td>\r\n<\/tr>\r\n<tr class=\"table-success\">\r\n<td>\r\n<b><i>sometimes, never, usually, always, every day, often, mostly<\/i><\/b><\/td>\r\n<\/tr>\r\n<\/tbody>\r\n<\/table>\r\n<h2>Present Progressive Gebrauch<\/h2>\r\nDas Present Progressive wird verwendet, wenn eine Handlung gerade im Moment oder vorr\u00fcbergehend stattfindet.\r\n<h2>Signalw\u00f6rter<\/h2>\r\n<table class=\"table table-bordered table-sm\">\r\n<tbody>\r\n<tr class=\"table-danger\">\r\n<td>\r\n<b>Signalw\u00f6rter Present Progressive<\/b><\/td>\r\n<\/tr>\r\n<tr class=\"table-success\">\r\n<td>\r\n<b><i> now, at the moment, just, today, this week, this year<\/i><\/b><\/td>\r\n<\/tr>\r\n<\/tbody>\r\n<\/table><\/div>\r\n<!-- Modal footer -->\r\n<div class=\"modal-footer\"><button class=\"btn btn-danger\" type=\"button\" data-dismiss=\"modal\">Close<\/button><\/div>\r\n<\/div>\r\n<\/div>\r\n<\/div>\r\n<\/div>\r\n<\/div>\r\n<div class=\"container\">\r\n\r\n<hr>\r\n\r\n<button id=\"submitButton\" class=\"btn-lg btn-primary \" type=\"submit\" value=\"submit\">Pr\u00fcfen<\/button><button id=\"resetButton\" class=\"btn-lg btn-success\" type=\"submit\" onclick=\"refreshPage()\">Neustart<\/button><button id=\"submitButton\" class=\"btn-lg btn-info\" type=\"button\" value=\"submit\" data-toggle=\"modal\" data-target=\"#myModal\">Tipp<\/button>\r\n\r\n<hr>\r\n\r\n\r\n<p id=\"result\"><\/p>\r\n<p id=\"result2\"><\/p>\r\n<hr>\r\n<h3>Alle \u00dcbungen Unterschied Simple Present \/ Progressive<\/h3>\r\n<div id=\"bellows-main-19\" class=\"bellows bellows-nojs bellows-main bellows-source-menu bellows-align-full bellows-skin-vanilla bellows-type-\"><ul id=\"menu-present-simple-continous\" class=\"bellows-nav\" data-bellows-config=\"main\"><li id=\"menu-item-3818\" class=\"bellows-menu-item bellows-menu-item-type-post_type bellows-menu-item-object-page bellows-menu-item-3818 bellows-item-level-0\"><a  href=\"https:\/\/english-munich.de\/training\/simple-present-present-progressive-signalworter\/\" class=\"bellows-target\"><span class=\"bellows-target-title bellows-target-text\">\u2611\ufe0fSimple Present \/ Present Progressive Signalw\u00f6rter<\/span><\/a><\/li>\n<li id=\"menu-item-3816\" class=\"bellows-menu-item bellows-menu-item-type-post_type bellows-menu-item-object-page bellows-menu-item-3816 bellows-item-level-0\"><a  href=\"https:\/\/english-munich.de\/training\/simple-present-present-progressive-unterschied-ii\/\" class=\"bellows-target\"><span class=\"bellows-target-title bellows-target-text\">\u2611\ufe0fSimple Present  Present Progressive Unterschied<\/span><\/a><\/li>\n<li id=\"menu-item-11112\" class=\"bellows-menu-item bellows-menu-item-type-post_type bellows-menu-item-object-page bellows-menu-item-11112 bellows-item-level-0\"><a  href=\"https:\/\/english-munich.de\/training\/simple-present-present-progressive-unterschied-ii-2\/\" class=\"bellows-target\"><span class=\"bellows-target-title bellows-target-text\">\u2611\ufe0fSimple Present  Present Progressive Unterschied II<\/span><\/a><\/li>\n<li id=\"menu-item-11104\" class=\"bellows-menu-item bellows-menu-item-type-post_type bellows-menu-item-object-page bellows-menu-item-11104 bellows-item-level-0\"><a  href=\"https:\/\/english-munich.de\/training\/simple-present-present-progressive-unterschied-2\/\" class=\"bellows-target\"><span class=\"bellows-target-title bellows-target-text\">\u270d\ufe0fSimple Present \/ Present Progressive III<\/span><\/a><\/li>\n<li id=\"menu-item-3822\" class=\"bellows-menu-item bellows-menu-item-type-post_type bellows-menu-item-object-page bellows-menu-item-3822 bellows-item-level-0\"><a  href=\"https:\/\/english-munich.de\/training\/simple-present-present-progressive-unterschied\/\" class=\"bellows-target\"><span class=\"bellows-target-title bellows-target-text\">\u270d\ufe0fSimple Present \/ Present Progressive Unterschied IV<\/span><\/a><\/li>\n<li id=\"menu-item-11084\" class=\"bellows-menu-item bellows-menu-item-type-post_type bellows-menu-item-object-page bellows-menu-item-11084 bellows-item-level-0\"><a  href=\"https:\/\/english-munich.de\/training\/simple-present-present-progressive-unterschied-iii\/\" class=\"bellows-target\"><span class=\"bellows-target-title bellows-target-text\">\ud83d\uddb1\ufe0fSimple Present \/ Present Progressive V<\/span><\/a><\/li>\n<li id=\"menu-item-11093\" class=\"bellows-menu-item bellows-menu-item-type-post_type bellows-menu-item-object-page bellows-menu-item-11093 bellows-item-level-0\"><a  href=\"https:\/\/english-munich.de\/training\/simple-present-present-progressive-test\/\" class=\"bellows-target\"><span class=\"bellows-target-title bellows-target-text\">\ud83d\uddb1\ufe0fSimple Present \u2013 Present Progressive Test<\/span><\/a><\/li>\n<\/ul><\/div>\r\n<\/div>","protected":false},"excerpt":{"rendered":"Simple Present \/ Present Progressive Aufgaben \u00dcbungen zum Unterschied von Simple Present und Present Progressive (-ing Form) Beispiel \u24ffJohn &nbsp;(want)&nbsp;to be president one day. Die richtige L\u00f6sung ist: wants&nbsp;&nbsp;Tipp \u270d\ufe0f F\u00fclle die Verben in Klammern in der richtigen Form des simple present (einfache Gegenwart) bzw. present progressive (-ing Form) in die L\u00fccken (achte auf die [&hellip;]","protected":false},"author":3,"featured_media":0,"parent":0,"menu_order":0,"comment_status":"closed","ping_status":"closed","template":"","meta":[],"_links":{"self":[{"href":"https:\/\/english-munich.de\/training\/wp-json\/wp\/v2\/pages\/11096"}],"collection":[{"href":"https:\/\/english-munich.de\/training\/wp-json\/wp\/v2\/pages"}],"about":[{"href":"https:\/\/english-munich.de\/training\/wp-json\/wp\/v2\/types\/page"}],"author":[{"embeddable":true,"href":"https:\/\/english-munich.de\/training\/wp-json\/wp\/v2\/users\/3"}],"replies":[{"embeddable":true,"href":"https:\/\/english-munich.de\/training\/wp-json\/wp\/v2\/comments?post=11096"}],"version-history":[{"count":4,"href":"https:\/\/english-munich.de\/training\/wp-json\/wp\/v2\/pages\/11096\/revisions"}],"predecessor-version":[{"id":11101,"href":"https:\/\/english-munich.de\/training\/wp-json\/wp\/v2\/pages\/11096\/revisions\/11101"}],"wp:attachment":[{"href":"https:\/\/english-munich.de\/training\/wp-json\/wp\/v2\/media?parent=11096"}],"curies":[{"name":"wp","href":"https:\/\/api.w.org\/{rel}","templated":true}]}}