{"id":10116,"date":"2021-05-26T09:27:21","date_gmt":"2021-05-26T09:27:21","guid":{"rendered":"https:\/\/english-munich.de\/training\/?page_id=10116"},"modified":"2021-06-11T10:11:25","modified_gmt":"2021-06-11T10:11:25","slug":"englisch-beim-einkaufen","status":"publish","type":"page","link":"https:\/\/english-munich.de\/training\/englisch-beim-einkaufen\/","title":{"rendered":"Englisch beim Einkaufen"},"content":{"rendered":"<!-- The Modal -->\r\n<div id=\"myModal1\" class=\"modal\">\r\n<div class=\"modal-dialog\">\r\n<div class=\"modal-content\">\r\n\r\n<!-- Modal Header -->\r\n<div class=\"modal-header\">\r\n<h4 class=\"modal-title\">Englisch beim Einkaufen\/Shopping<\/h4>\r\n<button class=\"close\" type=\"button\" data-dismiss=\"modal\">\u00d7<\/button>\r\n\r\n<\/div>\r\n<!-- Modal body -->\r\n<div class=\"modal-body\"><img decoding=\"async\" class=\"img-responsive img-rounded\" title=\"Englisch beim Einkaufen\" src=\"https:\/\/english-munich.de\/training\/wp-content\/uploads\/2021\/05\/English-for-shopping-min.jpg\" alt=\"Englisch-beim-Einkaufen\"><\/div>\r\n<!-- Modal footer -->\r\n<div class=\"modal-footer\"><button class=\"btn btn-danger\" type=\"button\" data-dismiss=\"modal\">Close<\/button><\/div>\r\n<\/div>\r\n<\/div>\r\n<\/div>\r\n\r\n\r\n\r\n<div class=\"container well\">\r\n<h1>Englisch beim Einkaufen &#8211; Englisch beim Shopping<\/h1>\r\n\r\nWas w\u00e4re ein Urlaub ohne die typischen Shoppingtouren? Damit Du auch beim Einkaufen auf <i class=\"text-danger\">Englisch<\/i> eine gute Figur machst brauchst Du das entsprechende Vokabular. Au\u00dferdem kannst Du als Dolmetscher f\u00fcr Deine Freunde gl\u00e4nzen, die sich mit Englisch ein wenig schwerer tun. Auf alle F\u00e4lle bereichern <a href=\"https:\/\/de.wiktionary.org\/wiki\/idiomatisch\" title=\"was ist idiomatisch?\">idiomatisches<\/a> Englisch das Einkaufserlebnis im Urlaub enorm.\r\n\r\n<h2>Betreten des Ladens<\/h2>\r\nSchon beim Betreten eines Gesch\u00e4fts werden die Weichen f\u00fcr das Shoppinerlebnis gestellt. Mit gekonntem Englisch h\u00e4lst Du l\u00e4stiges Ladenpersonal in Schach. Wenn Du verstehst, worum es geht kannst Du auch mit den Angestellten des Gesch\u00e4fts besser <a href=\"https:\/\/de.wikipedia.org\/wiki\/Kommunikation\" title=\"was ist Kommunikation?\">kommunizieren<\/a>. Die nachstehenden <i class=\"text-danger\">Standards<\/i>, werden Dir beim Einkaufen auf Englisch wahrscheinlich begegnen:<br \/><button id=\"submitButton5\" class=\"btn-lg btn-info\" type=\"button\" value=\"submit\" data-toggle=\"modal\" data-target=\"#myModal1\">Tipp <i class=\"fa fa-eye\" aria-hidden=\"true\"><\/i><\/button>\r\n<ul class=\"ulpadding\">\r\n<li>What can I do for you?<\/li>\r\n<li>How can I help you?<\/li>\r\n<li>Are you looking for something particular?<\/li>\r\n<li>Do you already know what you want?<\/li>\r\n<li>Are you looking for something special?<\/li>\r\n<li>Is there anything specific you like?<\/li>\r\n<\/ul>\r\n\r\n<h2>Mit dem Ladenpersonal reden.<\/h2>\r\nDu hast verstanden was der Angetellte will. Das ist der erste Schritt. Jetzt musst Du antworten. Dies ist ebenfalls ein kritischer Moment. Je besser Du Dein Begehr artikulieren kannst, desto besser wirst Du bedient. In diesem Zusammenhang helfen Dir die folgenden <i class=\"text-danger\">Ausdr\u00fccke<\/i> weiter:\r\n<ul class=\"ulpadding\">\r\n<li>I&#8217;m just browsing <i>&#8222;Ich schau nur.&#8220;<\/i><\/li>\r\n<li>I this the electronics department?<\/li>\r\n<li>Where can I find pants?<\/i>\r\n<li>Do you have books?<\/i>\r\n<li>I need envelopes.<\/i>\r\n<li>Do you have any special offers?<\/li>\r\n<li>I wonder if you could help me?<\/i>\r\n<\/ul>\r\n\r\n<h2>Sonderw\u00fcnsche<\/h2>\r\nNat\u00fcrlich gibt man sich nicht mit dem Erstbesten zufrieden. Mann\/Frau von Welt will zeigen, dass er\/sie raffiniert ist und sich auskennt. Mit den nachstehenden Standards h\u00e4lst Du Ladenschwengel auch auf <i class=\"text-danger\">Englisch<\/i> auf Trab:\r\n<ul class=\"ulpadding\">\r\n<li>Do you have another color\/size\/variant\/material?<\/li>\r\n<li>Is it made of leather, silk, metal?<\/li>\r\n<li>Is it vegan\/gluten free\/ organic?<\/i>\r\n<li>Can I bring it back if my husband doesn&#8217;t like it?<\/i>\r\n<li>Is it made in China?<\/i>\r\n<li>How long is the warranty?<\/i>\r\n<li>Can I get a discount?<\/i>\r\n<\/ul>\r\n<h2>Antwort Ladenpersonal Sonderw\u00fcnsche<\/h2>\r\nDie Ladenmitarbeiter sind auch nicht von gestern. Meist haben Sie auf Deine extravaganten Sonderw\u00fcnsche eine schlagfertige Antwort. Damit auch in dieser Situation auf Englisch gl\u00e4nzen kannst sollten Dir folgende <i class=\"text-danger\">Ausdr\u00fccke<\/i> gel\u00e4ufig sein.\r\n<ul class=\"ulpadding\">\r\n<li>I am sorry, wer are out of stock.<\/li>\r\n<li>I am sorry that&#8217;s the last one.<\/li>\r\n<li>You are in luck it&#8217;s on offer.<\/li>\r\n<li>Sure, you can get a discount.<\/li>\r\n<li>If you buy three you will get one free.<\/li>\r\n<li>I will ask in the warehouse.<\/i>\r\n<\/ul>\r\n\r\n<h2>Bezahlen<\/h2>\r\nSchlie\u00dflich geht es ans Bezahlen. Denn auch im Ausland ist nichts umsonst. Um auch an der Kasse eine gute Figur zu machen brauchst Du auf Englisch folgende Phrasen: \r\n\r\n<ul class=\"ulpadding\">\r\n<li>I am sorry. I don&#8217;t have any small change.<\/li>\r\n<li>I only carry large denomination. <i>Ich habe nur gro\u00dfe Scheine bei mir.<\/i><\/li>\r\n<li>Can I pay cash?<\/i>\r\n<li>Can I pay in Bitcoin?<\/i>\r\n<li>What&#8217;s with my cashback?<\/i>\r\n<li>What about a bag?<\/i>\r\n<li>Do you have epay?<\/i>\r\n<\/ul><br \/>\r\n<h3>\u00dcbungen:<\/h3>\r\n<div id=\"newContainer\" class=\"container\">\r\n<h3>Klicke auf die richtige Option:<\/h3>\r\n<hr>\r\n\r\n  <h4 id=\"headline\"><\/h4>\r\n  <br>\r\n  \r\n    <div id =\"carda\" class=\"card-body\"><\/div>\r\n  \r\n  <br \/>\r\n  \r\n    <div id=\"cardb\" class=\"card-body\"><\/div>\r\n   <br \/>\r\n  <div class=\"progress\">\r\n  <div id=\"myProgress\">\r\n  <div id=\"progress\"><\/div>\r\n  <\/div><\/div>\r\n  <p id=\"myText\"><\/p>\r\n\r\n\r\n<button id=\"reset4\" class=\"btn-lg btn-danger\"  onclick=\"refreshPage()\">Nochmal<i class=\"fa fa-refresh\" aria-hidden=\"true\"><\/i><\/button>\r\n<br \/><br \/>\r\n<h3>Ziehe die richtige Option in die grauen Felder:<\/h3>\r\n<hr>\r\n<br \/>\r\n<div id=\"supercontainer\">\r\n      <div id=\"answer-container3\">\r\n        <ul id='liste'>\r\n          <li class=\"drop1\" data-id=\"reference\">Is it made in the US?<\/li>\r\n          <li class=\"drop1\" data-id=\"marker\">We&#8217;re out of stock.<\/li>\r\n          <li class=\"drop1\" data-id=\"reference\">Does it come in gold, too?<\/li>\r\n          <li class=\"drop1\" data-id=\"bye\">Do you have epay?<\/li>\r\n          <li class=\"drop1\" data-id=\"einleitung\">I&#8217;m just browsing.<\/li>\r\n          <li class=\"drop1\" data-id=\"bye\">I only have large bills.<\/li>\r\n          <li class=\"drop1\" data-id=\"einleitung\">I need new shoes.<\/li>\r\n          <li class=\"drop1\" data-id=\"einleitung\">Do you sell pencils?<\/li>\r\n          <li class=\"drop1\" data-id=\"bye\">Cash or plastic?<\/li>\r\n           <li class=\"drop1\" data-id=\"marker\">It&#8217;s the last one.<\/li>\r\n          <li class=\"drop1\" data-id=\"reference\">I need a different size.<\/li>\r\n          <li class=\"drop1\" data-id=\"greeting\">What can I do for you?<\/li>\r\n          <li class=\"drop1\" data-id=\"reference\">Is there another model?<\/li>\r\n          <li class=\"drop1\" data-id=\"greeting\">How can I help you?<\/li>\r\n          <li class=\"drop1\" data-id=\"bye\">Can I pay cash?<\/li>\r\n        <\/ul>\r\n      <\/div>\r\n      <div class=\"flexed3\">\r\n        <label>Betreten des Ladens\r\n          <div class=\"flexirex2\">\r\n            <ul class='ziel3' id=\"container0\" data-id=\"greeting\"><\/ul>\r\n          <\/div>\r\n        <\/label>\r\n        <label>Anliegen \u00e4u\u00dfern\r\n          <div class=\"flexirex2\">\r\n            <ul class='ziel3' id=\"container1\" data-id=\"einleitung\"><\/ul>\r\n          <\/div>\r\n        <\/label>\r\n        <label>Sonderw\u00fcnsche\r\n          <div class=\"flexirex2\">\r\n            <ul class='ziel3' id=\"container2\" data-id=\"reference\"><\/ul>\r\n          <\/div>\r\n        <\/label>\r\n        <label>Antwort Ladenpersonal\r\n          <div class=\"flexirex2\">\r\n            <ul class='ziel3' id=\"container3\" data-id=\"marker\"><\/ul>\r\n          <\/div>\r\n        <\/label>\r\n        <label>Bezahlen\r\n          <div class=\"flexirex2\">\r\n            <ul class='ziel3' id=\"container4\" data-id=\"bye\"><\/ul>\r\n          <\/div>\r\n        <\/label>\r\n      <\/div>\r\n    <\/div>\r\n  <\/div>\r\n  \r\n  <button class=\"btn-success btn-lg\" id=\"submit3\">Pr\u00fcfen<i class=\"fas fa-check\" aria-hidden=\"true\"><\/i>\r\n<\/button> \r\n  <button class=\"btn-info btn-lg\" id=\"ergebnis3\">L\u00f6sungen<i class=\"fa fa-eye\" aria-hidden=\"true\"><\/i>\r\n<\/button> \r\n<button id=\"reset3\" class=\"btn-lg btn-danger\"  onclick=\"refreshPage()\">Nochmal<i class=\"fa fa-refresh\" aria-hidden=\"true\"><\/i><\/button><br \/><br \/>\r\n<h3>Ziehe die richtige Option in die L\u00fccken:<\/h3>\r\n<hr>\r\n<br \/>\r\n<div class = \"container\" id=\"limit\">\r\n<div class=\"container\" id=\"answer-container\">\r\n<ul id=\"answer-container1\">\r\n  <li  class=\"drop\" id=\"3\">What can I do for you?<\/li>\r\n  <li  class=\"drop\" id=\"6\">warehouse<\/li>\r\n  <li  class=\"drop\" id=\"0\">I need new shoes<\/li>\r\n  <li  class=\"drop\" id=\"1\">luck<\/li>\r\n  <li  class=\"drop\" id=\"2\">What a shame<\/li>\r\n  <li  class=\"drop\" id=\"4\">size 45<\/li>\r\n  <li  class=\"drop\" id=\"5\">Actually, yes<\/li>\r\n  <li  class=\"drop\" id=\"7\">stock<\/li>\r\n<\/ul>\r\n<\/div><br \/>\r\n<div id=\"test-container\" class=\"flexed1\">\r\n<div class=\"table\">\r\n<div class=\"table-row\">\r\n<div class=\"table-cell border ziel\"id=\"drop0\">\r\n  <ul class=\"ziel1\" ><\/ul>\r\n<\/div><div class=\"table-cell\" id=\"result0\"><\/div>\r\n<div class=\"table-cell\"><\/div>\r\n<\/div>\r\n<div class=\"table-row\">\r\n <div class=\"table-cell border ziel\" id=\"drop1\">\r\n<ul class=\"ziel1\"><\/ul><\/div><div class=\"table-cell\" id=\"result1\"><\/div>\r\n<div class=\"table-cell\">, I need sneakers <\/div>\r\n<div class=\"table-cell border ziel\" id=\"drop2\">\r\n<ul class=\"ziel1\"><\/ul>\r\n<\/div><div class=\"table-cell\" id=\"result2\"><\/div>\r\n<div class=\"table-cell\">.<\/div>\r\n<\/div>\r\n<div class=\"table-row\">\r\n<div class=\"table-cell\">I will have a look in the<\/div>\r\n<div class=\"table-cell border ziel\" id=\"drop3\">\r\n<ul class=\"ziel1\"><\/ul>\r\n<\/div><div class=\"table-cell\">.<\/div><div class=\"table-cell\" id=\"result3\"><\/div>\r\n<\/div>\r\n<div class=\"table-cell\"><\/div>\r\n<div id=\"result2\"><\/div>\r\n<div class=\"table-row\">\r\n<div class=\"table-cell\">I am sorry we are out of <\/div>\r\n<div class=\"table-cell border ziel\" id=\"drop4\">\r\n<ul class=\"ziel1\" ><\/ul>\r\n<\/div><div class=\"table-cell\" id=\"result4\"><\/div>\r\n<div class=\"table-cell\">.<\/div>\r\n<\/div>\r\n<div class=\"table-cell\"><\/div>\r\n<div id=\"result3\"><\/div>\r\n<div class=\"table-cell\"><\/div>\r\n<div id=\"result2\"><\/div>\r\n<div class=\"table-row\">\r\n<div class=\"table-cell border ziel\" id=\"drop5\">\r\n<ul class=\"ziel1\" id=\"item5\"><\/ul>\r\n<\/div><div class=\"table-cell\" id=\"result5\"><\/div><div class=\"table-cell\">.<\/div>\r\n<div class=\"table-cell\">&#8211; May I interest you in something else?<\/div>\r\n<\/div>\r\n<div class=\"table-row\">\r\n<div class=\"table-cell border ziel\" id=\"drop6\">\r\n<ul class=\"ziel1\" id=\"item6\" ><\/ul>\r\n<\/div><div class=\"table-cell\" id=\"result6\"><\/div>\r\n<div class=\"table-cell\">. I need new socks.<\/div>\r\n\r\n<div class=\"table-cell\"><\/div>\r\n<\/div>\r\n<div class=\"table-row\"><div class=\"table-cell\">You are in<\/div>\r\n<div class=\"table-cell border ziel\" id=\"drop7\"><div class=\"table-cell\"><\/div>\r\n<ul class=\"ziel1\" id=\"item6\" ><\/ul>\r\n<\/div><div class=\"table-cell\" id=\"result7\"><\/div>\r\n<div class=\"table-cell\">, we have a special offer.<\/div>\r\n\r\n<div class=\"table-cell\"><\/div>\r\n<\/div>\r\n  <\/div>\r\n<\/div>\r\n<\/div>\r\n<hr>\r\n\r\n<div class=\"container\">\r\n<button class=\"btn-success btn-lg\" id=\"submitButton\">Pr\u00fcfen<i class=\"fas fa-check\" aria-hidden=\"true\"><\/i>\r\n<\/button> \r\n<button id=\"resetButton\" class=\"btn-lg btn-danger\"  onclick=\"refreshPage()\">Nochmal<i class=\"fa fa-refresh\" aria-hidden=\"true\"><\/i><\/button>\r\n\r\n\r\n<\/div>\r\n<\/div>\r\n<hr>\r\n<h4>mehr Alltagsenglisch Themen:<\/h4>\r\n<div id=\"bellows-main-77\" class=\"bellows bellows-nojs bellows-main bellows-source-menu bellows-align-full bellows-skin-vanilla bellows-type-\"><ul id=\"menu-alltagsenglisch\" class=\"bellows-nav\" data-bellows-config=\"main\"><li id=\"menu-item-9816\" class=\"bellows-menu-item bellows-menu-item-type-post_type bellows-menu-item-object-page bellows-menu-item-9816 bellows-item-level-0\"><a  href=\"https:\/\/english-munich.de\/training\/englisch-fuer-das-restaurant\/\" class=\"bellows-target\"><span class=\"bellows-target-title bellows-target-text\">\ud83c\udf74Englisch f\u00fcr das Restaurant<\/span><\/a><\/li>\n<li id=\"menu-item-9847\" class=\"bellows-menu-item bellows-menu-item-type-post_type bellows-menu-item-object-page bellows-menu-item-9847 bellows-item-level-0\"><a  href=\"https:\/\/english-munich.de\/training\/sich-vorstellen-englisch\/\" class=\"bellows-target\"><span class=\"bellows-target-title bellows-target-text\">\ud83e\udd1dsich vorstellen auf  Englisch<\/span><\/a><\/li>\n<li id=\"menu-item-9882\" class=\"bellows-menu-item bellows-menu-item-type-post_type bellows-menu-item-object-page bellows-menu-item-9882 bellows-item-level-0\"><a  href=\"https:\/\/english-munich.de\/training\/fuellwoerter-verbindungswoerter-discourse-markers\/\" class=\"bellows-target\"><span class=\"bellows-target-title bellows-target-text\">\ud83d\udd17F\u00fcllw\u00f6rter \u2013 Verbindungsw\u00f6rter<\/span><\/a><\/li>\n<li id=\"menu-item-9928\" class=\"bellows-menu-item bellows-menu-item-type-post_type bellows-menu-item-object-page bellows-menu-item-9928 bellows-item-level-0\"><a  href=\"https:\/\/english-munich.de\/training\/small-talk-englisch\/\" class=\"bellows-target\"><span class=\"bellows-target-title bellows-target-text\">\ud83d\udcacSmall Talk<\/span><\/a><\/li>\n<li id=\"menu-item-9969\" class=\"bellows-menu-item bellows-menu-item-type-post_type bellows-menu-item-object-page bellows-menu-item-9969 bellows-item-level-0\"><a  href=\"https:\/\/english-munich.de\/training\/nach-dem-weg-fragen-englisch\/\" class=\"bellows-target\"><span class=\"bellows-target-title bellows-target-text\">\ud83e\uddednach dem Weg fragen<\/span><\/a><\/li>\n<li id=\"menu-item-10052\" class=\"bellows-menu-item bellows-menu-item-type-post_type bellows-menu-item-object-page bellows-menu-item-10052 bellows-item-level-0\"><a  href=\"https:\/\/english-munich.de\/training\/englisch-bei-der-einreise-in-die-usa\/\" class=\"bellows-target\"><span class=\"bellows-target-title bellows-target-text\">\ud83e\uddf3Englisch bei der Einreise<\/span><\/a><\/li>\n<li id=\"menu-item-10105\" class=\"bellows-menu-item bellows-menu-item-type-post_type bellows-menu-item-object-page bellows-menu-item-10105 bellows-item-level-0\"><a  href=\"https:\/\/english-munich.de\/training\/englisch-beim-arzt\/\" class=\"bellows-target\"><span class=\"bellows-target-title bellows-target-text\">\ud83d\udc68\u200d\u2695\ufe0fEnglisch beim Arzt<\/span><\/a><\/li>\n<li id=\"menu-item-10139\" class=\"bellows-menu-item bellows-menu-item-type-post_type bellows-menu-item-object-page bellows-menu-item-10139 bellows-item-level-0\"><a  href=\"https:\/\/english-munich.de\/training\/englisch-beim-einkaufen\/\" class=\"bellows-target\"><span class=\"bellows-target-title bellows-target-text\">\ud83d\uded2Englisch beim Einkaufen<\/span><\/a><\/li>\n<li id=\"menu-item-10794\" class=\"bellows-menu-item bellows-menu-item-type-post_type bellows-menu-item-object-page bellows-menu-item-has-children bellows-menu-item-10794 bellows-item-level-0\"><a  href=\"https:\/\/english-munich.de\/training\/redewendungen-sprichwoerter\/\" class=\"bellows-target\"><span class=\"bellows-target-title bellows-target-text\">\ud83d\udcacRedewendungen \u2013 Sprichw\u00f6rter<\/span><button class=\"bellows-subtoggle\" aria-label=\"Toggle Submenu\"><i class=\"bellows-subtoggle-icon-expand fa fa-chevron-down\"><\/i><i class=\"bellows-subtoggle-icon-collapse fa fa-chevron-up\"><\/i><\/button><\/a>\n<ul class=\"bellows-submenu\">\n\t<li id=\"menu-item-10545\" class=\"bellows-menu-item bellows-menu-item-type-post_type bellows-menu-item-object-page bellows-menu-item-10545 bellows-item-level-1\"><a  href=\"https:\/\/english-munich.de\/training\/idiomatische-redewendungen-sprichwoerter-englisch-uebungen-tiere\/\" class=\"bellows-target\"><span class=\"bellows-target-title bellows-target-text\">\u2611\ufe0fRedewendungen \u2013 Sprichw\u00f6rter  \u2013 Tiere<\/span><\/a><\/li>\n\t<li id=\"menu-item-10557\" class=\"bellows-menu-item bellows-menu-item-type-post_type bellows-menu-item-object-page bellows-menu-item-10557 bellows-item-level-1\"><a  href=\"https:\/\/english-munich.de\/training\/idiomatische-redewendungen-sprichwoerter-englisch-uebungen-tiere-2\/\" class=\"bellows-target\"><span class=\"bellows-target-title bellows-target-text\">\u2611\ufe0fRedewendungen &#8211; Sprichw\u00f6rter \u2013 Tiere II<\/span><\/a><\/li>\n\t<li id=\"menu-item-10568\" class=\"bellows-menu-item bellows-menu-item-type-post_type bellows-menu-item-object-page bellows-menu-item-10568 bellows-item-level-1\"><a  href=\"https:\/\/english-munich.de\/training\/idiomatische-redewendungen-sprichwoerter-englisch-uebungen-tiere-iii\/\" class=\"bellows-target\"><span class=\"bellows-target-title bellows-target-text\">\u2611\ufe0fRedewendungen &#8211; Sprichw\u00f6rter \u2013 Tiere III<\/span><\/a><\/li>\n\t<li id=\"menu-item-10580\" class=\"bellows-menu-item bellows-menu-item-type-post_type bellows-menu-item-object-page bellows-menu-item-10580 bellows-item-level-1\"><a  href=\"https:\/\/english-munich.de\/training\/idiomatische-redewendungen-sprichwoerter-englisch-uebungen-tiere-3\/\" class=\"bellows-target\"><span class=\"bellows-target-title bellows-target-text\">\u2611\ufe0fRedewendungen &#8211; Sprichw\u00f6rter \u2013 Tiere IV<\/span><\/a><\/li>\n\t<li id=\"menu-item-10596\" class=\"bellows-menu-item bellows-menu-item-type-post_type bellows-menu-item-object-page bellows-menu-item-10596 bellows-item-level-1\"><a  href=\"https:\/\/english-munich.de\/training\/idiomatische-redewendungen-sprichwoerter-englisch-uebungen-tiere-4\/\" class=\"bellows-target\"><span class=\"bellows-target-title bellows-target-text\">\u2611\ufe0fRedewendungen &#8211; Sprichw\u00f6rter \u2013 Tiere V<\/span><\/a><\/li>\n\t<li id=\"menu-item-10605\" class=\"bellows-menu-item bellows-menu-item-type-post_type bellows-menu-item-object-page bellows-menu-item-10605 bellows-item-level-1\"><a  href=\"https:\/\/english-munich.de\/training\/idiomatische-redewendungen-sprichwoerter-englisch-uebungen-tiere-5\/\" class=\"bellows-target\"><span class=\"bellows-target-title bellows-target-text\">\u2611\ufe0fRedewendungen &#8211; Sprichw\u00f6rter \u2013 Tiere VI<\/span><\/a><\/li>\n\t<li id=\"menu-item-10686\" class=\"bellows-menu-item bellows-menu-item-type-post_type bellows-menu-item-object-page bellows-menu-item-10686 bellows-item-level-1\"><a  href=\"https:\/\/english-munich.de\/training\/kreuzwortraestel-redewendungen-tiere-englisch\/\" class=\"bellows-target\"><span class=\"bellows-target-title bellows-target-text\">\ud83d\udd33Kreuzwortr\u00e4stel \u2013 Redewendungen \u2013 Tiere \u2013 Englisch<\/span><\/a><\/li>\n\t<li id=\"menu-item-10685\" class=\"bellows-menu-item bellows-menu-item-type-post_type bellows-menu-item-object-page bellows-menu-item-10685 bellows-item-level-1\"><a  href=\"https:\/\/english-munich.de\/training\/kreuzwortraestel-redewendungen-tiere-englisch-ii\/\" class=\"bellows-target\"><span class=\"bellows-target-title bellows-target-text\">\ud83d\udd33Kreuzwortr\u00e4stel \u2013 Redewendungen \u2013 Tiere \u2013 Englisch II<\/span><\/a><\/li>\n\t<li id=\"menu-item-10684\" class=\"bellows-menu-item bellows-menu-item-type-post_type bellows-menu-item-object-page bellows-menu-item-10684 bellows-item-level-1\"><a  href=\"https:\/\/english-munich.de\/training\/kreuzwortraestel-redewendungen-tiere-englisch-iii\/\" class=\"bellows-target\"><span class=\"bellows-target-title bellows-target-text\">\ud83d\udd33Kreuzwortr\u00e4stel \u2013 Redewendungen \u2013 Tiere \u2013 Englisch III<\/span><\/a><\/li>\n\t<li id=\"menu-item-10612\" class=\"bellows-menu-item bellows-menu-item-type-post_type bellows-menu-item-object-page bellows-menu-item-10612 bellows-item-level-1\"><a  href=\"https:\/\/english-munich.de\/training\/matching-game-idiomatische-redewendungen-sprichwoerter-tiere\/\" class=\"bellows-target\"><span class=\"bellows-target-title bellows-target-text\">\ud83e\udde6Matching game \u2013 Redewendungen  \/ Sprichw\u00f6rter \u2013 Tiere<\/span><\/a><\/li>\n\t<li id=\"menu-item-10626\" class=\"bellows-menu-item bellows-menu-item-type-post_type bellows-menu-item-object-page bellows-menu-item-10626 bellows-item-level-1\"><a  href=\"https:\/\/english-munich.de\/training\/idiomatische-redewendungen-sprichwoerter-englisch-uebungen-werkzeuge\/\" class=\"bellows-target\"><span class=\"bellows-target-title bellows-target-text\">\u2611\ufe0fRedewendungen &#8211; Sprichw\u00f6rter \u2013 Werkzeuge I<\/span><\/a><\/li>\n\t<li id=\"menu-item-10636\" class=\"bellows-menu-item bellows-menu-item-type-post_type bellows-menu-item-object-page bellows-menu-item-10636 bellows-item-level-1\"><a  href=\"https:\/\/english-munich.de\/training\/idiomatische-redewendungen-sprichwoerter-englisch-uebungen-werkzeuge-2\/\" class=\"bellows-target\"><span class=\"bellows-target-title bellows-target-text\">\u2611\ufe0fRedewendungen &#8211; Sprichw\u00f6rter \u2013 Werkzeuge II<\/span><\/a><\/li>\n\t<li id=\"menu-item-10653\" class=\"bellows-menu-item bellows-menu-item-type-post_type bellows-menu-item-object-page bellows-menu-item-10653 bellows-item-level-1\"><a  href=\"https:\/\/english-munich.de\/training\/idiomatische-redewendungen-sprichwoerter-englisch-uebungen-werkzeuge-3\/\" class=\"bellows-target\"><span class=\"bellows-target-title bellows-target-text\">\u2611\ufe0fRedewendungen &#8211; Sprichw\u00f6rter \u2013 Werkzeuge III<\/span><\/a><\/li>\n\t<li id=\"menu-item-10671\" class=\"bellows-menu-item bellows-menu-item-type-post_type bellows-menu-item-object-page bellows-menu-item-10671 bellows-item-level-1\"><a  href=\"https:\/\/english-munich.de\/training\/idiomatische-redewendungen-sprichwoerter-englisch-uebungen-werkzeuge-4\/\" class=\"bellows-target\"><span class=\"bellows-target-title bellows-target-text\">\u2611\ufe0fRedewendungen &#8211; Sprichw\u00f6rter \u2013 Werkzeuge IV<\/span><\/a><\/li>\n\t<li id=\"menu-item-10721\" class=\"bellows-menu-item bellows-menu-item-type-post_type bellows-menu-item-object-page bellows-menu-item-10721 bellows-item-level-1\"><a  href=\"https:\/\/english-munich.de\/training\/idiomatische-redewendungen-sprichwoerter-englisch-uebungen-werkzeuge-5\/\" class=\"bellows-target\"><span class=\"bellows-target-title bellows-target-text\">\u2611\ufe0fRedewendungen &#8211; Sprichw\u00f6rter \u2013 Werkzeuge V<\/span><\/a><\/li>\n\t<li id=\"menu-item-10736\" class=\"bellows-menu-item bellows-menu-item-type-post_type bellows-menu-item-object-page bellows-menu-item-10736 bellows-item-level-1\"><a  href=\"https:\/\/english-munich.de\/training\/idiomatische-redewendungen-sprichwoerter-englisch-uebungen-werkzeuge-6\/\" class=\"bellows-target\"><span class=\"bellows-target-title bellows-target-text\">\u2611\ufe0fRedewendungen &#8211; Sprichw\u00f6rter \u2013 Werkzeuge VI<\/span><\/a><\/li>\n\t<li id=\"menu-item-10746\" class=\"bellows-menu-item bellows-menu-item-type-post_type bellows-menu-item-object-page bellows-menu-item-10746 bellows-item-level-1\"><a  href=\"https:\/\/english-munich.de\/training\/kreuzwortraestel-redewendungen-werkzeuge-englisch-3\/\" class=\"bellows-target\"><span class=\"bellows-target-title bellows-target-text\">\ud83d\udd33Kreuzwortr\u00e4stel &#8211; Redewendungen \u2013 Werkzeuge  \u2013 Englisch<\/span><\/a><\/li>\n\t<li id=\"menu-item-10747\" class=\"bellows-menu-item bellows-menu-item-type-post_type bellows-menu-item-object-page bellows-menu-item-10747 bellows-item-level-1\"><a  href=\"https:\/\/english-munich.de\/training\/kreuzwortraestel-redewendungen-werkzeuge-englisch-2\/\" class=\"bellows-target\"><span class=\"bellows-target-title bellows-target-text\">\ud83d\udd33Kreuzwortr\u00e4stel &#8211; Redewendungen \u2013 Werkzeuge \u2013 Englisch II<\/span><\/a><\/li>\n\t<li id=\"menu-item-10748\" class=\"bellows-menu-item bellows-menu-item-type-post_type bellows-menu-item-object-page bellows-menu-item-10748 bellows-item-level-1\"><a  href=\"https:\/\/english-munich.de\/training\/kreuzwortraestel-redewendungen-werkzeuge-englisch\/\" class=\"bellows-target\"><span class=\"bellows-target-title bellows-target-text\">\ud83d\udd33Kreuzwortr\u00e4stel- Redewendungen \u2013 Werkzeuge \u2013 Englisch III<\/span><\/a><\/li>\n\t<li id=\"menu-item-10784\" class=\"bellows-menu-item bellows-menu-item-type-post_type bellows-menu-item-object-page bellows-menu-item-10784 bellows-item-level-1\"><a  href=\"https:\/\/english-munich.de\/training\/matching-game-idiomatische-redewendungen-sprichwoerter-werkzeug\/\" class=\"bellows-target\"><span class=\"bellows-target-title bellows-target-text\">\ud83e\udde6Matching game \u2013 Redewendungen  \/ Sprichw\u00f6rter \u2013 Werkzeug<\/span><\/a><\/li>\n<\/ul>\n<\/li>\n<\/ul><\/div>\r\n<hr>","protected":false},"excerpt":{"rendered":"Englisch beim Einkaufen\/Shopping \u00d7 Close Englisch beim Einkaufen &#8211; Englisch beim Shopping Was w\u00e4re ein Urlaub ohne die typischen Shoppingtouren? Damit Du auch beim Einkaufen auf Englisch eine gute Figur machst brauchst Du das entsprechende Vokabular. Au\u00dferdem kannst Du als Dolmetscher f\u00fcr Deine Freunde gl\u00e4nzen, die sich mit Englisch ein wenig schwerer tun. Auf alle [&hellip;]","protected":false},"author":3,"featured_media":0,"parent":0,"menu_order":0,"comment_status":"closed","ping_status":"closed","template":"","meta":[],"_links":{"self":[{"href":"https:\/\/english-munich.de\/training\/wp-json\/wp\/v2\/pages\/10116"}],"collection":[{"href":"https:\/\/english-munich.de\/training\/wp-json\/wp\/v2\/pages"}],"about":[{"href":"https:\/\/english-munich.de\/training\/wp-json\/wp\/v2\/types\/page"}],"author":[{"embeddable":true,"href":"https:\/\/english-munich.de\/training\/wp-json\/wp\/v2\/users\/3"}],"replies":[{"embeddable":true,"href":"https:\/\/english-munich.de\/training\/wp-json\/wp\/v2\/comments?post=10116"}],"version-history":[{"count":16,"href":"https:\/\/english-munich.de\/training\/wp-json\/wp\/v2\/pages\/10116\/revisions"}],"predecessor-version":[{"id":10200,"href":"https:\/\/english-munich.de\/training\/wp-json\/wp\/v2\/pages\/10116\/revisions\/10200"}],"wp:attachment":[{"href":"https:\/\/english-munich.de\/training\/wp-json\/wp\/v2\/media?parent=10116"}],"curies":[{"name":"wp","href":"https:\/\/api.w.org\/{rel}","templated":true}]}}