{"id":5716,"date":"2015-06-27T06:49:45","date_gmt":"2015-06-27T05:49:45","guid":{"rendered":"https:\/\/english-munich.de\/blog\/?page_id=5716"},"modified":"2016-11-13T20:28:21","modified_gmt":"2016-11-13T19:28:21","slug":"if-satze","status":"publish","type":"page","link":"https:\/\/english-munich.de\/blog\/if-satze\/","title":{"rendered":"If S\u00e4tze"},"content":{"rendered":"<p>\u00dcbungen, Aufgaben und L\u00f6sungen zum Thema If-S\u00e4tze im Englischen:<\/p>\n<p><a href=\"https:\/\/english-munich.de\/blog\/if-und-when\/\"> <button>if und when Unterschied<\/button><\/a><\/p>\n<p><a href=\"https:\/\/english-munich.de\/blog\/if-satz-typ-1\/\"> <button>If-Satz Typ 1<\/button><\/a> <a href=\"https:\/\/english-munich.de\/blog\/if-satze-typ-2\/\"> <button>If-Satz Typ 2<\/button><\/a> <a href=\"https:\/\/english-munich.de\/blog\/if-satze-typ-3\/\"> <button>If-Satz Typ 3<\/button><\/a><\/p>\n<p><a href=\"https:\/\/english-munich.de\/blog\/if-satz-typ-i-und-ii\/\"> <button>If-Satz Typ 1 und 2 Gegen\u00fcberstellung<\/button><\/a> <a href=\"https:\/\/english-munich.de\/blog\/if-satze-typ-1-2und-3-gegenuberstellung\/\"> <button>If-Satz Typ 1,2 und 3 Gegen\u00fcberstellung<\/button><\/a><\/p>\n<div id=\"attachment_6831\" style=\"width: 754px\" class=\"wp-caption alignnone\"><a href=\"https:\/\/english-munich.de\/blog\/wp-content\/uploads\/2015\/06\/if-s\u00e4tze-Gegen\u00fcberstellung1.png\"><img decoding=\"async\" aria-describedby=\"caption-attachment-6831\" src=\"https:\/\/english-munich.de\/blog\/wp-content\/uploads\/2015\/06\/if-s\u00e4tze-Gegen\u00fcberstellung1.png\" alt=\"If-S\u00e4tze-\u00dcbungen-Aufgaben\" width=\"744\" height=\"558\" class=\"size-full wp-image-6831\" srcset=\"https:\/\/english-munich.de\/blog\/wp-content\/uploads\/2015\/06\/if-s\u00e4tze-Gegen\u00fcberstellung1.png 744w, https:\/\/english-munich.de\/blog\/wp-content\/uploads\/2015\/06\/if-s\u00e4tze-Gegen\u00fcberstellung1-300x225.png 300w, https:\/\/english-munich.de\/blog\/wp-content\/uploads\/2015\/06\/if-s\u00e4tze-Gegen\u00fcberstellung1-624x468.png 624w, https:\/\/english-munich.de\/blog\/wp-content\/uploads\/2015\/06\/if-s\u00e4tze-Gegen\u00fcberstellung1-20x15.png 20w\" sizes=\"(max-width: 744px) 100vw, 744px\" \/><\/a><p id=\"caption-attachment-6831\" class=\"wp-caption-text\">If-S\u00e4tze &#8211; \u00dcbungen, Aufgaben und L\u00f6sungen<\/p><\/div>\n","protected":false},"excerpt":{"rendered":"<p>\u00dcbungen, Aufgaben und L\u00f6sungen zum Thema If-S\u00e4tze im Englischen: if und when Unterschied If-Satz Typ 1 If-Satz Typ 2 If-Satz Typ 3 If-Satz Typ 1 und 2 Gegen\u00fcberstellung If-Satz Typ 1,2 und 3 Gegen\u00fcberstellung<\/p>\n","protected":false},"author":3,"featured_media":0,"parent":0,"menu_order":0,"comment_status":"closed","ping_status":"open","template":"","meta":{"footnotes":"","_links_to":"","_links_to_target":""},"class_list":["post-5716","page","type-page","status-publish","hentry"],"_links":{"self":[{"href":"https:\/\/english-munich.de\/blog\/wp-json\/wp\/v2\/pages\/5716","targetHints":{"allow":["GET"]}}],"collection":[{"href":"https:\/\/english-munich.de\/blog\/wp-json\/wp\/v2\/pages"}],"about":[{"href":"https:\/\/english-munich.de\/blog\/wp-json\/wp\/v2\/types\/page"}],"author":[{"embeddable":true,"href":"https:\/\/english-munich.de\/blog\/wp-json\/wp\/v2\/users\/3"}],"replies":[{"embeddable":true,"href":"https:\/\/english-munich.de\/blog\/wp-json\/wp\/v2\/comments?post=5716"}],"version-history":[{"count":9,"href":"https:\/\/english-munich.de\/blog\/wp-json\/wp\/v2\/pages\/5716\/revisions"}],"predecessor-version":[{"id":6832,"href":"https:\/\/english-munich.de\/blog\/wp-json\/wp\/v2\/pages\/5716\/revisions\/6832"}],"wp:attachment":[{"href":"https:\/\/english-munich.de\/blog\/wp-json\/wp\/v2\/media?parent=5716"}],"curies":[{"name":"wp","href":"https:\/\/api.w.org\/{rel}","templated":true}]}}